{"id":29724,"date":"2024-04-09T22:16:21","date_gmt":"2024-04-09T22:16:21","guid":{"rendered":"https:\/\/cheveuxluxe.com\/index.php\/product\/osmo-apres-shampooing-nourissant-deep-moisture-1l\/"},"modified":"2024-04-13T14:21:33","modified_gmt":"2024-04-13T14:21:33","slug":"osmo-apres-shampooing-nourissant-deep-moisture-1l","status":"publish","type":"product","link":"https:\/\/cheveuxluxe.com\/index.php\/product\/osmo-apres-shampooing-nourissant-deep-moisture-1l\/","title":{"rendered":"Osmo Apr\u00e8s-shampooing Nourissant Deep Moisture 1l"},"content":{"rendered":"<div class=\"product-content_bottom\">\n<div class=\"pdp-info\">\n<div class=\"pdp-tabs tab-container\">\n<div class=\"tab js-tab\">\n<h3 class=\"tab-title pdp-tabs_title js-tab-mobile-title open\"><span>Points cl\u00e9s<\/span><\/h3>\n<div class=\"tab-description pdp-tabs_description js-tab-description open\" itemprop=\"description\">\n<ul>\n<li> Hydratation intense<\/li>\n<li>Anti-frizz<\/li>\n<li>D\u00e9m\u00ealage et douceur<\/li>\n<li>Brillance miroir <\/li>\n<\/ul>\n<\/div>\n<\/div>\n<div class=\"tab js-tab\">\n<h3 class=\"tab-title pdp-tabs_title js-tab-mobile-title\"><span>Description<\/span><\/h3>\n<div class=\"tab-description pdp-tabs_description js-tab-description\" itemprop=\"description\">Les cheveux secs, ternes et cassants ont des besoins sp\u00e9cifiques : Osmo a justement mis au point l\u2019apr\u00e8s-shampooing revitalisant Deep Moisture pour lutter efficacement contre la d\u00e9shydratation et l\u2019affaiblissement de la fibre capillaire. M\u00e9tamorphosez des cheveux secs ou ab\u00eem\u00e9s en une chevelure de r\u00eave !Sa formulation enrichie en panth\u00e9nol hydratant et en huile de patchouli, reconnue pour ses propri\u00e9t\u00e9s naturelles anti-frizz et lissantes, p\u00e9n\u00e8tre la fibre capillaire pour l\u2019hydrater et assurer un contr\u00f4le total des chevelures rebelles tout en facilitant le d\u00e9m\u00ealage. En formant un film protecteur non gras \u00e0 la surface du cheveu, cet apr\u00e8s-shampooing prend soin des cheveux dess\u00e9ch\u00e9s et affaiblis.\u00c9labor\u00e9 \u00e0 base de fleurs d\u2019ylang-ylang, cet apr\u00e8s-shampooing soulage le cuir chevelu, et forme une base saine pour des cheveux \u00e9clatants de beaut\u00e9. Plus lisses et plus doux, les cheveux sont faciles \u00e0 d\u00e9m\u00ealer\u2026et \u00e0 coiffer !<\/div>\n<\/div>\n<div class=\"tab js-tab\">\n<h3 class=\"tab-title pdp-tabs_title js-tab-mobile-title\"><span>Mode d&#8217;emploi<\/span><\/h3>\n<div class=\"tab-description pdp-tabs_description js-tab-description\">Appliquez une dose d\u2019apr\u00e8s-shampooing, m\u00e8che par m\u00e8che, sur l\u2019ensemble des cheveux mouill\u00e9s et essor\u00e9s. Laissez poser 3 minutes avant de rincer abondamment.<\/div>\n<\/div>\n<div class=\"tab js-tab\">\n<h3 class=\"tab-title pdp-tabs_title js-tab-mobile-title\"><span>Ingr\u00e9dients<\/span><\/h3>\n<div class=\"tab-description pdp-tabs_description js-tab-description\">Aqua (Water), Cetyl Alcohol, Cetearyl Alcohol, Cetrimonium Chloride, Diethylhexyl Succinate, Ceteareth-20, Amodimethicone, Hydroxyethylcellulose, Polyquaternium-10, Tetrasodium Edta, Oenocarpus Bataua Fruit Oil (Pataua Oil), Tocopherol, Hydrolyzed Keratin, Parfum (Fragrance), Benzyl Benzoate, Limonene, Citric Acid, Trideceth-12, Sodium Benzoate, Methylchloroisothiazolinone, Methylisothiazolinone, Phenoxyethanol, Potassium Sorbate<\/div>\n<\/div>\n<div class=\"tab js-tab\">\n<h3 class=\"tab-title pdp-tabs_title js-tab-mobile-title\"><span>Livraison et stock<\/span><\/h3>\n<div class=\"tab-description pdp-tabs_description js-tab-description\">\n<div class=\"pdp-delivery_info\">\n<div class=\"content-asset\">Livraison et d\u00e9laisRetours et remboursements<\/div>\n<\/div>\n<\/div>\n<\/div>\n<\/div>\n<\/div>\n<\/div>\n","protected":false},"excerpt":{"rendered":"<p>Points cl\u00e9s Hydratation intense Anti-frizz D\u00e9m\u00ealage et douceur Brillance miroir Description Les cheveux secs, ternes&hellip;<\/p>\n","protected":false},"featured_media":15933,"comment_status":"open","ping_status":"closed","template":"","meta":[],"pwb-brand":[661],"product_cat":[610],"product_tag":[611,385,127],"class_list":{"0":"post-29724","1":"product","2":"type-product","3":"status-publish","4":"has-post-thumbnail","6":"pwb-brand-osmo","7":"product_cat-grands-formats","8":"product_tag-grands-formats","9":"product_tag-osmo","10":"product_tag-shampooing-et-coiffure","12":"first","13":"instock","14":"taxable","15":"shipping-taxable","16":"purchasable","17":"product-type-simple","18":"layout-style-3","19":"col-md-4 col-sm-4 col-xs-6","20":"col-lg-3","21":"product-style-default"},"aioseo_notices":[],"brands":[{"id":661,"name":"Osmo","slug":"osmo"}],"_links":{"self":[{"href":"https:\/\/cheveuxluxe.com\/index.php\/wp-json\/wp\/v2\/product\/29724","targetHints":{"allow":["GET"]}}],"collection":[{"href":"https:\/\/cheveuxluxe.com\/index.php\/wp-json\/wp\/v2\/product"}],"about":[{"href":"https:\/\/cheveuxluxe.com\/index.php\/wp-json\/wp\/v2\/types\/product"}],"replies":[{"embeddable":true,"href":"https:\/\/cheveuxluxe.com\/index.php\/wp-json\/wp\/v2\/comments?post=29724"}],"version-history":[{"count":0,"href":"https:\/\/cheveuxluxe.com\/index.php\/wp-json\/wp\/v2\/product\/29724\/revisions"}],"wp:featuredmedia":[{"embeddable":true,"href":"https:\/\/cheveuxluxe.com\/index.php\/wp-json\/wp\/v2\/media\/15933"}],"wp:attachment":[{"href":"https:\/\/cheveuxluxe.com\/index.php\/wp-json\/wp\/v2\/media?parent=29724"}],"wp:term":[{"taxonomy":"pwb-brand","embeddable":true,"href":"https:\/\/cheveuxluxe.com\/index.php\/wp-json\/wp\/v2\/pwb-brand?post=29724"},{"taxonomy":"product_cat","embeddable":true,"href":"https:\/\/cheveuxluxe.com\/index.php\/wp-json\/wp\/v2\/product_cat?post=29724"},{"taxonomy":"product_tag","embeddable":true,"href":"https:\/\/cheveuxluxe.com\/index.php\/wp-json\/wp\/v2\/product_tag?post=29724"}],"curies":[{"name":"wp","href":"https:\/\/api.w.org\/{rel}","templated":true}]}}