{"id":29729,"date":"2024-04-09T22:16:22","date_gmt":"2024-04-09T22:16:22","guid":{"rendered":"https:\/\/cheveuxluxe.com\/index.php\/product\/osmo-wonder-10-apres-shampooing-avec-bond-builder-400ml\/"},"modified":"2024-04-13T14:27:08","modified_gmt":"2024-04-13T14:27:08","slug":"osmo-wonder-10-apres-shampooing-avec-bond-builder-400ml","status":"publish","type":"product","link":"https:\/\/cheveuxluxe.com\/index.php\/product\/osmo-wonder-10-apres-shampooing-avec-bond-builder-400ml\/","title":{"rendered":"Osmo Wonder 10\u2122 Apr\u00e8s-Shampooing avec Bond Builder 400ml"},"content":{"rendered":"<div class=\"product-content_bottom\">\n<div class=\"pdp-info\">\n<div class=\"pdp-tabs tab-container\">\n<div class=\"tab js-tab\">\n<h3 class=\"tab-title pdp-tabs_title js-tab-mobile-title open\"><span>Points cl\u00e9s<\/span><\/h3>\n<div class=\"tab-description pdp-tabs_description js-tab-description open\" itemprop=\"description\">\n<ul>\n<li>Formule intens\u00e9ment hydratante.<\/li>\n<li>Avec technologie Fibre Bond.<\/li>\n<li>Aide \u00e0 renforcer et r\u00e9parer les cheveux.<\/li>\n<li>Formule l\u00e9g\u00e8re.<\/li>\n<li>Aide \u00e0 raviver l\u2019\u00e9clat.<\/li>\n<\/ul>\n<\/div>\n<\/div>\n<div class=\"tab js-tab\">\n<h3 class=\"tab-title pdp-tabs_title js-tab-mobile-title\"><span>Description<\/span><\/h3>\n<div class=\"tab-description pdp-tabs_description js-tab-description\" itemprop=\"description\">Intens\u00e9ment hydratant, cet apr\u00e8s-shampooing soin est formul\u00e9 pour aider \u00e0 nourrir et prot\u00e9ger les cheveux secs et ab\u00eem\u00e9s, de la racine jusqu\u2019aux pointes. Cette formule l\u00e9g\u00e8re \u00e0 la technologie OSMO\u00ae Fibre Bond renforce et r\u00e9pare les cheveux tout en leur apportant un \u00e9clat et un volume naturel exceptionnels \u00e0 chaque application.<\/div>\n<\/div>\n<div class=\"tab js-tab\">\n<h3 class=\"tab-title pdp-tabs_title js-tab-mobile-title\"><span>Mode d&#8217;emploi<\/span><\/h3>\n<div class=\"tab-description pdp-tabs_description js-tab-description\">Laver les cheveux et les essorer \u00e0 l\u2019aide d&rsquo;une serviette. Appliquer uniform\u00e9ment, en insistant sur les longueurs et les pointes. Peigner les cheveux pour r\u00e9partir le produit. Laisser poser pendant environ 1 \u00e0 3 minutes avant de rincer soigneusement.<\/div>\n<\/div>\n<div class=\"tab js-tab\">\n<h3 class=\"tab-title pdp-tabs_title js-tab-mobile-title\"><span>Ingr\u00e9dients<\/span><\/h3>\n<div class=\"tab-description pdp-tabs_description js-tab-description\">Aqua (Water), Cetearyl Alcohol, Distearoylethyl Dimonium Chloride, Cetyl Alcohol, Stearamidopropyl Dimethylamine, Hydrolyzed Vegetable Protein PG-Propyl Silanetriol, Amodimethicone, Bertholletia Excelsa (Brazil Nut) Seed Oil, Hydrolyzed Wheat Protein PG-Propyl Silanetriol, Helianthus Annuus (Sunflower) Seed Extract, Hydrolyzed Wheat Protein, Hydrolyzed Wheat Starch, Quaternium-80, Polysilicone-18 Cetyl Phosphate, Butylene Glycol, Trideceth-12, Cetrimonium Chloride, Disodium EDTA, Hydrolyzed Soy Protein, Parfum (Fragrance), Alpha-isomethyl Ionone, Linalool, Citric Acid, Potassium Sorbate, Triethylene Glycol, Phenoxyethanol, Sodium Benzoate<\/div>\n<\/div>\n<div class=\"tab js-tab\">\n<h3 class=\"tab-title pdp-tabs_title js-tab-mobile-title\"><span>Livraison et stock<\/span><\/h3>\n<div class=\"tab-description pdp-tabs_description js-tab-description\">\n<div class=\"pdp-delivery_info\">\n<div class=\"content-asset\">Livraison et d\u00e9laisRetours et remboursements<\/div>\n<\/div>\n<\/div>\n<\/div>\n<div class=\"tab js-tab\">\n<h3 class=\"tab-title pdp-tabs_title js-tab-mobile-title\"><span>Pr\u00e9cautions d&#8217;emploi<\/span><\/h3>\n<div class=\"tab-description pdp-tabs_description js-tab-description\">Pour usage externe uniquement. \u00c9viter tout contact avec les yeux.<\/div>\n<\/div>\n<\/div>\n<\/div>\n<\/div>\n","protected":false},"excerpt":{"rendered":"<p>Points cl\u00e9s Formule intens\u00e9ment hydratante. Avec technologie Fibre Bond. Aide \u00e0 renforcer et r\u00e9parer les&hellip;<\/p>\n","protected":false},"featured_media":20666,"comment_status":"open","ping_status":"closed","template":"","meta":[],"pwb-brand":[661],"product_cat":[617],"product_tag":[274,385,273],"class_list":{"0":"post-29729","1":"product","2":"type-product","3":"status-publish","4":"has-post-thumbnail","6":"pwb-brand-osmo","7":"product_cat-coiffure","8":"product_tag-coiffure","9":"product_tag-osmo","10":"product_tag-vegan","12":"first","13":"instock","14":"taxable","15":"shipping-taxable","16":"purchasable","17":"product-type-simple","18":"layout-style-3","19":"col-md-4 col-sm-4 col-xs-6","20":"col-lg-3","21":"product-has-gallery","22":"product-style-default"},"aioseo_notices":[],"brands":[{"id":661,"name":"Osmo","slug":"osmo"}],"_links":{"self":[{"href":"https:\/\/cheveuxluxe.com\/index.php\/wp-json\/wp\/v2\/product\/29729","targetHints":{"allow":["GET"]}}],"collection":[{"href":"https:\/\/cheveuxluxe.com\/index.php\/wp-json\/wp\/v2\/product"}],"about":[{"href":"https:\/\/cheveuxluxe.com\/index.php\/wp-json\/wp\/v2\/types\/product"}],"replies":[{"embeddable":true,"href":"https:\/\/cheveuxluxe.com\/index.php\/wp-json\/wp\/v2\/comments?post=29729"}],"version-history":[{"count":0,"href":"https:\/\/cheveuxluxe.com\/index.php\/wp-json\/wp\/v2\/product\/29729\/revisions"}],"wp:featuredmedia":[{"embeddable":true,"href":"https:\/\/cheveuxluxe.com\/index.php\/wp-json\/wp\/v2\/media\/20666"}],"wp:attachment":[{"href":"https:\/\/cheveuxluxe.com\/index.php\/wp-json\/wp\/v2\/media?parent=29729"}],"wp:term":[{"taxonomy":"pwb-brand","embeddable":true,"href":"https:\/\/cheveuxluxe.com\/index.php\/wp-json\/wp\/v2\/pwb-brand?post=29729"},{"taxonomy":"product_cat","embeddable":true,"href":"https:\/\/cheveuxluxe.com\/index.php\/wp-json\/wp\/v2\/product_cat?post=29729"},{"taxonomy":"product_tag","embeddable":true,"href":"https:\/\/cheveuxluxe.com\/index.php\/wp-json\/wp\/v2\/product_tag?post=29729"}],"curies":[{"name":"wp","href":"https:\/\/api.w.org\/{rel}","templated":true}]}}