{"id":29756,"date":"2024-04-09T22:17:19","date_gmt":"2024-04-09T22:17:19","guid":{"rendered":"https:\/\/cheveuxluxe.com\/index.php\/product\/lome-paris-couleur-cleanditioner-250ml\/"},"modified":"2024-04-13T14:14:05","modified_gmt":"2024-04-13T14:14:05","slug":"lome-paris-couleur-cleanditioner-250ml","status":"publish","type":"product","link":"https:\/\/cheveuxluxe.com\/index.php\/product\/lome-paris-couleur-cleanditioner-250ml\/","title":{"rendered":"L\u00f4m\u00e9 Paris Couleur Cleanditioner 250ml"},"content":{"rendered":"<div class=\"product-content_bottom\">\n<div class=\"pdp-info\">\n<div class=\"pdp-tabs tab-container\">\n<div class=\"tab js-tab\">\n<h3 class=\"tab-title pdp-tabs_title js-tab-mobile-title open\"><span>Points cl\u00e9s<\/span><\/h3>\n<div class=\"tab-description pdp-tabs_description js-tab-description open\" itemprop=\"description\">\n<ul>\n<li>Enrichi \u00e0 la k\u00e9ratine, \u00e0 l\u2019acide hyaluronique et \u00e0 l\u2019huile de carthame<\/li>\n<li>Permet de laver et soigner les cheveux color\u00e9s en douceur et en un seul geste<\/li>\n<li>Sans sulfate et parab\u00e8ne<\/li>\n<\/ul>\n<\/div>\n<\/div>\n<div class=\"tab js-tab\">\n<h3 class=\"tab-title pdp-tabs_title js-tab-mobile-title\"><span>Description<\/span><\/h3>\n<div class=\"tab-description pdp-tabs_description js-tab-description\" itemprop=\"description\">Cet cr\u00e8me nettoyante enrichi \u00e0 la k\u00e9ratine, \u00e0 l\u2019acide hyaluronique et \u00e0 l\u2019huile de carthame permet de laver et soigner les cheveux color\u00e9s en douceur et en un seul geste.<br \/>Sans sulfate et parab\u00e8ne.<\/div>\n<\/div>\n<div class=\"tab js-tab\">\n<h3 class=\"tab-title pdp-tabs_title js-tab-mobile-title\"><span>Mode d&#8217;emploi<\/span><\/h3>\n<div class=\"tab-description pdp-tabs_description js-tab-description\">Appliquez uniform\u00e9ment sur les cheveux mouill\u00e9s et laissez poser pendant 1-3 minutes.<br \/>Rincez abondamment.<\/div>\n<\/div>\n<div class=\"tab js-tab\">\n<h3 class=\"tab-title pdp-tabs_title js-tab-mobile-title\"><span>Ingr\u00e9dients<\/span><\/h3>\n<div class=\"tab-description pdp-tabs_description js-tab-description\">AQUA, CETYL ALCOHOL, DECYL GLUCOSIDE, BEHENTRIMONIUM CHLORIDE, CARTHAMUS TINCTORIUS SEED OIL, LUCONOLACTONE, ORYZA SATIVA EXTRACT, ORYZA SATIVA SEED PROTEIN, PHYTIC ACID, SODIUM HYALURONATE, CALCIUM GLUCONATE, HYDROLYZED KERATIN, COCAMIDOPROPYL BETAINE, DIPROPYLENE GLYCOL, GLYCERIN, ISOPROPYL ALCOHOL, PALMITAMIDOPROPYLTRIMONIUM CHLORIDE, POLYGLYCERYL-3 CAPRATE, PROPYLENE GLYCOL, SILICONE QUATERNIUM-22, BENZOPHENONE-4, PARFUM, CITRIC ACID, TRIETHANOLAMINE, CAPRYLYL GLYCOL, PHENOXYETHANOL, SODIUM BENZOATE.<\/div>\n<\/div>\n<div class=\"tab js-tab\">\n<h3 class=\"tab-title pdp-tabs_title js-tab-mobile-title\"><span>Livraison et stock<\/span><\/h3>\n<div class=\"tab-description pdp-tabs_description js-tab-description\">\n<div class=\"pdp-delivery_info\">\n<div class=\"content-asset\">Livraison et d\u00e9laisRetours et remboursements<\/div>\n<\/div>\n<\/div>\n<\/div>\n<div class=\"tab js-tab\">\n<h3 class=\"tab-title pdp-tabs_title js-tab-mobile-title\"><span>Pr\u00e9cautions d&#8217;emploi<\/span><\/h3>\n<div class=\"tab-description pdp-tabs_description js-tab-description\">\u00c9vitez le contact avec les yeux.<\/div>\n<\/div>\n<\/div>\n<\/div>\n<\/div>\n","protected":false},"excerpt":{"rendered":"<p>Points cl\u00e9s Enrichi \u00e0 la k\u00e9ratine, \u00e0 l\u2019acide hyaluronique et \u00e0 l\u2019huile de carthame Permet&hellip;<\/p>\n","protected":false},"featured_media":15668,"comment_status":"open","ping_status":"closed","template":"","meta":[],"pwb-brand":[656],"product_cat":[600],"product_tag":[144,355,127],"class_list":{"0":"post-29756","1":"product","2":"type-product","3":"status-publish","4":"has-post-thumbnail","6":"pwb-brand-lome-paris","7":"product_cat-lissage-et-keratine","8":"product_tag-lissage-et-keratine","9":"product_tag-lome-paris","10":"product_tag-shampooing-et-coiffure","12":"first","13":"instock","14":"taxable","15":"shipping-taxable","16":"purchasable","17":"product-type-simple","18":"layout-style-3","19":"col-md-4 col-sm-4 col-xs-6","20":"col-lg-3","21":"product-style-default"},"aioseo_notices":[],"brands":[{"id":656,"name":"L\u00f4m\u00e9 Paris","slug":"lome-paris"}],"_links":{"self":[{"href":"https:\/\/cheveuxluxe.com\/index.php\/wp-json\/wp\/v2\/product\/29756","targetHints":{"allow":["GET"]}}],"collection":[{"href":"https:\/\/cheveuxluxe.com\/index.php\/wp-json\/wp\/v2\/product"}],"about":[{"href":"https:\/\/cheveuxluxe.com\/index.php\/wp-json\/wp\/v2\/types\/product"}],"replies":[{"embeddable":true,"href":"https:\/\/cheveuxluxe.com\/index.php\/wp-json\/wp\/v2\/comments?post=29756"}],"version-history":[{"count":0,"href":"https:\/\/cheveuxluxe.com\/index.php\/wp-json\/wp\/v2\/product\/29756\/revisions"}],"wp:featuredmedia":[{"embeddable":true,"href":"https:\/\/cheveuxluxe.com\/index.php\/wp-json\/wp\/v2\/media\/15668"}],"wp:attachment":[{"href":"https:\/\/cheveuxluxe.com\/index.php\/wp-json\/wp\/v2\/media?parent=29756"}],"wp:term":[{"taxonomy":"pwb-brand","embeddable":true,"href":"https:\/\/cheveuxluxe.com\/index.php\/wp-json\/wp\/v2\/pwb-brand?post=29756"},{"taxonomy":"product_cat","embeddable":true,"href":"https:\/\/cheveuxluxe.com\/index.php\/wp-json\/wp\/v2\/product_cat?post=29756"},{"taxonomy":"product_tag","embeddable":true,"href":"https:\/\/cheveuxluxe.com\/index.php\/wp-json\/wp\/v2\/product_tag?post=29756"}],"curies":[{"name":"wp","href":"https:\/\/api.w.org\/{rel}","templated":true}]}}