{"id":29759,"date":"2024-04-09T22:17:20","date_gmt":"2024-04-09T22:17:20","guid":{"rendered":"https:\/\/cheveuxluxe.com\/index.php\/product\/lome-paris-repair-creme-sans-rincage-secabime-150ml\/"},"modified":"2024-04-13T14:14:07","modified_gmt":"2024-04-13T14:14:07","slug":"lome-paris-repair-creme-sans-rincage-secabime-150ml","status":"publish","type":"product","link":"https:\/\/cheveuxluxe.com\/index.php\/product\/lome-paris-repair-creme-sans-rincage-secabime-150ml\/","title":{"rendered":"L\u00f4m\u00e9 Paris Repair Cr\u00e8me Sans Rin\u00e7age Sec&#038;Ab\u00eem\u00e9 150ml"},"content":{"rendered":"<div class=\"product-content_bottom\">\n<div class=\"pdp-info\">\n<div class=\"pdp-tabs tab-container\">\n<div class=\"tab js-tab\">\n<h3 class=\"tab-title pdp-tabs_title js-tab-mobile-title open\"><span>Points cl\u00e9s<\/span><\/h3>\n<div class=\"tab-description pdp-tabs_description js-tab-description open\" itemprop=\"description\">\n<ul>\n<li>Enrichie \u00e0 la k\u00e9ratine, aux acides amin\u00e9s et \u00e0 l\u2019huile d\u2019argan <\/li>\n<li>Nourrit la fibre des cheveux ab\u00eem\u00e9s tout en facilitant le s\u00e9chage au s\u00e8che-cheveux<\/li>\n<li>Les cheveux sont plus forts, plus doux, plus brillants <\/li>\n<li>Prot\u00e8ge contre la chaleur<\/li>\n<\/ul>\n<\/div>\n<\/div>\n<div class=\"tab js-tab\">\n<h3 class=\"tab-title pdp-tabs_title js-tab-mobile-title\"><span>Description<\/span><\/h3>\n<div class=\"tab-description pdp-tabs_description js-tab-description\" itemprop=\"description\">Cette cr\u00e8me protectrice enrichie \u00e0 la k\u00e9ratine, aux acides amin\u00e9s et \u00e0 l\u2019huile d\u2019argan nourrit la fibre des cheveux ab\u00eem\u00e9s tout en facilitant le s\u00e9chage au s\u00e8che-cheveux.<br \/>Les cheveux sont plus forts, plus doux, plus brillants et prot\u00e9g\u00e9s contre la chaleur.<\/div>\n<\/div>\n<div class=\"tab js-tab\">\n<h3 class=\"tab-title pdp-tabs_title js-tab-mobile-title\"><span>Mode d&#8217;emploi<\/span><\/h3>\n<div class=\"tab-description pdp-tabs_description js-tab-description\">Appliquez sur les cheveux lav\u00e9s et humides.<br \/>Ne pas rincer.<\/div>\n<\/div>\n<div class=\"tab js-tab\">\n<h3 class=\"tab-title pdp-tabs_title js-tab-mobile-title\"><span>Ingr\u00e9dients<\/span><\/h3>\n<div class=\"tab-description pdp-tabs_description js-tab-description\">INGREDIENTS : AQUA, CYCLOPENTASILOXANE, POLYQUATERNIUM-37, PROPYLENE GLYCOL DICAPRYLATE\/DICAPRATE, DIMETHICONOL, ACRYLATES\/STEARYL METHACRYLATE COPOLYMER, ALANINE, ARGANIA SPINOSA KERNEL OIL, ARGININE, ASPARTIC ACID, HISTIDINE, ISOLEUCINE, PCA, PHENYLALANINE, SERINE, SODIUM LACTATE, THREONINE, VALINE, AVENA STRIGOSA SEED EXTRACT, GLYCINE, HYDROLYZED KERATIN, HYDROLYZED WHEAT PROTEIN, LECITHIN, MACADAMIA INTEGRIFOLIA SEED OIL, PROLINE, SODIUM PCA, DICAPRYLYL ETHER, GLYCERIN, LAURYL ALCOHOL, PPG-1 TRIDECETH-6, SORBITAN OLEATE, PARFUM, CITRIC ACID, EDTA, CAPRYLYL GLYCOL, PHENOXYETHANOL, POTASSIUM SORBATE, SODIUM BENZOATE, TETRASODIUM EDTA, LIMONENE, LINALOOL<\/div>\n<\/div>\n<div class=\"tab js-tab\">\n<h3 class=\"tab-title pdp-tabs_title js-tab-mobile-title\"><span>Livraison et stock<\/span><\/h3>\n<div class=\"tab-description pdp-tabs_description js-tab-description\">\n<div class=\"pdp-delivery_info\">\n<div class=\"content-asset\">Livraison et d\u00e9laisRetours et remboursements<\/div>\n<\/div>\n<\/div>\n<\/div>\n<div class=\"tab js-tab\">\n<h3 class=\"tab-title pdp-tabs_title js-tab-mobile-title\"><span>Pr\u00e9cautions d&#8217;emploi<\/span><\/h3>\n<div class=\"tab-description pdp-tabs_description js-tab-description\">\u00c9vitez le contact avec les yeux.<\/div>\n<\/div>\n<\/div>\n<\/div>\n<\/div>\n","protected":false},"excerpt":{"rendered":"<p>Points cl\u00e9s Enrichie \u00e0 la k\u00e9ratine, aux acides amin\u00e9s et \u00e0 l\u2019huile d\u2019argan Nourrit la&hellip;<\/p>\n","protected":false},"featured_media":15772,"comment_status":"open","ping_status":"closed","template":"","meta":[],"pwb-brand":[656],"product_cat":[600],"product_tag":[144,355,127],"class_list":{"0":"post-29759","1":"product","2":"type-product","3":"status-publish","4":"has-post-thumbnail","6":"pwb-brand-lome-paris","7":"product_cat-lissage-et-keratine","8":"product_tag-lissage-et-keratine","9":"product_tag-lome-paris","10":"product_tag-shampooing-et-coiffure","12":"first","13":"instock","14":"taxable","15":"shipping-taxable","16":"purchasable","17":"product-type-simple","18":"layout-style-3","19":"col-md-4 col-sm-4 col-xs-6","20":"col-lg-3","21":"product-style-default"},"aioseo_notices":[],"brands":[{"id":656,"name":"L\u00f4m\u00e9 Paris","slug":"lome-paris"}],"_links":{"self":[{"href":"https:\/\/cheveuxluxe.com\/index.php\/wp-json\/wp\/v2\/product\/29759","targetHints":{"allow":["GET"]}}],"collection":[{"href":"https:\/\/cheveuxluxe.com\/index.php\/wp-json\/wp\/v2\/product"}],"about":[{"href":"https:\/\/cheveuxluxe.com\/index.php\/wp-json\/wp\/v2\/types\/product"}],"replies":[{"embeddable":true,"href":"https:\/\/cheveuxluxe.com\/index.php\/wp-json\/wp\/v2\/comments?post=29759"}],"version-history":[{"count":0,"href":"https:\/\/cheveuxluxe.com\/index.php\/wp-json\/wp\/v2\/product\/29759\/revisions"}],"wp:featuredmedia":[{"embeddable":true,"href":"https:\/\/cheveuxluxe.com\/index.php\/wp-json\/wp\/v2\/media\/15772"}],"wp:attachment":[{"href":"https:\/\/cheveuxluxe.com\/index.php\/wp-json\/wp\/v2\/media?parent=29759"}],"wp:term":[{"taxonomy":"pwb-brand","embeddable":true,"href":"https:\/\/cheveuxluxe.com\/index.php\/wp-json\/wp\/v2\/pwb-brand?post=29759"},{"taxonomy":"product_cat","embeddable":true,"href":"https:\/\/cheveuxluxe.com\/index.php\/wp-json\/wp\/v2\/product_cat?post=29759"},{"taxonomy":"product_tag","embeddable":true,"href":"https:\/\/cheveuxluxe.com\/index.php\/wp-json\/wp\/v2\/product_tag?post=29759"}],"curies":[{"name":"wp","href":"https:\/\/api.w.org\/{rel}","templated":true}]}}