{"id":29772,"date":"2024-04-09T22:17:39","date_gmt":"2024-04-09T22:17:39","guid":{"rendered":"https:\/\/cheveuxluxe.com\/index.php\/product\/loreal-professionnel-serie-expert-blondifier-apres-shampooing-200ml\/"},"modified":"2024-04-13T14:10:19","modified_gmt":"2024-04-13T14:10:19","slug":"loreal-professionnel-serie-expert-blondifier-apres-shampooing-200ml","status":"publish","type":"product","link":"https:\/\/cheveuxluxe.com\/index.php\/product\/loreal-professionnel-serie-expert-blondifier-apres-shampooing-200ml\/","title":{"rendered":"L&rsquo;Or\u00e9al Professionnel S\u00e9rie Expert Blondifier Apr\u00e8s-shampooing 200ml"},"content":{"rendered":"<div class=\"product-content_bottom\">\n<div class=\"pdp-info\">\n<div class=\"pdp-tabs tab-container\">\n<div class=\"tab js-tab\">\n<h3 class=\"tab-title pdp-tabs_title js-tab-mobile-title open\"><span>Points cl\u00e9s<\/span><\/h3>\n<div class=\"tab-description pdp-tabs_description js-tab-description open\" itemprop=\"description\">\n<ul>\n<li>Conditioner pour cheveux blonds.<\/li>\n<li>Sa formule hautement concentr\u00e9e, enrichie en polyph\u00e9nols extraits de baies d\u2019a\u00e7ai, de c\u00e9ramides, vitamine E, ce soin r\u00e9v\u00e8le toute la brillance du blond.<\/li>\n<li>Les cheveux sont plus brillant, plus doux et plus facile \u00e0 d\u00e9m\u00ealer.<\/li>\n<\/ul>\n<\/div>\n<\/div>\n<div class=\"tab js-tab\">\n<h3 class=\"tab-title pdp-tabs_title js-tab-mobile-title\"><span>Description<\/span><\/h3>\n<div class=\"tab-description pdp-tabs_description js-tab-description\" itemprop=\"description\">Le Soin L&rsquo;Or\u00e9al Professionnel Serie Expert Blondifier est un apr\u00e8s-shampooing nourrissant pour les cheveux blonds. Enrichie en polyph\u00e9nols issus de l&rsquo;extrait de baie d&rsquo;a\u00e7ai, cette formule professionnelle rafra\u00eechit les cheveux blonds en restaurant et en intensifiant leur brillance. Adapt\u00e9 \u00e0 tous les types de cheveux blonds, il est \u00e9galement id\u00e9al pour les cheveux fins car sa formule ne les alourdit pas.<br \/>R\u00e9sultat<br \/>Les cheveux sont instantan\u00e9ment brillants, doux et faciles \u00e0 d\u00e9m\u00ealer, des longueurs aux pointes. Les parties endommag\u00e9es redeviennent saines et la fibre est nourrie en profondeur.<\/div>\n<\/div>\n<div class=\"tab js-tab\">\n<h3 class=\"tab-title pdp-tabs_title js-tab-mobile-title\"><span>Mode d&#8217;emploi<\/span><\/h3>\n<div class=\"tab-description pdp-tabs_description js-tab-description\">\u00c9tape 1. Appliquez l&rsquo;apr\u00e8s-shampooing sur les cheveux lav\u00e9s et mouill\u00e9s. Utilisez de pr\u00e9f\u00e9rence d&rsquo;abord le shampooing Blondifier Gloss ou le shampooing Blondifier Cool de Serie Expert. Travaillez les longueurs.<br \/>Etape 2. Laissez poser pendant deux \u00e0 trois minutes et rincez abondamment.<\/div>\n<\/div>\n<div class=\"tab js-tab\">\n<h3 class=\"tab-title pdp-tabs_title js-tab-mobile-title\"><span>Ingr\u00e9dients<\/span><\/h3>\n<div class=\"tab-description pdp-tabs_description js-tab-description\">AQUA \/ WATER, CETEARYL ALCOHOL, BEHENTRIMONIUM CHLORIDE, CETYL ESTERS, COCOS NUCIFERA OIL \/ COCONUT OIL, ISOPROPYL ALCOHOL, BENZOIC ACID, PENTAERYTHRITYL TETRA-DI-T-BUTYL HYDROXYHYDROCINNAMATE, BENZYL SALICYLATE, BENZYL ALCOHOL, LINALOOL, LIMONENE, SODIUM HYDROXIDE, HYDROXYCITRONELLAL, CITRONELLOL, 2-OLEAMIDO-1,3-OCTADECANEDIOL, TOCOPHEROL, ALPHA-ISOMETHYL IONONE, EUTERPE OLERACEA FRUIT EXTRACT, MALTODEXTRIN, PARFUM \/ FRAGRANCE<\/div>\n<\/div>\n<div class=\"tab js-tab\">\n<h3 class=\"tab-title pdp-tabs_title js-tab-mobile-title\"><span>Livraison et stock<\/span><\/h3>\n<div class=\"tab-description pdp-tabs_description js-tab-description\">\n<div class=\"pdp-delivery_info\">\n<div class=\"content-asset\">Livraison et d\u00e9laisRetours et remboursements<\/div>\n<\/div>\n<\/div>\n<\/div>\n<div class=\"tab js-tab\">\n<h3 class=\"tab-title pdp-tabs_title js-tab-mobile-title\"><span>Pr\u00e9cautions d&#8217;emploi<\/span><\/h3>\n<div class=\"tab-description pdp-tabs_description js-tab-description\">En cas de contact avec les yeux,rincer avec de l&rsquo;eau imm\u00e9diatement et abondamment. Usage externe exclusivement.<\/div>\n<\/div>\n<\/div>\n<\/div>\n<\/div>\n","protected":false},"excerpt":{"rendered":"<p>Points cl\u00e9s Conditioner pour cheveux blonds. Sa formule hautement concentr\u00e9e, enrichie en polyph\u00e9nols extraits de&hellip;<\/p>\n","protected":false},"featured_media":21606,"comment_status":"open","ping_status":"closed","template":"","meta":[],"pwb-brand":[649],"product_cat":[598],"product_tag":[325,127,599],"class_list":{"0":"post-29772","1":"product","2":"type-product","3":"status-publish","4":"has-post-thumbnail","6":"pwb-brand-loreal-professionnel","7":"product_cat-type-de-cheveux","8":"product_tag-loreal-professionnel","9":"product_tag-shampooing-et-coiffure","10":"product_tag-type-de-cheveux","12":"first","13":"instock","14":"taxable","15":"shipping-taxable","16":"purchasable","17":"product-type-simple","18":"layout-style-3","19":"col-md-4 col-sm-4 col-xs-6","20":"col-lg-3","21":"product-has-gallery","22":"product-style-default"},"aioseo_notices":[],"brands":[{"id":649,"name":"L'Or\u00e9al Professionnel","slug":"loreal-professionnel"}],"_links":{"self":[{"href":"https:\/\/cheveuxluxe.com\/index.php\/wp-json\/wp\/v2\/product\/29772","targetHints":{"allow":["GET"]}}],"collection":[{"href":"https:\/\/cheveuxluxe.com\/index.php\/wp-json\/wp\/v2\/product"}],"about":[{"href":"https:\/\/cheveuxluxe.com\/index.php\/wp-json\/wp\/v2\/types\/product"}],"replies":[{"embeddable":true,"href":"https:\/\/cheveuxluxe.com\/index.php\/wp-json\/wp\/v2\/comments?post=29772"}],"version-history":[{"count":0,"href":"https:\/\/cheveuxluxe.com\/index.php\/wp-json\/wp\/v2\/product\/29772\/revisions"}],"wp:featuredmedia":[{"embeddable":true,"href":"https:\/\/cheveuxluxe.com\/index.php\/wp-json\/wp\/v2\/media\/21606"}],"wp:attachment":[{"href":"https:\/\/cheveuxluxe.com\/index.php\/wp-json\/wp\/v2\/media?parent=29772"}],"wp:term":[{"taxonomy":"pwb-brand","embeddable":true,"href":"https:\/\/cheveuxluxe.com\/index.php\/wp-json\/wp\/v2\/pwb-brand?post=29772"},{"taxonomy":"product_cat","embeddable":true,"href":"https:\/\/cheveuxluxe.com\/index.php\/wp-json\/wp\/v2\/product_cat?post=29772"},{"taxonomy":"product_tag","embeddable":true,"href":"https:\/\/cheveuxluxe.com\/index.php\/wp-json\/wp\/v2\/product_tag?post=29772"}],"curies":[{"name":"wp","href":"https:\/\/api.w.org\/{rel}","templated":true}]}}