{"id":29774,"date":"2024-04-09T22:17:40","date_gmt":"2024-04-09T22:17:40","guid":{"rendered":"https:\/\/cheveuxluxe.com\/index.php\/product\/loreal-professionnel-serie-expert-pro-longer-apres-shampooing-750ml\/"},"modified":"2024-04-13T14:21:55","modified_gmt":"2024-04-13T14:21:55","slug":"loreal-professionnel-serie-expert-pro-longer-apres-shampooing-750ml","status":"publish","type":"product","link":"https:\/\/cheveuxluxe.com\/index.php\/product\/loreal-professionnel-serie-expert-pro-longer-apres-shampooing-750ml\/","title":{"rendered":"L&rsquo;Or\u00e9al Professionnel S\u00e9rie Expert Pro Longer Apr\u00e8s-shampooing 750ml"},"content":{"rendered":"<div class=\"product-content_bottom\">\n<div class=\"pdp-info\">\n<div class=\"pdp-tabs tab-container\">\n<div class=\"tab js-tab\">\n<h3 class=\"tab-title pdp-tabs_title js-tab-mobile-title open\"><span>Points cl\u00e9s<\/span><\/h3>\n<div class=\"tab-description pdp-tabs_description js-tab-description open\" itemprop=\"description\">\n<ul>\n<li>Filler A-100 : p\u00e9n\u00e8tre au c\u0153ur de la fibre pour renforcer la structure interne.<\/li>\n<li>Acide Amin\u00e9 : r\u00e9nove les longueurs et prot\u00e8ge contre la casse.<\/li>\n<\/ul>\n<\/div>\n<\/div>\n<div class=\"tab js-tab\">\n<h3 class=\"tab-title pdp-tabs_title js-tab-mobile-title\"><span>Description<\/span><\/h3>\n<div class=\"tab-description pdp-tabs_description js-tab-description\" itemprop=\"description\">\n<p>L&rsquo;Or\u00e9al Professionnel Serie Expert Pro Longer Conditioner est un apr\u00e8s-shampooing fortifiant et \u00e9paississant pour cheveux longs qui manquent de force et de volume, notamment au niveau des pointes. L&rsquo;acide amin\u00e9 innovant Filler A-100, brevet\u00e9 par L&rsquo;Or\u00e9al, veille \u00e0 ce que la fibre capillaire soit remplie de l&rsquo;int\u00e9rieur, rendant les cheveux plus forts et plus volumineux.<\/p>\n<p>L&rsquo;apr\u00e8s-shampooing l\u00e9ger aide \u00e0 pr\u00e9venir la casse des cheveux, rend les cheveux merveilleusement doux et assure que les cheveux longs peuvent atteindre une longueur encore plus longue de mani\u00e8re saine. Les pointes fines et fragiles sont combl\u00e9es et les cheveux sont moins susceptibles de se d\u00e9doubler.<\/p>\n<p>* En utilisant le Shampooing S\u00e9rie Expert Pro Longer en association avec l&rsquo;Apr\u00e8s-Shampooing ou le Masque Capillaire.<\/p>\n<p>R\u00e9sultat<\/p>\n<p>La fibre capillaire est renforc\u00e9 et rempli, avec des extr\u00e9mit\u00e9s d\u00e9finitivement plus \u00e9paisses. Les cheveux sont nourris en profondeur, faciles \u00e0 d\u00e9m\u00ealer et poss\u00e8dent une belle brillance.<\/p>\n<\/div>\n<\/div>\n<div class=\"tab js-tab\">\n<h3 class=\"tab-title pdp-tabs_title js-tab-mobile-title\"><span>Mode d&#8217;emploi<\/span><\/h3>\n<div class=\"tab-description pdp-tabs_description js-tab-description\">\u00c9tape 1. Pour un r\u00e9sultat optimal, lavez d&rsquo;abord les cheveux avec le Shampooing Pro Longer de Serie Expert. Appliquez l&rsquo;apr\u00e8s-shampooing sur les cheveux lav\u00e9s et l\u00e9g\u00e8rement mouill\u00e9s. Concentrez-vous sur les longueurs et les pointes. Tordez les longueurs si n\u00e9cessaire pour un soin maximal.<br \/>\u00c9tape 3. L&rsquo;apr\u00e8s-shampooing ne doit pas \u00eatre tremp\u00e9 et peut \u00eatre rinc\u00e9 imm\u00e9diatement. Alternez avec le Masque Pro Longer de Serie Expert.<\/div>\n<\/div>\n<div class=\"tab js-tab\">\n<h3 class=\"tab-title pdp-tabs_title js-tab-mobile-title\"><span>Ingr\u00e9dients<\/span><\/h3>\n<div class=\"tab-description pdp-tabs_description js-tab-description\">AQUA \/ WATER, HYDROXYPROPYL STARCH PHOSPHATE, QUATERNIUM-87, STEARYL ALCOHOL, BEHENTRIMONIUM CHLORIDE, PROPYLENE GLYCOL, AMODIMETHICONE, PHENOXYETHANOL, ISOPROPYL ALCOHOL, CANDELILLA CERA \/ CANDELILLA WAX, METHYLPARABEN, TRIDECETH-5, GLYCERIN, ARGININE, PANTHENOL, TRIDECETH-10, LACTIC ACID, BENZYL SALICYLATE, CHLORHEXIDINE DIHYDROCHLORIDE, BENZYL ALCOHOL, LINALOOL, LIMONENE, 2-OLEAMIDO-1,3-OCTADECANEDIOL, AMINOPROPYL TRIETHOXYSILANE, HYDROXYCITRONELLAL, CITRONELLOL, ACETIC ACID, POLYQUATERNIUM-6, PARFUM \/ FRAGRANCE<\/div>\n<\/div>\n<div class=\"tab js-tab\">\n<h3 class=\"tab-title pdp-tabs_title js-tab-mobile-title\"><span>Livraison et stock<\/span><\/h3>\n<div class=\"tab-description pdp-tabs_description js-tab-description\">\n<div class=\"pdp-delivery_info\">\n<div class=\"content-asset\">Livraison et d\u00e9laisRetours et remboursements<\/div>\n<\/div>\n<\/div>\n<\/div>\n<div class=\"tab js-tab\">\n<h3 class=\"tab-title pdp-tabs_title js-tab-mobile-title\"><span>Pr\u00e9cautions d&#8217;emploi<\/span><\/h3>\n<div class=\"tab-description pdp-tabs_description js-tab-description\">En cas de contact avec les yeux,rincer avec de l&rsquo;eau imm\u00e9diatement et abondamment. Usage externe exclusivement.<\/div>\n<\/div>\n<\/div>\n<\/div>\n<\/div>\n","protected":false},"excerpt":{"rendered":"<p>Points cl\u00e9s Filler A-100 : p\u00e9n\u00e8tre au c\u0153ur de la fibre pour renforcer la structure&hellip;<\/p>\n","protected":false},"featured_media":21141,"comment_status":"open","ping_status":"closed","template":"","meta":[],"pwb-brand":[649],"product_cat":[610],"product_tag":[611,325,127],"class_list":{"0":"post-29774","1":"product","2":"type-product","3":"status-publish","4":"has-post-thumbnail","6":"pwb-brand-loreal-professionnel","7":"product_cat-grands-formats","8":"product_tag-grands-formats","9":"product_tag-loreal-professionnel","10":"product_tag-shampooing-et-coiffure","12":"first","13":"instock","14":"taxable","15":"shipping-taxable","16":"purchasable","17":"product-type-simple","18":"layout-style-3","19":"col-md-4 col-sm-4 col-xs-6","20":"col-lg-3","21":"product-has-gallery","22":"product-style-default"},"aioseo_notices":[],"brands":[{"id":649,"name":"L'Or\u00e9al Professionnel","slug":"loreal-professionnel"}],"_links":{"self":[{"href":"https:\/\/cheveuxluxe.com\/index.php\/wp-json\/wp\/v2\/product\/29774","targetHints":{"allow":["GET"]}}],"collection":[{"href":"https:\/\/cheveuxluxe.com\/index.php\/wp-json\/wp\/v2\/product"}],"about":[{"href":"https:\/\/cheveuxluxe.com\/index.php\/wp-json\/wp\/v2\/types\/product"}],"replies":[{"embeddable":true,"href":"https:\/\/cheveuxluxe.com\/index.php\/wp-json\/wp\/v2\/comments?post=29774"}],"version-history":[{"count":0,"href":"https:\/\/cheveuxluxe.com\/index.php\/wp-json\/wp\/v2\/product\/29774\/revisions"}],"wp:featuredmedia":[{"embeddable":true,"href":"https:\/\/cheveuxluxe.com\/index.php\/wp-json\/wp\/v2\/media\/21141"}],"wp:attachment":[{"href":"https:\/\/cheveuxluxe.com\/index.php\/wp-json\/wp\/v2\/media?parent=29774"}],"wp:term":[{"taxonomy":"pwb-brand","embeddable":true,"href":"https:\/\/cheveuxluxe.com\/index.php\/wp-json\/wp\/v2\/pwb-brand?post=29774"},{"taxonomy":"product_cat","embeddable":true,"href":"https:\/\/cheveuxluxe.com\/index.php\/wp-json\/wp\/v2\/product_cat?post=29774"},{"taxonomy":"product_tag","embeddable":true,"href":"https:\/\/cheveuxluxe.com\/index.php\/wp-json\/wp\/v2\/product_tag?post=29774"}],"curies":[{"name":"wp","href":"https:\/\/api.w.org\/{rel}","templated":true}]}}