{"id":29794,"date":"2024-04-09T22:19:13","date_gmt":"2024-04-09T22:19:13","guid":{"rendered":"https:\/\/cheveuxluxe.com\/index.php\/product\/wella-professionals-invigo-scalp-balance-serum-antichute-cheveux-8x6ml\/"},"modified":"2024-04-13T14:00:39","modified_gmt":"2024-04-13T14:00:39","slug":"wella-professionals-invigo-scalp-balance-serum-antichute-cheveux-8x6ml","status":"publish","type":"product","link":"https:\/\/cheveuxluxe.com\/index.php\/product\/wella-professionals-invigo-scalp-balance-serum-antichute-cheveux-8x6ml\/","title":{"rendered":"Wella Professionals Invigo Scalp Balance S\u00e9rum Antichute Cheveux 8x6ml"},"content":{"rendered":"<div class=\"product-content_bottom\">\n<div class=\"pdp-info\">\n<div class=\"pdp-tabs tab-container\">\n<div class=\"tab js-tab\">\n<h3 class=\"tab-title pdp-tabs_title js-tab-mobile-title open\"><span>Points cl\u00e9s<\/span><\/h3>\n<div class=\"tab-description pdp-tabs_description js-tab-description open\" itemprop=\"description\">\n<ul>\n<li>Laisse la chevelure renforc\u00e9e et dense<\/li>\n<li>Stimule les cheveux affaiblis<\/li>\n<\/ul>\n<\/div>\n<\/div>\n<div class=\"tab js-tab\">\n<h3 class=\"tab-title pdp-tabs_title js-tab-mobile-title\"><span>Description<\/span><\/h3>\n<div class=\"tab-description pdp-tabs_description js-tab-description\" itemprop=\"description\">Adopt\u00e9e pour ses formules \u00e9nergisantes, ador\u00e9e pour le soin du cuir chevelu au quotidien. La gamme Wella Professionals Invigo Scalp Balance est sp\u00e9cialement con\u00e7ue pour le soin du cuir chevelu d\u00e9s\u00e9quilibr\u00e9, qu\u2019il soit gras, sensible ou \u00e0 pellicules. La gamme offre une combinaison efficace d\u2019ingr\u00e9dients hydratants et rafra\u00eechissants pour une sensation de cheveux et de cuir chevelu sains. <\/p>\n<p>Wella Professionals est une marque leader mondiale de la coloration, experte en soins capillaires professionnels. Depuis plus de 140 ans, Wella Professionals est reconnue pour ses produits iconiques, ses technologies avanc\u00e9es et ses formules ultra-performantes d\u00e9di\u00e9es \u00e0 la transformation de vos cheveux. Entretien de la couleur, r\u00e9paration intense, nutrition instantan\u00e9e, brillance, soin du cuir chevelu, nos gammes sont con\u00e7ues pour r\u00e9pondre \u00e0 chaque besoin, pour r\u00e9v\u00e9ler votre beaut\u00e9 et votre personnalit\u00e9.<\/p><\/div>\n<\/div>\n<div class=\"tab js-tab\">\n<h3 class=\"tab-title pdp-tabs_title js-tab-mobile-title\"><span>Mode d&#8217;emploi<\/span><\/h3>\n<div class=\"tab-description pdp-tabs_description js-tab-description\">Appliquer uniform\u00e9ment sur le cuir chevelu et utiliser des points d&rsquo;acupression pour masser. Ne pas rincer. Coiffer les cheveux comme d&rsquo;habitude.<\/div>\n<\/div>\n<div class=\"tab js-tab\">\n<h3 class=\"tab-title pdp-tabs_title js-tab-mobile-title\"><span>Ingr\u00e9dients<\/span><\/h3>\n<div class=\"tab-description pdp-tabs_description js-tab-description\">Aqua\/Water\/Eau, Alcohol Denat., Caffeine, Panthenol, Parfum\/Fragrance, Menthol, Limonene, Propylene Glycol, Vitis Vinifera (Grape) Fruit Extract, Biotin, Citral, Citric Acid, Sodium Benzoate, Potassium Benzoate.<\/div>\n<\/div>\n<div class=\"tab js-tab\">\n<h3 class=\"tab-title pdp-tabs_title js-tab-mobile-title\"><span>Livraison et stock<\/span><\/h3>\n<div class=\"tab-description pdp-tabs_description js-tab-description\">\n<div class=\"pdp-delivery_info\">\n<div class=\"content-asset\">Livraison et d\u00e9laisRetours et remboursements<\/div>\n<\/div>\n<\/div>\n<\/div>\n<\/div>\n<\/div>\n<\/div>\n","protected":false},"excerpt":{"rendered":"<p>Points cl\u00e9s Laisse la chevelure renforc\u00e9e et dense Stimule les cheveux affaiblis Description Adopt\u00e9e pour&hellip;<\/p>\n","protected":false},"featured_media":29789,"comment_status":"open","ping_status":"closed","template":"","meta":[],"pwb-brand":[648],"product_cat":[588],"product_tag":[127,140,323],"class_list":{"0":"post-29794","1":"product","2":"type-product","3":"status-publish","4":"has-post-thumbnail","6":"pwb-brand-wella-professionals","7":"product_cat-soins-lotions-et-serums","8":"product_tag-shampooing-et-coiffure","9":"product_tag-soins-lotions-et-serums","10":"product_tag-wella-professionals","12":"first","13":"instock","14":"taxable","15":"shipping-taxable","16":"purchasable","17":"product-type-simple","18":"layout-style-3","19":"col-md-4 col-sm-4 col-xs-6","20":"col-lg-3","21":"product-has-gallery","22":"product-style-default"},"aioseo_notices":[],"brands":[{"id":648,"name":"Wella Professionals","slug":"wella-professionals"}],"_links":{"self":[{"href":"https:\/\/cheveuxluxe.com\/index.php\/wp-json\/wp\/v2\/product\/29794","targetHints":{"allow":["GET"]}}],"collection":[{"href":"https:\/\/cheveuxluxe.com\/index.php\/wp-json\/wp\/v2\/product"}],"about":[{"href":"https:\/\/cheveuxluxe.com\/index.php\/wp-json\/wp\/v2\/types\/product"}],"replies":[{"embeddable":true,"href":"https:\/\/cheveuxluxe.com\/index.php\/wp-json\/wp\/v2\/comments?post=29794"}],"version-history":[{"count":0,"href":"https:\/\/cheveuxluxe.com\/index.php\/wp-json\/wp\/v2\/product\/29794\/revisions"}],"wp:featuredmedia":[{"embeddable":true,"href":"https:\/\/cheveuxluxe.com\/index.php\/wp-json\/wp\/v2\/media\/29789"}],"wp:attachment":[{"href":"https:\/\/cheveuxluxe.com\/index.php\/wp-json\/wp\/v2\/media?parent=29794"}],"wp:term":[{"taxonomy":"pwb-brand","embeddable":true,"href":"https:\/\/cheveuxluxe.com\/index.php\/wp-json\/wp\/v2\/pwb-brand?post=29794"},{"taxonomy":"product_cat","embeddable":true,"href":"https:\/\/cheveuxluxe.com\/index.php\/wp-json\/wp\/v2\/product_cat?post=29794"},{"taxonomy":"product_tag","embeddable":true,"href":"https:\/\/cheveuxluxe.com\/index.php\/wp-json\/wp\/v2\/product_tag?post=29794"}],"curies":[{"name":"wp","href":"https:\/\/api.w.org\/{rel}","templated":true}]}}

Wella Professionals Invigo Scalp Balance Sérum Antichute Cheveux 8x6ml

<div class="product-content_bottom">
<div class="pdp-info">
<div class="pdp-tabs tab-container">
<div class="tab js-tab">
<h3 class="tab-title pdp-tabs_title js-tab-mobile-title open"><span>Points clés</span></h3>
<div class="tab-description pdp-tabs_description js-tab-description open" itemprop="description">
<ul>
<li>Laisse la chevelure renforcée et dense</li>
<li>Stimule les cheveux affaiblis</li>
</ul>
</div>
</div>
<div class="tab js-tab">
<h3 class="tab-title pdp-tabs_title js-tab-mobile-title"><span>Description</span></h3>
<div class="tab-description pdp-tabs_description js-tab-description" itemprop="description">Adoptée pour ses formules énergisantes, adorée pour le soin du cuir chevelu au quotidien. La gamme Wella Professionals Invigo Scalp Balance est spécialement conçue pour le soin du cuir chevelu déséquilibré, qu’il soit gras, sensible ou à pellicules. La gamme offre une combinaison efficace d’ingrédients hydratants et rafraîchissants pour une sensation de cheveux et de cuir chevelu sains. </p>
<p>Wella Professionals est une marque leader mondiale de la coloration, experte en soins capillaires professionnels. Depuis plus de 140 ans, Wella Professionals est reconnue pour ses produits iconiques, ses technologies avancées et ses formules ultra-performantes dédiées à la transformation de vos cheveux. Entretien de la couleur, réparation intense, nutrition instantanée, brillance, soin du cuir chevelu, nos gammes sont conçues pour répondre à chaque besoin, pour révéler votre beauté et votre personnalité.</p></div>
</div>
<div class="tab js-tab">
<h3 class="tab-title pdp-tabs_title js-tab-mobile-title"><span>Mode d&#8217;emploi</span></h3>
<div class="tab-description pdp-tabs_description js-tab-description">Appliquer uniformément sur le cuir chevelu et utiliser des points d&rsquo;acupression pour masser. Ne pas rincer. Coiffer les cheveux comme d&rsquo;habitude.</div>
</div>
<div class="tab js-tab">
<h3 class="tab-title pdp-tabs_title js-tab-mobile-title"><span>Ingrédients</span></h3>
<div class="tab-description pdp-tabs_description js-tab-description">Aqua/Water/Eau, Alcohol Denat., Caffeine, Panthenol, Parfum/Fragrance, Menthol, Limonene, Propylene Glycol, Vitis Vinifera (Grape) Fruit Extract, Biotin, Citral, Citric Acid, Sodium Benzoate, Potassium Benzoate.</div>
</div>
<div class="tab js-tab">
<h3 class="tab-title pdp-tabs_title js-tab-mobile-title"><span>Livraison et stock</span></h3>
<div class="tab-description pdp-tabs_description js-tab-description">
<div class="pdp-delivery_info">
<div class="content-asset">Livraison et délaisRetours et remboursements</div>
</div>
</div>
</div>
</div>
</div>
</div>

<p>Points clés Laisse la chevelure renforcée et dense Stimule les cheveux affaiblis Description Adoptée pour&hellip;</p>
