{"id":29859,"date":"2024-04-09T22:22:28","date_gmt":"2024-04-09T22:22:28","guid":{"rendered":"https:\/\/cheveuxluxe.com\/index.php\/product\/vines-vintage-eau-de-quinnine-200ml\/"},"modified":"2024-04-13T14:00:57","modified_gmt":"2024-04-13T14:00:57","slug":"vines-vintage-eau-de-quinnine-200ml","status":"publish","type":"product","link":"https:\/\/cheveuxluxe.com\/index.php\/product\/vines-vintage-eau-de-quinnine-200ml\/","title":{"rendered":"Vines Vintage Eau De Quinnine 200ml"},"content":{"rendered":"<div class=\"product-content_bottom\">\n<div class=\"pdp-info\">\n<div class=\"pdp-tabs tab-container\">\n<div class=\"tab js-tab\">\n<h3 class=\"tab-title pdp-tabs_title js-tab-mobile-title\"><span>Description<\/span><\/h3>\n<div class=\"tab-description pdp-tabs_description js-tab-description\" itemprop=\"description\">Un tonique qui revitalise les cheveux et le cuir chevelu, \u00e0 l\u2019ar\u00f4me attrayant de vanille et de bois de santal. Infus\u00e9 avec de l\u2019orange am\u00e8re et de l\u2019extrait d\u2019avocat pour hydrater et nourrir les cheveux et de la vitamine E pour des r\u00e9sultats rafra\u00eechissants et de longue dur\u00e9e.<\/div>\n<\/div>\n<div class=\"tab js-tab\">\n<h3 class=\"tab-title pdp-tabs_title js-tab-mobile-title\"><span>Mode d&#8217;emploi<\/span><\/h3>\n<div class=\"tab-description pdp-tabs_description js-tab-description\">Peignez les cheveux et massez doucement le cuir chevelu avec le bout des doigts. Pour de meilleurs r\u00e9sultats, utilisez quotidiennement dans le cadre de votre rituel de toilette.<\/div>\n<\/div>\n<div class=\"tab js-tab\">\n<h3 class=\"tab-title pdp-tabs_title js-tab-mobile-title\"><span>Ingr\u00e9dients<\/span><\/h3>\n<div class=\"tab-description pdp-tabs_description js-tab-description\">1. Alcohol Denat. (Alcohol), 2. Aqua (Water), 3. Rosmarinus Officinalis (Rosemary) Extract, 4. Citrus Aurantium Amara (Bitter Orange) Flower Extract, 5. Persea Gratissima (Avocado) Fruit Extract, 6. Parfum (Fragrance), 7. Coumarin, 8. Geraniol, 9. Citronellol, 10. Alpha-isomethyl Ionone, 11. Linalool, 12. Eugenol, 13. Hydroxycitronellal, 14. Cinnamyl Alcohol, 15. CI 15985 (FD&amp;C Yellow No.6), 16. CI 17200 (D&amp;C Red No.33)<\/div>\n<\/div>\n<div class=\"tab js-tab\">\n<h3 class=\"tab-title pdp-tabs_title js-tab-mobile-title\"><span>Livraison et stock<\/span><\/h3>\n<div class=\"tab-description pdp-tabs_description js-tab-description\">\n<div class=\"pdp-delivery_info\">\n<div class=\"content-asset\">Livraison et d\u00e9laisRetours et remboursements<\/div>\n<\/div>\n<\/div>\n<\/div>\n<div class=\"tab js-tab\">\n<h3 class=\"tab-title pdp-tabs_title js-tab-mobile-title\"><span>Pr\u00e9cautions d&#8217;emploi<\/span><\/h3>\n<div class=\"tab-description pdp-tabs_description js-tab-description\">Usage externe uniquement. \u00c9viter le contact avec les yeux.<\/div>\n<\/div>\n<\/div>\n<\/div>\n<\/div>\n","protected":false},"excerpt":{"rendered":"<p>Description Un tonique qui revitalise les cheveux et le cuir chevelu, \u00e0 l\u2019ar\u00f4me attrayant de&hellip;<\/p>\n","protected":false},"featured_media":16134,"comment_status":"open","ping_status":"closed","template":"","meta":[],"pwb-brand":[715],"product_cat":[588],"product_tag":[127,140,589],"class_list":{"0":"post-29859","1":"product","2":"type-product","3":"status-publish","4":"has-post-thumbnail","6":"pwb-brand-vines-vintage","7":"product_cat-soins-lotions-et-serums","8":"product_tag-shampooing-et-coiffure","9":"product_tag-soins-lotions-et-serums","10":"product_tag-vines-vintage","12":"first","13":"instock","14":"taxable","15":"shipping-taxable","16":"purchasable","17":"product-type-simple","18":"layout-style-3","19":"col-md-4 col-sm-4 col-xs-6","20":"col-lg-3","21":"product-style-default"},"aioseo_notices":[],"brands":[{"id":715,"name":"Vines Vintage","slug":"vines-vintage"}],"_links":{"self":[{"href":"https:\/\/cheveuxluxe.com\/index.php\/wp-json\/wp\/v2\/product\/29859","targetHints":{"allow":["GET"]}}],"collection":[{"href":"https:\/\/cheveuxluxe.com\/index.php\/wp-json\/wp\/v2\/product"}],"about":[{"href":"https:\/\/cheveuxluxe.com\/index.php\/wp-json\/wp\/v2\/types\/product"}],"replies":[{"embeddable":true,"href":"https:\/\/cheveuxluxe.com\/index.php\/wp-json\/wp\/v2\/comments?post=29859"}],"version-history":[{"count":0,"href":"https:\/\/cheveuxluxe.com\/index.php\/wp-json\/wp\/v2\/product\/29859\/revisions"}],"wp:featuredmedia":[{"embeddable":true,"href":"https:\/\/cheveuxluxe.com\/index.php\/wp-json\/wp\/v2\/media\/16134"}],"wp:attachment":[{"href":"https:\/\/cheveuxluxe.com\/index.php\/wp-json\/wp\/v2\/media?parent=29859"}],"wp:term":[{"taxonomy":"pwb-brand","embeddable":true,"href":"https:\/\/cheveuxluxe.com\/index.php\/wp-json\/wp\/v2\/pwb-brand?post=29859"},{"taxonomy":"product_cat","embeddable":true,"href":"https:\/\/cheveuxluxe.com\/index.php\/wp-json\/wp\/v2\/product_cat?post=29859"},{"taxonomy":"product_tag","embeddable":true,"href":"https:\/\/cheveuxluxe.com\/index.php\/wp-json\/wp\/v2\/product_tag?post=29859"}],"curies":[{"name":"wp","href":"https:\/\/api.w.org\/{rel}","templated":true}]}}