{"id":29982,"date":"2024-04-09T22:27:26","date_gmt":"2024-04-09T22:27:26","guid":{"rendered":"https:\/\/cheveuxluxe.com\/index.php\/product\/paul-mitchell-awapuhi-styling-traitement-huile-150ml\/"},"modified":"2024-04-13T14:01:36","modified_gmt":"2024-04-13T14:01:36","slug":"paul-mitchell-awapuhi-styling-traitement-huile-150ml","status":"publish","type":"product","link":"https:\/\/cheveuxluxe.com\/index.php\/product\/paul-mitchell-awapuhi-styling-traitement-huile-150ml\/","title":{"rendered":"Paul Mitchell Awapuhi Styling Traitement Huile 150ml"},"content":{"rendered":"<div class=\"product-content_bottom\">\n<div class=\"pdp-info\">\n<div class=\"pdp-tabs tab-container\">\n<div class=\"tab js-tab\">\n<h3 class=\"tab-title pdp-tabs_title js-tab-mobile-title open\"><span>Points cl\u00e9s<\/span><\/h3>\n<div class=\"tab-description pdp-tabs_description js-tab-description open\" itemprop=\"description\">\n<ul>\n<li>Les huiles hydratantes et l\u2019extrait naturel d\u2019awapuhi lissent et scellent les cheveux secs.<\/li>\n<li>Cette huile non grasse p\u00e9n\u00e8tre facilement le cheveu, le laissant doux, soyeux et extr\u00eamement brillant.<\/li>\n<\/ul>\n<\/div>\n<\/div>\n<div class=\"tab js-tab\">\n<h3 class=\"tab-title pdp-tabs_title js-tab-mobile-title\"><span>Description<\/span><\/h3>\n<div class=\"tab-description pdp-tabs_description js-tab-description\" itemprop=\"description\">L&rsquo;huile de traitement coiffante sans rin\u00e7age d\u00e9salt\u00e8re les cheveux dess\u00e9ch\u00e9s et lisse les frisottis, laissant les m\u00e8ches douces, soyeuses et brillantes.<\/div>\n<\/div>\n<div class=\"tab js-tab\">\n<h3 class=\"tab-title pdp-tabs_title js-tab-mobile-title\"><span>Mode d&#8217;emploi<\/span><\/h3>\n<div class=\"tab-description pdp-tabs_description js-tab-description\">Appliquez une petite quantit\u00e9 sur cheveux propres et humides et proc\u00e9dez au coiffage habituel, ou lissez sur cheveux secs pour faire briller. Pour les cheveux plus fins, il est pr\u00e9f\u00e9rable d&rsquo;en appliquer moins. Pour les cheveux plus denses et plus grossiers, appliquez le produit sur les cheveux essor\u00e9s, puis une nouvelle fois lorsque les cheveux sont compl\u00e8tement secs.<\/div>\n<\/div>\n<div class=\"tab js-tab\">\n<h3 class=\"tab-title pdp-tabs_title js-tab-mobile-title\"><span>Ingr\u00e9dients<\/span><\/h3>\n<div class=\"tab-description pdp-tabs_description js-tab-description\">Cyclopentasiloxane, Dimethiconol, Isoeicosane, PPG-3 Benzyl Ether Myristate, Hedychium Coronarium (White Ginger) Root Extract, Anthemis Nobilis Flower Extract, Crambe Abyssinica Seed Oil, Hydrogenated Castor Oil\/Sebacic Acid Copolymer, Butylene Glycol, Pentaerythrityl Tetra-di-t-butyl Hydroxyhydrocinnamate, Parfum (Fragrance), Benzyl Alcohol, Benzyl Benzoate, Benzyl Salicylate, Citral, Eugenol, Hexyl Cinnamal, Limonene, Linalool.<\/div>\n<\/div>\n<div class=\"tab js-tab\">\n<h3 class=\"tab-title pdp-tabs_title js-tab-mobile-title\"><span>Livraison et stock<\/span><\/h3>\n<div class=\"tab-description pdp-tabs_description js-tab-description\">\n<div class=\"pdp-delivery_info\">\n<div class=\"content-asset\">Livraison et d\u00e9laisRetours et remboursements<\/div>\n<\/div>\n<\/div>\n<\/div>\n<div class=\"tab js-tab\">\n<h3 class=\"tab-title pdp-tabs_title js-tab-mobile-title\"><span>Pr\u00e9cautions d&#8217;emploi<\/span><\/h3>\n<div class=\"tab-description pdp-tabs_description js-tab-description\">Avertissement: Liquide ou vapeur inflammable. Conserver \u00e0 l\u2019\u00e9cart de toute source d\u2019ignition\/d\u2019\u00e9tincelles\/flammes\/surfaces chaudes. Ne pas fumer. Conserver hors de la port\u00e9e des enfants. \u00c9vitez le contact avec les yeux. En cas de r\u00e9action ind\u00e9sirable, arr\u00eatez d\u2019utiliser ce produit. Consultez votre m\u00e9decin si les sympt\u00f4mes persistent.<\/div>\n<\/div>\n<\/div>\n<\/div>\n<\/div>\n","protected":false},"excerpt":{"rendered":"<p>Points cl\u00e9s Les huiles hydratantes et l\u2019extrait naturel d\u2019awapuhi lissent et scellent les cheveux secs.&hellip;<\/p>\n","protected":false},"featured_media":29978,"comment_status":"open","ping_status":"closed","template":"","meta":[],"pwb-brand":[660],"product_cat":[588],"product_tag":[373,127,140],"class_list":{"0":"post-29982","1":"product","2":"type-product","3":"status-publish","4":"has-post-thumbnail","6":"pwb-brand-paul-mitchell","7":"product_cat-soins-lotions-et-serums","8":"product_tag-paul-mitchell","9":"product_tag-shampooing-et-coiffure","10":"product_tag-soins-lotions-et-serums","12":"first","13":"instock","14":"taxable","15":"shipping-taxable","16":"purchasable","17":"product-type-simple","18":"layout-style-3","19":"col-md-4 col-sm-4 col-xs-6","20":"col-lg-3","21":"product-has-gallery","22":"product-style-default"},"aioseo_notices":[],"brands":[{"id":660,"name":"Paul Mitchell","slug":"paul-mitchell"}],"_links":{"self":[{"href":"https:\/\/cheveuxluxe.com\/index.php\/wp-json\/wp\/v2\/product\/29982","targetHints":{"allow":["GET"]}}],"collection":[{"href":"https:\/\/cheveuxluxe.com\/index.php\/wp-json\/wp\/v2\/product"}],"about":[{"href":"https:\/\/cheveuxluxe.com\/index.php\/wp-json\/wp\/v2\/types\/product"}],"replies":[{"embeddable":true,"href":"https:\/\/cheveuxluxe.com\/index.php\/wp-json\/wp\/v2\/comments?post=29982"}],"version-history":[{"count":0,"href":"https:\/\/cheveuxluxe.com\/index.php\/wp-json\/wp\/v2\/product\/29982\/revisions"}],"wp:featuredmedia":[{"embeddable":true,"href":"https:\/\/cheveuxluxe.com\/index.php\/wp-json\/wp\/v2\/media\/29978"}],"wp:attachment":[{"href":"https:\/\/cheveuxluxe.com\/index.php\/wp-json\/wp\/v2\/media?parent=29982"}],"wp:term":[{"taxonomy":"pwb-brand","embeddable":true,"href":"https:\/\/cheveuxluxe.com\/index.php\/wp-json\/wp\/v2\/pwb-brand?post=29982"},{"taxonomy":"product_cat","embeddable":true,"href":"https:\/\/cheveuxluxe.com\/index.php\/wp-json\/wp\/v2\/product_cat?post=29982"},{"taxonomy":"product_tag","embeddable":true,"href":"https:\/\/cheveuxluxe.com\/index.php\/wp-json\/wp\/v2\/product_tag?post=29982"}],"curies":[{"name":"wp","href":"https:\/\/api.w.org\/{rel}","templated":true}]}}