{"id":29984,"date":"2024-04-09T22:27:29","date_gmt":"2024-04-09T22:27:29","guid":{"rendered":"https:\/\/cheveuxluxe.com\/index.php\/product\/paul-mitchell-tt-lavender-mint-overn-therapy-100ml\/"},"modified":"2024-04-13T14:07:31","modified_gmt":"2024-04-13T14:07:31","slug":"paul-mitchell-tt-lavender-mint-overn-therapy-100ml","status":"publish","type":"product","link":"https:\/\/cheveuxluxe.com\/index.php\/product\/paul-mitchell-tt-lavender-mint-overn-therapy-100ml\/","title":{"rendered":"PAUL MITCHELL TT Lavender Mint Overn Therapy 100ml"},"content":{"rendered":"<div class=\"product-content_bottom\">\n<div class=\"pdp-info\">\n<div class=\"pdp-tabs tab-container\">\n<div class=\"tab js-tab\">\n<h3 class=\"tab-title pdp-tabs_title js-tab-mobile-title open\"><span>Points cl\u00e9s<\/span><\/h3>\n<div class=\"tab-description pdp-tabs_description js-tab-description open\" itemprop=\"description\">\n<ul>\n<li>Cheveux \u00e9pais secs et boucl\u00e9s<\/li>\n<li>Nourissant<\/li>\n<li>Adoucit et lisse<\/li>\n<li>Evite les frisottis<\/li>\n<\/ul>\n<\/div>\n<\/div>\n<div class=\"tab js-tab\">\n<h3 class=\"tab-title pdp-tabs_title js-tab-mobile-title\"><span>Description<\/span><\/h3>\n<div class=\"tab-description pdp-tabs_description js-tab-description\" itemprop=\"description\">R\u00e9parez vos cheveux pendant votre sommeil avec ce traitement de nuit sans rin\u00e7age.<br \/>Cette formule adoucissante, richer est con\u00e7ue pour offrir une nuit de sommeil de meilleure qualit\u00e9 avec de l&rsquo;huile essentielle apaisante de lavande.<\/p>\n<p>Les huiles de mono\u00ef, de pequi et de jojoba aident \u00e0 r\u00e9parer, prot\u00e9ger et revitaliser en profondeur les cheveux secs et ab\u00eem\u00e9s.<\/p><\/div>\n<\/div>\n<div class=\"tab js-tab\">\n<h3 class=\"tab-title pdp-tabs_title js-tab-mobile-title\"><span>Ingr\u00e9dients<\/span><\/h3>\n<div class=\"tab-description pdp-tabs_description js-tab-description\">Aqua (Water, Eau), Ethylhexyl Stearate, Caprylic\/Capric Triglyceride, Amodimethicone\/Morpholinomethyl Silsesquioxane Copolymer, Glycerin, Panthenol, Melaleuca Alternifolia (Tea Tree) Leaf Oil, Lavandula Angustifolia (Lavender) Flower, Mentha Arvensis Leaf Extract, Simmondsia Chinensis Seed Oil, Mangifera Indica Seed Butter, Caryocar Brasiliense Fruit Oil, Cocos Nucifera Oil, Gardenia Taitensis Flower Extract, Helianthus Annuus Seed Oil, Tocopherol, Hydrolyzed Vegetable Protein PG-Propyl Silanetriol, Phenoxyethanol, Polyquaternium-37, Propylene Glycol Dicaprylate\/Dicaprate, Behentrimonium Methosulfate, Trideceth-10, Cetearyl Alcohol, PPG-1 Trideceth-6, Ethylhexylglycerin, Potassium Sorbate, Acetic Acid, Parfum (Fragrance), Alpha-Isomethyl Ionone, Linalool, Coumarin, Limonene<\/div>\n<\/div>\n<div class=\"tab js-tab\">\n<h3 class=\"tab-title pdp-tabs_title js-tab-mobile-title\"><span>Livraison et stock<\/span><\/h3>\n<div class=\"tab-description pdp-tabs_description js-tab-description\">\n<div class=\"pdp-delivery_info\">\n<div class=\"content-asset\">Livraison et d\u00e9laisRetours et remboursements<\/div>\n<\/div>\n<\/div>\n<\/div>\n<\/div>\n<\/div>\n<\/div>\n","protected":false},"excerpt":{"rendered":"<p>Points cl\u00e9s Cheveux \u00e9pais secs et boucl\u00e9s Nourissant Adoucit et lisse Evite les frisottis Description&hellip;<\/p>\n","protected":false},"featured_media":29983,"comment_status":"open","ping_status":"closed","template":"","meta":[],"pwb-brand":[660],"product_cat":[598],"product_tag":[373,127,599],"class_list":{"0":"post-29984","1":"product","2":"type-product","3":"status-publish","4":"has-post-thumbnail","6":"pwb-brand-paul-mitchell","7":"product_cat-type-de-cheveux","8":"product_tag-paul-mitchell","9":"product_tag-shampooing-et-coiffure","10":"product_tag-type-de-cheveux","12":"first","13":"instock","14":"taxable","15":"shipping-taxable","16":"purchasable","17":"product-type-simple","18":"layout-style-3","19":"col-md-4 col-sm-4 col-xs-6","20":"col-lg-3","21":"product-style-default"},"aioseo_notices":[],"brands":[{"id":660,"name":"Paul Mitchell","slug":"paul-mitchell"}],"_links":{"self":[{"href":"https:\/\/cheveuxluxe.com\/index.php\/wp-json\/wp\/v2\/product\/29984","targetHints":{"allow":["GET"]}}],"collection":[{"href":"https:\/\/cheveuxluxe.com\/index.php\/wp-json\/wp\/v2\/product"}],"about":[{"href":"https:\/\/cheveuxluxe.com\/index.php\/wp-json\/wp\/v2\/types\/product"}],"replies":[{"embeddable":true,"href":"https:\/\/cheveuxluxe.com\/index.php\/wp-json\/wp\/v2\/comments?post=29984"}],"version-history":[{"count":0,"href":"https:\/\/cheveuxluxe.com\/index.php\/wp-json\/wp\/v2\/product\/29984\/revisions"}],"wp:featuredmedia":[{"embeddable":true,"href":"https:\/\/cheveuxluxe.com\/index.php\/wp-json\/wp\/v2\/media\/29983"}],"wp:attachment":[{"href":"https:\/\/cheveuxluxe.com\/index.php\/wp-json\/wp\/v2\/media?parent=29984"}],"wp:term":[{"taxonomy":"pwb-brand","embeddable":true,"href":"https:\/\/cheveuxluxe.com\/index.php\/wp-json\/wp\/v2\/pwb-brand?post=29984"},{"taxonomy":"product_cat","embeddable":true,"href":"https:\/\/cheveuxluxe.com\/index.php\/wp-json\/wp\/v2\/product_cat?post=29984"},{"taxonomy":"product_tag","embeddable":true,"href":"https:\/\/cheveuxluxe.com\/index.php\/wp-json\/wp\/v2\/product_tag?post=29984"}],"curies":[{"name":"wp","href":"https:\/\/api.w.org\/{rel}","templated":true}]}}