{"id":30051,"date":"2024-04-09T22:29:46","date_gmt":"2024-04-09T22:29:46","guid":{"rendered":"https:\/\/cheveuxluxe.com\/index.php\/product\/loreal-professionnel-absolut-repair-molecular-serum-a-rincer-reparateur-250ml\/"},"modified":"2024-04-13T14:02:04","modified_gmt":"2024-04-13T14:02:04","slug":"loreal-professionnel-absolut-repair-molecular-serum-a-rincer-reparateur-250ml","status":"publish","type":"product","link":"https:\/\/cheveuxluxe.com\/index.php\/product\/loreal-professionnel-absolut-repair-molecular-serum-a-rincer-reparateur-250ml\/","title":{"rendered":"L&rsquo;Or\u00e9al Professionnel Absolut Repair Molecular S\u00e9rum \u00e0 Rincer R\u00e9parateur, 250ml"},"content":{"rendered":"<div class=\"product-content_bottom\">\n<div class=\"pdp-info\">\n<div class=\"pdp-tabs tab-container\">\n<div class=\"tab js-tab\">\n<h3 class=\"tab-title pdp-tabs_title js-tab-mobile-title open\"><span>Points cl\u00e9s<\/span><\/h3>\n<div class=\"tab-description pdp-tabs_description js-tab-description open\" itemprop=\"description\">\n<ul>\n<li>Reconstruit la structure mol\u00e9culaire du cheveu de l&rsquo;int\u00e9rieur<\/li>\n<li>Restaure la force, l&rsquo;\u00e9lasticit\u00e9 et le mouvement des cheveux<\/li>\n<li>Instantan\u00e9ment, les cheveux sont visiblement transform\u00e9s : la brillance et la douceur sont consid\u00e9rablement am\u00e9lior\u00e9es<\/li>\n<li>Test instrumental apr\u00e8s 15 applications de s\u00e9rum \u00e0 rincer<\/li>\n<li>Test consommateur apr\u00e8s application de shampooing + s\u00e9rum \u00e0 rincer + masque sans rin\u00e7age<\/li>\n<li>Test instrumental apr\u00e8s application de shampooing + s\u00e9rum \u00e0 rincer<\/li>\n<\/ul>\n<\/div>\n<\/div>\n<div class=\"tab js-tab\">\n<h3 class=\"tab-title pdp-tabs_title js-tab-mobile-title\"><span>Description<\/span><\/h3>\n<div class=\"tab-description pdp-tabs_description js-tab-description\" itemprop=\"description\">L&rsquo;Or\u00e9al Professionnel Absolut Repair Molecular Hair Rinse-off S\u00e9rum, R\u00e9pare les dommages et restaure la force, R\u00e9paration mol\u00e9culaire profonde et transformation instantan\u00e9e, Pour tous les types de cheveux ab\u00eem\u00e9s, SERIE EXPERT, 250 ml<\/div>\n<\/div>\n<div class=\"tab js-tab\">\n<h3 class=\"tab-title pdp-tabs_title js-tab-mobile-title\"><span>Mode d&#8217;emploi<\/span><\/h3>\n<div class=\"tab-description pdp-tabs_description js-tab-description\">\n<p>\u00c0 utiliser \u00e0 la place de votre masque habituel. Plus concentr\u00e9 et tr\u00e8s p\u00e9n\u00e9trant, il transforme instantan\u00e9ment la partie interne de la fibre. Si n\u00e9cessaire, vous pouvez compl\u00e9ter la r\u00e9paration int\u00e9rieure par un traitement de surface avec le masque Absolut Repair. Pour des r\u00e9sultats optimaux, utiliser le s\u00e9rum \u00e0 rincer apr\u00e8s le shampooing Absolut Repair Molecular et d\u00e9m\u00ealer les cheveux pour une meilleure absorption du s\u00e9rum. Utiliser sur cheveux mouill\u00e9s. Diviser les cheveux en 2 s\u00e9parations. Prendre 2-3 pressions de s\u00e9rum sur les mains. R\u00e9partir uniform\u00e9ment sur une s\u00e9paration des longueurs aux pointes. R\u00e9p\u00e9ter sur l&rsquo;autre s\u00e9paration. Pour les cheveux tr\u00e8s secs, appliquer de la racine \u00e0 la pointe. Travailler le s\u00e9rum dans les cheveux entre les paumes de vos mains pendant 1 \u00e0 2 minutes. Aucun temps de pause n&rsquo;est n\u00e9cessaire, l&rsquo;action est imm\u00e9diate. Rincer abondamment. Pour des r\u00e9sultats optimaux, appliquer ensuite Absolut Repair Molecular Leave-in Mask.<\/p>\n<\/div>\n<\/div>\n<div class=\"tab js-tab\">\n<h3 class=\"tab-title pdp-tabs_title js-tab-mobile-title\"><span>Ingr\u00e9dients<\/span><\/h3>\n<div class=\"tab-description pdp-tabs_description js-tab-description\">AQUA \/ WATER \/ EAU \u25cf GLYCERIN \u25cf PROPYLENE GLYCOL \u25cf GLYCINE \u25cf CITRIC ACID \u25cf PARFUM \/ FRAGRANCE \u25cf PEG-40 HYDROGENATED CASTOR OIL \u25cf HYDROXYPROPYLTRIMONIUM HYDROLYZED WHEAT PROTEIN \u25cf CETRIMONIUM CHLORIDE \u25cf POLYSORBATE 20 \u25cf POLYSORBATE 80 \u25cf PHENOXYETHANOL \u25cf SODIUM HYDROXIDE \u25cf GLUTAMIC ACID \u25cf QUATERNIUM-80 \u25cf ARGININE \u25cf HYDROXYPROPYL GUAR \u25cf HYDROXYPROPYL GUAR HYDROXYPROPYLTRIMONIUM CHLORIDE \u25cf SERINE \u25cf LINALOOL \u25cf TYROSINE \u25cf<\/div>\n<\/div>\n<div class=\"tab js-tab\">\n<h3 class=\"tab-title pdp-tabs_title js-tab-mobile-title\"><span>Livraison et stock<\/span><\/h3>\n<div class=\"tab-description pdp-tabs_description js-tab-description\">\n<div class=\"pdp-delivery_info\">\n<div class=\"content-asset\">Livraison et d\u00e9laisRetours et remboursements<\/div>\n<\/div>\n<\/div>\n<\/div>\n<div class=\"tab js-tab\">\n<h3 class=\"tab-title pdp-tabs_title js-tab-mobile-title\"><span>Pr\u00e9cautions d&#8217;emploi<\/span><\/h3>\n<div class=\"tab-description pdp-tabs_description js-tab-description\">En cas de contact avec les yeux, rincer imm\u00e9diatement et abondamment. CONTIENT DES PROT\u00c9INES DE BL\u00c9<\/div>\n<\/div>\n<\/div>\n<\/div>\n<\/div>\n","protected":false},"excerpt":{"rendered":"<p>Points cl\u00e9s Reconstruit la structure mol\u00e9culaire du cheveu de l&rsquo;int\u00e9rieur Restaure la force, l&rsquo;\u00e9lasticit\u00e9 et&hellip;<\/p>\n","protected":false},"featured_media":30045,"comment_status":"open","ping_status":"closed","template":"","meta":[],"pwb-brand":[649],"product_cat":[588],"product_tag":[325,127,140],"class_list":{"0":"post-30051","1":"product","2":"type-product","3":"status-publish","4":"has-post-thumbnail","6":"pwb-brand-loreal-professionnel","7":"product_cat-soins-lotions-et-serums","8":"product_tag-loreal-professionnel","9":"product_tag-shampooing-et-coiffure","10":"product_tag-soins-lotions-et-serums","12":"first","13":"instock","14":"taxable","15":"shipping-taxable","16":"purchasable","17":"product-type-simple","18":"layout-style-3","19":"col-md-4 col-sm-4 col-xs-6","20":"col-lg-3","21":"product-has-gallery","22":"product-style-default"},"aioseo_notices":[],"brands":[{"id":649,"name":"L'Or\u00e9al Professionnel","slug":"loreal-professionnel"}],"_links":{"self":[{"href":"https:\/\/cheveuxluxe.com\/index.php\/wp-json\/wp\/v2\/product\/30051","targetHints":{"allow":["GET"]}}],"collection":[{"href":"https:\/\/cheveuxluxe.com\/index.php\/wp-json\/wp\/v2\/product"}],"about":[{"href":"https:\/\/cheveuxluxe.com\/index.php\/wp-json\/wp\/v2\/types\/product"}],"replies":[{"embeddable":true,"href":"https:\/\/cheveuxluxe.com\/index.php\/wp-json\/wp\/v2\/comments?post=30051"}],"version-history":[{"count":0,"href":"https:\/\/cheveuxluxe.com\/index.php\/wp-json\/wp\/v2\/product\/30051\/revisions"}],"wp:featuredmedia":[{"embeddable":true,"href":"https:\/\/cheveuxluxe.com\/index.php\/wp-json\/wp\/v2\/media\/30045"}],"wp:attachment":[{"href":"https:\/\/cheveuxluxe.com\/index.php\/wp-json\/wp\/v2\/media?parent=30051"}],"wp:term":[{"taxonomy":"pwb-brand","embeddable":true,"href":"https:\/\/cheveuxluxe.com\/index.php\/wp-json\/wp\/v2\/pwb-brand?post=30051"},{"taxonomy":"product_cat","embeddable":true,"href":"https:\/\/cheveuxluxe.com\/index.php\/wp-json\/wp\/v2\/product_cat?post=30051"},{"taxonomy":"product_tag","embeddable":true,"href":"https:\/\/cheveuxluxe.com\/index.php\/wp-json\/wp\/v2\/product_tag?post=30051"}],"curies":[{"name":"wp","href":"https:\/\/api.w.org\/{rel}","templated":true}]}}