{"id":30106,"date":"2024-04-09T22:31:25","date_gmt":"2024-04-09T22:31:25","guid":{"rendered":"https:\/\/cheveuxluxe.com\/index.php\/product\/wella-professionals-invigo-nutri-enrich-mask-75ml\/"},"modified":"2024-04-13T14:02:24","modified_gmt":"2024-04-13T14:02:24","slug":"wella-professionals-invigo-nutri-enrich-mask-75ml","status":"publish","type":"product","link":"https:\/\/cheveuxluxe.com\/index.php\/product\/wella-professionals-invigo-nutri-enrich-mask-75ml\/","title":{"rendered":"Wella Professionals Invigo Nutri-Enrich Mask 75ml"},"content":{"rendered":"<div class=\"product-content_bottom\">\n<div class=\"pdp-info\">\n<div class=\"pdp-tabs tab-container\">\n<div class=\"tab js-tab\">\n<h3 class=\"tab-title pdp-tabs_title js-tab-mobile-title open\"><span>Points cl\u00e9s<\/span><\/h3>\n<div class=\"tab-description pdp-tabs_description js-tab-description open\" itemprop=\"description\">\n<ul>\n<li>Nourrit instantan\u00e9ment les cheveux secs et fragilis\u00e9s.<\/li>\n<li>Redonne douceur et souplesse aux cheveux.<\/li>\n<li>Effet anti-frisottis<\/li>\n<\/ul>\n<\/div>\n<\/div>\n<div class=\"tab js-tab\">\n<h3 class=\"tab-title pdp-tabs_title js-tab-mobile-title\"><span>Description<\/span><\/h3>\n<div class=\"tab-description pdp-tabs_description js-tab-description\" itemprop=\"description\">\n<p>Adopt\u00e9e pour ses formules \u00e9nergisantes, ador\u00e9e pour une nutrition instantan\u00e9e au quotidien. La gamme Invigo Nutri-Enrich est sp\u00e9cialement con\u00e7ue pour nourrir les cheveux secs et fragilis\u00e9s gr\u00e2ce \u00e0 une combinaison d\u2019ingr\u00e9dients clefs :<\/p>\n<p>\u2022Les baies de Goji, la Vitamine E, le Panth\u00e9nol et l\u2019Acide Ol\u00e9ique*.<\/p>\n<p>\u2022 Baies de Goji : riches en min\u00e9raux, peptides et vitamines<\/p>\n<p>\u2022 Vitamine E : prot\u00e8ge des agressions ext\u00e9rieures<\/p>\n<p>\u2022 Acide Ol\u00e9ique et Panth\u00e9nol : hydratent et nourrissent R\u00e9sultat : une nutrition instantan\u00e9e pour des cheveux lisses et pleins de vitalit\u00e9.\u00a0<\/p>\n<p>Wella Professionals est une marque leader mondiale de la coloration, experte en soins capillaires professionnels. Depuis plus de 140 ans, Wella Professionals est reconnue pour ses produits iconiques, ses technologies avanc\u00e9es et ses formules ultra-performantes d\u00e9di\u00e9es \u00e0 la transformation de vos cheveux. Entretien de la couleur, r\u00e9paration intense, nutrition instantan\u00e9e, brillance, soin du cuir chevelu, nos gammes sont con\u00e7ues pour r\u00e9pondre \u00e0 chaque besoin, pour r\u00e9v\u00e9ler votre beaut\u00e9 et votre personnalit\u00e9.\u00a0\u00bb<\/p>\n<\/div>\n<\/div>\n<div class=\"tab js-tab\">\n<h3 class=\"tab-title pdp-tabs_title js-tab-mobile-title\"><span>Ingr\u00e9dients<\/span><\/h3>\n<div class=\"tab-description pdp-tabs_description js-tab-description\">Aqua\/Water\/Eau, Stearyl Alcohol, Behentrimonium Chloride, Cetyl Alcohol, Panthenol, Isopropyl Alcohol, Quaternium-80, Phenoxyethanol, Propylene Glycol, Parfum\/Fragrance, Tocopheryl Acetate, Methylparaben, Glycerin, Propylparaben, Disodium EDTA, Oleic Acid, Limonene, Benzyl Salicylate, Hexyl Cinnamal, Lycium Barbarum Fruit Extract, Citric Acid, Sodium Benzoate, Lactic Acid, Potassium Sorbate.<\/div>\n<\/div>\n<div class=\"tab js-tab\">\n<h3 class=\"tab-title pdp-tabs_title js-tab-mobile-title\"><span>Livraison et stock<\/span><\/h3>\n<div class=\"tab-description pdp-tabs_description js-tab-description\">\n<div class=\"pdp-delivery_info\">\n<div class=\"content-asset\">Livraison et d\u00e9laisRetours et remboursements<\/div>\n<\/div>\n<\/div>\n<\/div>\n<\/div>\n<\/div>\n<\/div>\n","protected":false},"excerpt":{"rendered":"<p>Points cl\u00e9s Nourrit instantan\u00e9ment les cheveux secs et fragilis\u00e9s. Redonne douceur et souplesse aux cheveux.&hellip;<\/p>\n","protected":false},"featured_media":30101,"comment_status":"open","ping_status":"closed","template":"","meta":[],"pwb-brand":[648],"product_cat":[592],"product_tag":[593,127,323],"class_list":{"0":"post-30106","1":"product","2":"type-product","3":"status-publish","4":"has-post-thumbnail","6":"pwb-brand-wella-professionals","7":"product_cat-masques-cheveux","8":"product_tag-masques-cheveux","9":"product_tag-shampooing-et-coiffure","10":"product_tag-wella-professionals","12":"first","13":"instock","14":"taxable","15":"shipping-taxable","16":"purchasable","17":"product-type-simple","18":"layout-style-3","19":"col-md-4 col-sm-4 col-xs-6","20":"col-lg-3","21":"product-has-gallery","22":"product-style-default"},"aioseo_notices":[],"brands":[{"id":648,"name":"Wella Professionals","slug":"wella-professionals"}],"_links":{"self":[{"href":"https:\/\/cheveuxluxe.com\/index.php\/wp-json\/wp\/v2\/product\/30106","targetHints":{"allow":["GET"]}}],"collection":[{"href":"https:\/\/cheveuxluxe.com\/index.php\/wp-json\/wp\/v2\/product"}],"about":[{"href":"https:\/\/cheveuxluxe.com\/index.php\/wp-json\/wp\/v2\/types\/product"}],"replies":[{"embeddable":true,"href":"https:\/\/cheveuxluxe.com\/index.php\/wp-json\/wp\/v2\/comments?post=30106"}],"version-history":[{"count":0,"href":"https:\/\/cheveuxluxe.com\/index.php\/wp-json\/wp\/v2\/product\/30106\/revisions"}],"wp:featuredmedia":[{"embeddable":true,"href":"https:\/\/cheveuxluxe.com\/index.php\/wp-json\/wp\/v2\/media\/30101"}],"wp:attachment":[{"href":"https:\/\/cheveuxluxe.com\/index.php\/wp-json\/wp\/v2\/media?parent=30106"}],"wp:term":[{"taxonomy":"pwb-brand","embeddable":true,"href":"https:\/\/cheveuxluxe.com\/index.php\/wp-json\/wp\/v2\/pwb-brand?post=30106"},{"taxonomy":"product_cat","embeddable":true,"href":"https:\/\/cheveuxluxe.com\/index.php\/wp-json\/wp\/v2\/product_cat?post=30106"},{"taxonomy":"product_tag","embeddable":true,"href":"https:\/\/cheveuxluxe.com\/index.php\/wp-json\/wp\/v2\/product_tag?post=30106"}],"curies":[{"name":"wp","href":"https:\/\/api.w.org\/{rel}","templated":true}]}}