{"id":30173,"date":"2024-04-09T22:35:37","date_gmt":"2024-04-09T22:35:37","guid":{"rendered":"https:\/\/cheveuxluxe.com\/index.php\/product\/revlon-orofluido-masque-lumiere-argan\/"},"modified":"2024-04-13T14:24:45","modified_gmt":"2024-04-13T14:24:45","slug":"revlon-orofluido-masque-lumiere-argan","status":"publish","type":"product","link":"https:\/\/cheveuxluxe.com\/index.php\/product\/revlon-orofluido-masque-lumiere-argan\/","title":{"rendered":"Revlon Orofluido Masque Lumi\u00e8re Argan"},"content":{"rendered":"<div class=\"product-content_bottom\">\n<div class=\"pdp-info\">\n<div class=\"pdp-tabs tab-container\">\n<div class=\"tab js-tab\">\n<h3 class=\"tab-title pdp-tabs_title js-tab-mobile-title open\"><span>Points cl\u00e9s<\/span><\/h3>\n<div class=\"tab-description pdp-tabs_description js-tab-description open\" itemprop=\"description\">\n<ul>\n<li>R\u00e9pare<\/li>\n<li>R\u00e9duit la casse provoqu\u00e9e par le brossage<\/li>\n<li>Renforce<\/li>\n<li>Laisse le cheveu \u00e9clatant et en sant\u00e9<\/li>\n<li>Apporte brillance et douceur<\/li>\n<li>Le parfum de ce soin capillaire \u00e0 l\u2019huile d\u2019argan \u00e9veille une sensation de bien-\u00eatre, favorise la relaxation, am\u00e9liore la confiance en soi et la positivit\u00e9<\/li>\n<\/ul>\n<\/div>\n<\/div>\n<div class=\"tab js-tab\">\n<h3 class=\"tab-title pdp-tabs_title js-tab-mobile-title\"><span>Description<\/span><\/h3>\n<div class=\"tab-description pdp-tabs_description js-tab-description\" itemprop=\"description\">Le Masque Orofluido pour les cheveux est infus\u00e9 \u00e0 l\u2019huile d\u2019argan. Ce soin intense p\u00e9n\u00e8tre la fibre capillaire et la r\u00e9pare de l\u2019int\u00e9rieur. Le masque enrichie en huile d&rsquo;argan, et au parfum signature d\u2019Orofluido, hydrate, assouplit et aide \u00e0 restaurer la beaut\u00e9 de la chevelure. Pour tous les types de cheveux qui recherchent un \u00e9clat longue dur\u00e9e. Particuli\u00e8rement recommand\u00e9 pour les cheveux secs et\/ou ab\u00eem\u00e9s.<\/p>\n<p>Formule vegan.<\/p><\/div>\n<\/div>\n<div class=\"tab js-tab\">\n<h3 class=\"tab-title pdp-tabs_title js-tab-mobile-title\"><span>Mode d&#8217;emploi<\/span><\/h3>\n<div class=\"tab-description pdp-tabs_description js-tab-description\">Apr\u00e8s le shampooing, appliquez le Masque Orofluido\u2122 \u00e0 l\u2019huile d\u2019argan de la mi-longueur jusqu\u2019aux pointes.<br \/>Laissez poser durant 3 \u00e0 5 minutes.<br \/>Rincez abondamment.<br \/>En compl\u00e9ment de ce masque capillaire \u00e0 l\u2019huile d\u2019argan, d\u00e9couvrez l\u2019int\u00e9gralit\u00e9 de la gamme Orofluido\u2122 pour profiter d\u2019un rituel d\u00e9tente ultime.<\/div>\n<\/div>\n<div class=\"tab js-tab\">\n<h3 class=\"tab-title pdp-tabs_title js-tab-mobile-title\"><span>Ingr\u00e9dients<\/span><\/h3>\n<div class=\"tab-description pdp-tabs_description js-tab-description\">Aqua\/Water\/Eau, Cetearyl Alcohol, Isopentyldiol, Sorbitol, Behentrimonium Chloride, Argania Spinosa Kernel Oil, Dimethicone, Astrocaryum Murumuru Seed Butter, Stearamidopropyl Dimethylamine, Benzotriazolyl Dodecyl p-Cresol, Ceteareth-20, Citric Acid, Dicaprylyl Carbonate, Dimethiconol, Ethylhexylglycerin, Hydroxypropylgluconamide (and) Hydroxypropylammonium Gluconate, Isopropyl Alcohol, Lauric Acid, Lauryl Alcohol Diphosphonic Acid, Lauryl Glucoside, Panthenol, PEG-90M, Pentylene Glycol, Polyquaternium-37, Silica, Tocopheryl Acetate, Parfum (Fragrance), Phenoxyethanol, Acid Orange 7, Acid Yellow 23. B01569<\/div>\n<\/div>\n<div class=\"tab js-tab\">\n<h3 class=\"tab-title pdp-tabs_title js-tab-mobile-title\"><span>Livraison et stock<\/span><\/h3>\n<div class=\"tab-description pdp-tabs_description js-tab-description\">\n<div class=\"pdp-delivery_info\">\n<div class=\"content-asset\">Livraison et d\u00e9laisRetours et remboursements<\/div>\n<\/div>\n<\/div>\n<\/div>\n<\/div>\n<\/div>\n<\/div>\n","protected":false},"excerpt":{"rendered":"<p>Points cl\u00e9s R\u00e9pare R\u00e9duit la casse provoqu\u00e9e par le brossage Renforce Laisse le cheveu \u00e9clatant&hellip;<\/p>\n","protected":false},"featured_media":20614,"comment_status":"open","ping_status":"closed","template":"","meta":[],"pwb-brand":[659],"product_cat":[617],"product_tag":[274,372,273],"class_list":{"0":"post-30173","1":"product","2":"type-product","3":"status-publish","4":"has-post-thumbnail","6":"pwb-brand-revlon","7":"product_cat-coiffure","8":"product_tag-coiffure","9":"product_tag-revlon","10":"product_tag-vegan","12":"first","13":"instock","14":"taxable","15":"shipping-taxable","16":"purchasable","17":"product-type-simple","18":"layout-style-3","19":"col-md-4 col-sm-4 col-xs-6","20":"col-lg-3","21":"product-style-default"},"aioseo_notices":[],"brands":[{"id":659,"name":"Revlon","slug":"revlon"}],"_links":{"self":[{"href":"https:\/\/cheveuxluxe.com\/index.php\/wp-json\/wp\/v2\/product\/30173","targetHints":{"allow":["GET"]}}],"collection":[{"href":"https:\/\/cheveuxluxe.com\/index.php\/wp-json\/wp\/v2\/product"}],"about":[{"href":"https:\/\/cheveuxluxe.com\/index.php\/wp-json\/wp\/v2\/types\/product"}],"replies":[{"embeddable":true,"href":"https:\/\/cheveuxluxe.com\/index.php\/wp-json\/wp\/v2\/comments?post=30173"}],"version-history":[{"count":0,"href":"https:\/\/cheveuxluxe.com\/index.php\/wp-json\/wp\/v2\/product\/30173\/revisions"}],"wp:featuredmedia":[{"embeddable":true,"href":"https:\/\/cheveuxluxe.com\/index.php\/wp-json\/wp\/v2\/media\/20614"}],"wp:attachment":[{"href":"https:\/\/cheveuxluxe.com\/index.php\/wp-json\/wp\/v2\/media?parent=30173"}],"wp:term":[{"taxonomy":"pwb-brand","embeddable":true,"href":"https:\/\/cheveuxluxe.com\/index.php\/wp-json\/wp\/v2\/pwb-brand?post=30173"},{"taxonomy":"product_cat","embeddable":true,"href":"https:\/\/cheveuxluxe.com\/index.php\/wp-json\/wp\/v2\/product_cat?post=30173"},{"taxonomy":"product_tag","embeddable":true,"href":"https:\/\/cheveuxluxe.com\/index.php\/wp-json\/wp\/v2\/product_tag?post=30173"}],"curies":[{"name":"wp","href":"https:\/\/api.w.org\/{rel}","templated":true}]}}