{"id":30229,"date":"2024-04-09T22:37:36","date_gmt":"2024-04-09T22:37:36","guid":{"rendered":"https:\/\/cheveuxluxe.com\/index.php\/product\/osmo-masque-reparateur-deep-moisture-250ml\/"},"modified":"2024-04-13T14:25:35","modified_gmt":"2024-04-13T14:25:35","slug":"osmo-masque-reparateur-deep-moisture-250ml","status":"publish","type":"product","link":"https:\/\/cheveuxluxe.com\/index.php\/product\/osmo-masque-reparateur-deep-moisture-250ml\/","title":{"rendered":"Osmo Masque R\u00e9parateur Deep Moisture 250ml"},"content":{"rendered":"<div class=\"product-content_bottom\">\n<div class=\"pdp-info\">\n<div class=\"pdp-tabs tab-container\">\n<div class=\"tab js-tab\">\n<h3 class=\"tab-title pdp-tabs_title js-tab-mobile-title open\"><span>Points cl\u00e9s<\/span><\/h3>\n<div class=\"tab-description pdp-tabs_description js-tab-description open\" itemprop=\"description\">\n<ul>\n<li> Masque ultra hydratant<\/li>\n<li>Anti-frisottis<\/li>\n<li>R\u00e9gulateur de s\u00e9bum<\/li>\n<li>Cheveux secs ou ab\u00eem\u00e9s <\/li>\n<\/ul>\n<\/div>\n<\/div>\n<div class=\"tab js-tab\">\n<h3 class=\"tab-title pdp-tabs_title js-tab-mobile-title\"><span>Description<\/span><\/h3>\n<div class=\"tab-description pdp-tabs_description js-tab-description\" itemprop=\"description\">Le masque Intensive Deep Repair d\u2019Osmo r\u00e9tablit en profondeur l\u2019hydratation de la fibre capillaire des cheveux en d\u00e9tresse. Gr\u00e2ce \u00e0 ses composants naturels, ce soin nourrissant apporte un toucher soyeux tout en facilitant le coiffage des cheveux dess\u00e9ch\u00e9s et rebelles.Son secret ? Osmo exploite toutes les qualit\u00e9s de l\u2019huile de jojoba, ingr\u00e9dient naturel reconnu pour ses propri\u00e9t\u00e9s hydratantes, qui enveloppe les cheveux d\u2019un film protecteur non gras. Et c\u2019est avec l\u2019Ylang-Ylang, c\u00e9l\u00e8bre pour ses propri\u00e9t\u00e9s r\u00e9gulatrices de s\u00e9bum, que ce masque ultra hydratant assainit les cheveux tout en douceur. Le cuir chevelu est ainsi sensiblement apais\u00e9 et purifi\u00e9.Et ce n\u2019est pas tout ! En ajoutant les qualit\u00e9s anti-frisottis du patchouli, le masque Intensive Deep Repair d\u2019Osmo redonne toute leur brillance aux cheveux dess\u00e9ch\u00e9s.R\u00e9sultat : des cheveux hydrat\u00e9s en profondeur, doux et faciles \u00e0 coiffer !<\/div>\n<\/div>\n<div class=\"tab js-tab\">\n<h3 class=\"tab-title pdp-tabs_title js-tab-mobile-title\"><span>Mode d&#8217;emploi<\/span><\/h3>\n<div class=\"tab-description pdp-tabs_description js-tab-description\">Appliquez une dose de masque sur l\u2019ensemble des cheveux mouill\u00e9s et essor\u00e9s et laissez poser 3 \u00e0 5 minutes. Pour un soin encore plus hydratant, appliquez le masque sur des cheveux partiellement s\u00e9ch\u00e9s, de la racine jusqu\u2019aux pointes, avec un temps de pose de 7 \u00e0 10 minutes. Rincez soigneusement \u00e0 l\u2019eau claire avant de proc\u00e9der au coiffage.<\/div>\n<\/div>\n<div class=\"tab js-tab\">\n<h3 class=\"tab-title pdp-tabs_title js-tab-mobile-title\"><span>Ingr\u00e9dients<\/span><\/h3>\n<div class=\"tab-description pdp-tabs_description js-tab-description\">Aqua (Water), Cetearyl Alcohol, Paraffinum Liquidum (Mineral Oil), Petrolatum, Cetrimonium Chloride, Lanolin Alcohol, Panthenol, Hydrolyzed Soy Protein, Simmondsia Chinensis (Jojoba) Seed Oil, Pogostemon Cablin (Patchouli) Oil, Cananga Odorata (Ylang Ylang) Extract, Parfum (Fragrance), Limonene, Benzyl Benzoate, Benzyl Alcohol, Cocamidopropyl Betaine, Sodium Benzoate, Potassium Sorbate, Methylchloroisothiazolinone, Methylisothiazolinone , Phenoxyethanol, Ci 19140 (Fd&amp;C Yellow No5), Ci 14700 (Fd&amp;C Red No4), Ci 17200 (D&amp;C Red No33), Ci 42090 (Fd&amp;C Blue No1)<\/div>\n<\/div>\n<div class=\"tab js-tab\">\n<h3 class=\"tab-title pdp-tabs_title js-tab-mobile-title\"><span>Livraison et stock<\/span><\/h3>\n<div class=\"tab-description pdp-tabs_description js-tab-description\">\n<div class=\"pdp-delivery_info\">\n<div class=\"content-asset\">Livraison et d\u00e9laisRetours et remboursements<\/div>\n<\/div>\n<\/div>\n<\/div>\n<\/div>\n<\/div>\n<\/div>\n","protected":false},"excerpt":{"rendered":"<p>Points cl\u00e9s Masque ultra hydratant Anti-frisottis R\u00e9gulateur de s\u00e9bum Cheveux secs ou ab\u00eem\u00e9s Description Le&hellip;<\/p>\n","protected":false},"featured_media":15931,"comment_status":"open","ping_status":"closed","template":"","meta":[],"pwb-brand":[661],"product_cat":[617],"product_tag":[274,385,273],"class_list":{"0":"post-30229","1":"product","2":"type-product","3":"status-publish","4":"has-post-thumbnail","6":"pwb-brand-osmo","7":"product_cat-coiffure","8":"product_tag-coiffure","9":"product_tag-osmo","10":"product_tag-vegan","12":"first","13":"instock","14":"taxable","15":"shipping-taxable","16":"purchasable","17":"product-type-simple","18":"layout-style-3","19":"col-md-4 col-sm-4 col-xs-6","20":"col-lg-3","21":"product-style-default"},"aioseo_notices":[],"brands":[{"id":661,"name":"Osmo","slug":"osmo"}],"_links":{"self":[{"href":"https:\/\/cheveuxluxe.com\/index.php\/wp-json\/wp\/v2\/product\/30229","targetHints":{"allow":["GET"]}}],"collection":[{"href":"https:\/\/cheveuxluxe.com\/index.php\/wp-json\/wp\/v2\/product"}],"about":[{"href":"https:\/\/cheveuxluxe.com\/index.php\/wp-json\/wp\/v2\/types\/product"}],"replies":[{"embeddable":true,"href":"https:\/\/cheveuxluxe.com\/index.php\/wp-json\/wp\/v2\/comments?post=30229"}],"version-history":[{"count":0,"href":"https:\/\/cheveuxluxe.com\/index.php\/wp-json\/wp\/v2\/product\/30229\/revisions"}],"wp:featuredmedia":[{"embeddable":true,"href":"https:\/\/cheveuxluxe.com\/index.php\/wp-json\/wp\/v2\/media\/15931"}],"wp:attachment":[{"href":"https:\/\/cheveuxluxe.com\/index.php\/wp-json\/wp\/v2\/media?parent=30229"}],"wp:term":[{"taxonomy":"pwb-brand","embeddable":true,"href":"https:\/\/cheveuxluxe.com\/index.php\/wp-json\/wp\/v2\/pwb-brand?post=30229"},{"taxonomy":"product_cat","embeddable":true,"href":"https:\/\/cheveuxluxe.com\/index.php\/wp-json\/wp\/v2\/product_cat?post=30229"},{"taxonomy":"product_tag","embeddable":true,"href":"https:\/\/cheveuxluxe.com\/index.php\/wp-json\/wp\/v2\/product_tag?post=30229"}],"curies":[{"name":"wp","href":"https:\/\/api.w.org\/{rel}","templated":true}]}}