{"id":30230,"date":"2024-04-09T22:37:36","date_gmt":"2024-04-09T22:37:36","guid":{"rendered":"https:\/\/cheveuxluxe.com\/index.php\/product\/osmo-blinding-shine-masque-cheveux-illuminateur-300ml\/"},"modified":"2024-04-13T14:03:02","modified_gmt":"2024-04-13T14:03:02","slug":"osmo-blinding-shine-masque-cheveux-illuminateur-300ml","status":"publish","type":"product","link":"https:\/\/cheveuxluxe.com\/index.php\/product\/osmo-blinding-shine-masque-cheveux-illuminateur-300ml\/","title":{"rendered":"Osmo Blinding Shine Masque Cheveux Illuminateur 300ml"},"content":{"rendered":"<div class=\"product-content_bottom\">\n<div class=\"pdp-info\">\n<div class=\"pdp-tabs tab-container\">\n<div class=\"tab js-tab\">\n<h3 class=\"tab-title pdp-tabs_title js-tab-mobile-title open\"><span>Points cl\u00e9s<\/span><\/h3>\n<div class=\"tab-description pdp-tabs_description js-tab-description open\" itemprop=\"description\">\n<ul>\n<li>Masque de conditionnement intensif<\/li>\n<li>R\u00e9sultat super lisse, super brillant et sans frisottis<\/li>\n<li>Formule l\u00e9g\u00e8re pour nourrir et nettoyer en douceur<\/li>\n<li>Formul\u00e9 avec des prot\u00e9ines de soie hydrolys\u00e9es et de l&rsquo;huile de moringa<\/li>\n<li>Laisse les cheveux revitalis\u00e9s, rebondis et super brillants<\/li>\n<\/ul>\n<\/div>\n<\/div>\n<div class=\"tab js-tab\">\n<h3 class=\"tab-title pdp-tabs_title js-tab-mobile-title\"><span>Description<\/span><\/h3>\n<div class=\"tab-description pdp-tabs_description js-tab-description\" itemprop=\"description\">Ce masque de conditionnement intensif donne des r\u00e9sultats brillants et sans frisottis. La formule l\u00e9g\u00e8re contient des prot\u00e9ines de soie hydrolys\u00e9es et de l&rsquo;huile de moringa pour la brillance et la douceur, tandis que les prot\u00e9ines de bl\u00e9 hydrolys\u00e9es aident \u00e0 r\u00e9duire la porosit\u00e9.<\/p>\n<p>Un masque de conditionnement intensif pour un r\u00e9sultat super lisse, super brillant et sans frisottis. Sa formule l\u00e9g\u00e8re \u00e0 base de prot\u00e9ines de soie hydrolys\u00e9es et d&rsquo;huile de moringa nourrit et nettoie en douceur. Les cheveux sont revitalis\u00e9s, rebondis et super brillants.<\/p><\/div>\n<\/div>\n<div class=\"tab js-tab\">\n<h3 class=\"tab-title pdp-tabs_title js-tab-mobile-title\"><span>Mode d&#8217;emploi<\/span><\/h3>\n<div class=\"tab-description pdp-tabs_description js-tab-description\">Appliquez sur les cheveux s\u00e9ch\u00e9s \u00e0 la serviette, de la mi-longueur \u00e0 la pointe. Laissez agir 3 \u00e0 5\u00a0minutes avant de rincer abondamment. Pour de meilleurs r\u00e9sultats, utilisez-le en compl\u00e9ment du shampooing Blinding Shine.<\/div>\n<\/div>\n<div class=\"tab js-tab\">\n<h3 class=\"tab-title pdp-tabs_title js-tab-mobile-title\"><span>Ingr\u00e9dients<\/span><\/h3>\n<div class=\"tab-description pdp-tabs_description js-tab-description\">Aqua (Water), Propylene Glycol, Cetyl Alcohol, Cetearyl Alcohol, Cocoglyceridescetrimonium Methosulfate, Phenyl Trimethicone, Cetrimonium Chloride, Moringa Oleifera Seed Oil, Hydrolyzed Silk, Cocodimonium Hydrolyzed Wheat Protein, Tocopheryl Acetate, Distearoylethyl Dimonium Chloride, Hydroxyethylcellulose, Stearamidopropyl Dimethylamine, Aminopropyl Phenyl Trimethicone, Quaternium-91, Amodimethicone, Parfum (Fragrance), Benzyl Alcohol, Citric Acid, Trideceth-12, Cocamidopropyl Betaine, Benzophenone-4, Disodium Edta, Sodium Benzoate, Methylchloroisothiazolinone, Methylisothiazolinone, Ci 19140 (Fd&amp;C Yellow No.5), Ci 14700 (Fd&amp;C Red No.4), Ci 42090 (Fd&amp;C Blue No.1), Ci 17200 (Fd&amp;C Red No.33)<\/div>\n<\/div>\n<div class=\"tab js-tab\">\n<h3 class=\"tab-title pdp-tabs_title js-tab-mobile-title\"><span>Livraison et stock<\/span><\/h3>\n<div class=\"tab-description pdp-tabs_description js-tab-description\">\n<div class=\"pdp-delivery_info\">\n<div class=\"content-asset\">Livraison et d\u00e9laisRetours et remboursements<\/div>\n<\/div>\n<\/div>\n<\/div>\n<\/div>\n<\/div>\n<\/div>\n","protected":false},"excerpt":{"rendered":"<p>Points cl\u00e9s Masque de conditionnement intensif R\u00e9sultat super lisse, super brillant et sans frisottis Formule&hellip;<\/p>\n","protected":false},"featured_media":15969,"comment_status":"open","ping_status":"closed","template":"","meta":[],"pwb-brand":[661],"product_cat":[592],"product_tag":[593,385,127],"class_list":{"0":"post-30230","1":"product","2":"type-product","3":"status-publish","4":"has-post-thumbnail","6":"pwb-brand-osmo","7":"product_cat-masques-cheveux","8":"product_tag-masques-cheveux","9":"product_tag-osmo","10":"product_tag-shampooing-et-coiffure","12":"first","13":"instock","14":"taxable","15":"shipping-taxable","16":"purchasable","17":"product-type-simple","18":"layout-style-3","19":"col-md-4 col-sm-4 col-xs-6","20":"col-lg-3","21":"product-style-default"},"aioseo_notices":[],"brands":[{"id":661,"name":"Osmo","slug":"osmo"}],"_links":{"self":[{"href":"https:\/\/cheveuxluxe.com\/index.php\/wp-json\/wp\/v2\/product\/30230","targetHints":{"allow":["GET"]}}],"collection":[{"href":"https:\/\/cheveuxluxe.com\/index.php\/wp-json\/wp\/v2\/product"}],"about":[{"href":"https:\/\/cheveuxluxe.com\/index.php\/wp-json\/wp\/v2\/types\/product"}],"replies":[{"embeddable":true,"href":"https:\/\/cheveuxluxe.com\/index.php\/wp-json\/wp\/v2\/comments?post=30230"}],"version-history":[{"count":0,"href":"https:\/\/cheveuxluxe.com\/index.php\/wp-json\/wp\/v2\/product\/30230\/revisions"}],"wp:featuredmedia":[{"embeddable":true,"href":"https:\/\/cheveuxluxe.com\/index.php\/wp-json\/wp\/v2\/media\/15969"}],"wp:attachment":[{"href":"https:\/\/cheveuxluxe.com\/index.php\/wp-json\/wp\/v2\/media?parent=30230"}],"wp:term":[{"taxonomy":"pwb-brand","embeddable":true,"href":"https:\/\/cheveuxluxe.com\/index.php\/wp-json\/wp\/v2\/pwb-brand?post=30230"},{"taxonomy":"product_cat","embeddable":true,"href":"https:\/\/cheveuxluxe.com\/index.php\/wp-json\/wp\/v2\/product_cat?post=30230"},{"taxonomy":"product_tag","embeddable":true,"href":"https:\/\/cheveuxluxe.com\/index.php\/wp-json\/wp\/v2\/product_tag?post=30230"}],"curies":[{"name":"wp","href":"https:\/\/api.w.org\/{rel}","templated":true}]}}