{"id":30281,"date":"2024-04-09T22:38:49","date_gmt":"2024-04-09T22:38:49","guid":{"rendered":"https:\/\/cheveuxluxe.com\/index.php\/product\/loreal-professionnel-serie-expert-curl-expression-masque\/"},"modified":"2024-04-13T14:22:13","modified_gmt":"2024-04-13T14:22:13","slug":"loreal-professionnel-serie-expert-curl-expression-masque","status":"publish","type":"product","link":"https:\/\/cheveuxluxe.com\/index.php\/product\/loreal-professionnel-serie-expert-curl-expression-masque\/","title":{"rendered":"L&rsquo;Or\u00e9al Professionnel S\u00e9rie Expert Curl Expression Masque"},"content":{"rendered":"<div class=\"product-content_bottom\">\n<div class=\"pdp-info\">\n<div class=\"pdp-tabs tab-container\">\n<div class=\"tab js-tab\">\n<h3 class=\"tab-title pdp-tabs_title js-tab-mobile-title open\"><span>Points cl\u00e9s<\/span><\/h3>\n<div class=\"tab-description pdp-tabs_description js-tab-description open\" itemprop=\"description\">\n<ul>\n<li>Ce masque procure \u00e9clat et une hydratation intense, pour un effet naturel<\/li>\n<li>Baume ultra cr\u00e9meux<\/li>\n<li>Hydrate en profondeur et d\u00e9m\u00eale les boucles et ondulations pour une sensation soyeuse<\/li>\n<\/ul>\n<\/div>\n<\/div>\n<div class=\"tab js-tab\">\n<h3 class=\"tab-title pdp-tabs_title js-tab-mobile-title\"><span>Description<\/span><\/h3>\n<div class=\"tab-description pdp-tabs_description js-tab-description\" itemprop=\"description\">\n<p><strong>PRENEZ SOIN DE VOS BOUCLES COMME LES PROFESSIONNELS:<\/strong> Curl Expression Masque hydratant intense* a \u00e9t\u00e9 d\u00e9velopp\u00e9 pour prendre soin des cheveux boucl\u00e9s et fris\u00e9s, comme les professionnels. Il hydrate en profondeur et pr\u00e9-d\u00e9m\u00eale* les cheveux boucl\u00e9s et fris\u00e9s pour un r\u00e9sultat fluide et un toucher naturel. Les cheveux sont 2 fois plus brillants et les frisottis sont contr\u00f4l\u00e9s.<\/p>\n<p><strong>INGR\u00c9DIENTS HAUTEMENT CONCENTR\u00c9S:<\/strong> Il est hautement concentr\u00e9 en glyc\u00e9rine 2,5%, en ur\u00e9e H et en graines d&rsquo;hibiscus. La glyc\u00e9rine est un humectant d&rsquo;origine v\u00e9g\u00e9tale qui retient l&rsquo;eau pour une hydratation longue dur\u00e9e des fibres les plus s\u00e8ches. L\u2019ur\u00e9e H est naturellement pr\u00e9sente dans la peau, a une double action : retenir l&rsquo;hydratation et renforcer la barri\u00e8re hydrolipidique. Les graines d&rsquo;hibiscus, extraites du c\u0153ur de la fleur d&rsquo;hibiscus, sont une source naturelle tr\u00e8s riche d&rsquo;acides amin\u00e9s et de vitamines de haute qualit\u00e9.<\/p>\n<p><strong>UNE EXP\u00c9RIENCE UNIQUE:<\/strong> Une formule \u00e0 la texture baume douce et fondante, instantan\u00e9ment absorb\u00e9e par les cheveux boucl\u00e9s et fris\u00e9s pour sceller l&rsquo;hydratation.<\/p>\n<p><strong>PARFUM ADDICTIF:<\/strong> Une composition florale m\u00e9morable de jasmin \u00e9toil\u00e9, d&rsquo;orchid\u00e9e et de freesia en t\u00eate, envelopp\u00e9e dans une brise marine rafra\u00eechissante avec une overdose de bois de c\u00e8dre raffin\u00e9.<\/p>\n<p><strong>CO-D\u00c9VELOPP\u00c9E EN COLLABORATION AVEC DES EXPERTS EN MATI\u00c8RE DE BOUCLES:<\/strong> En collaboration avec 4 experts internationaux en cheveux boucl\u00e9s et fris\u00e9s : Titus Magida d\u2019Afrique du Sud (@call.me.titus), Vivi Siqueira du Br\u00e9sil (@vivi_siqueira), Derick Monroe des \u00c9tats-Unis (@derickmonroe) et Elodie Euston de France (@elodieeuston).<br \/>*Tests instrumentaux : Shampooing anti-r\u00e9sidus + Masque hydratant intense.<\/p>\n<\/div>\n<\/div>\n<div class=\"tab js-tab\">\n<h3 class=\"tab-title pdp-tabs_title js-tab-mobile-title\"><span>Mode d&#8217;emploi<\/span><\/h3>\n<div class=\"tab-description pdp-tabs_description js-tab-description\">Apr\u00e8s le shampooing, appliquer sur les cheveux essor\u00e9s et laisser pauser pendant 10 minutes. Rincer abondamment.<\/p>\n<p>CONSEILS DE PRO : Pour un toucher naturel et une sensation de fluidit\u00e9 des cheveux boucl\u00e9s et fris\u00e9s, utiliser ce masque qui p\u00e9n\u00e8tre instantan\u00e9ment les cheveux. Convient parfaitement aux cheveux sensibilis\u00e9s.<\/p><\/div>\n<\/div>\n<div class=\"tab js-tab\">\n<h3 class=\"tab-title pdp-tabs_title js-tab-mobile-title\"><span>Ingr\u00e9dients<\/span><\/h3>\n<div class=\"tab-description pdp-tabs_description js-tab-description\">AQUA \/ WATER \/ EAU \u2022 CETEARYL ALCOHOL \u2022 DIMETHICONE \u2022 GLYCERIN \u2022 BEHENTRIMONIUM CHLORIDE \u2022 AMODIMETHICONE \u2022 CETRIMONIUM CHLORIDE \u2022 PHENOXYETHANOL \u2022 ISOPROPYL ALCOHOL \u2022 SODIUM LAURETH SULFATE \u2022 LACTIC ACID \u2022 HYDROXYETHYL UREA \u2022 HIBISCUS ESCULENTUS SEED EXTRACT \u2022 PARFUM \/ FRAGRANCE<\/div>\n<\/div>\n<div class=\"tab js-tab\">\n<h3 class=\"tab-title pdp-tabs_title js-tab-mobile-title\"><span>Livraison et stock<\/span><\/h3>\n<div class=\"tab-description pdp-tabs_description js-tab-description\">\n<div class=\"pdp-delivery_info\">\n<div class=\"content-asset\">Livraison et d\u00e9laisRetours et remboursements<\/div>\n<\/div>\n<\/div>\n<\/div>\n<div class=\"tab js-tab\">\n<h3 class=\"tab-title pdp-tabs_title js-tab-mobile-title\"><span>Pr\u00e9cautions d&#8217;emploi<\/span><\/h3>\n<div class=\"tab-description pdp-tabs_description js-tab-description\">En cas de contact avec les yeux, les rincer imm\u00e9diatement et abondamment.<\/div>\n<\/div>\n<\/div>\n<\/div>\n<\/div>\n","protected":false},"excerpt":{"rendered":"<p>Points cl\u00e9s Ce masque procure \u00e9clat et une hydratation intense, pour un effet naturel Baume&hellip;<\/p>\n","protected":false},"featured_media":20638,"comment_status":"open","ping_status":"closed","template":"","meta":[],"pwb-brand":[649],"product_cat":[610],"product_tag":[611,325,127],"class_list":{"0":"post-30281","1":"product","2":"type-product","3":"status-publish","4":"has-post-thumbnail","6":"pwb-brand-loreal-professionnel","7":"product_cat-grands-formats","8":"product_tag-grands-formats","9":"product_tag-loreal-professionnel","10":"product_tag-shampooing-et-coiffure","12":"first","13":"instock","14":"taxable","15":"shipping-taxable","16":"purchasable","17":"product-type-simple","18":"layout-style-3","19":"col-md-4 col-sm-4 col-xs-6","20":"col-lg-3","21":"product-has-gallery","22":"product-style-default"},"aioseo_notices":[],"brands":[{"id":649,"name":"L'Or\u00e9al Professionnel","slug":"loreal-professionnel"}],"_links":{"self":[{"href":"https:\/\/cheveuxluxe.com\/index.php\/wp-json\/wp\/v2\/product\/30281","targetHints":{"allow":["GET"]}}],"collection":[{"href":"https:\/\/cheveuxluxe.com\/index.php\/wp-json\/wp\/v2\/product"}],"about":[{"href":"https:\/\/cheveuxluxe.com\/index.php\/wp-json\/wp\/v2\/types\/product"}],"replies":[{"embeddable":true,"href":"https:\/\/cheveuxluxe.com\/index.php\/wp-json\/wp\/v2\/comments?post=30281"}],"version-history":[{"count":0,"href":"https:\/\/cheveuxluxe.com\/index.php\/wp-json\/wp\/v2\/product\/30281\/revisions"}],"wp:featuredmedia":[{"embeddable":true,"href":"https:\/\/cheveuxluxe.com\/index.php\/wp-json\/wp\/v2\/media\/20638"}],"wp:attachment":[{"href":"https:\/\/cheveuxluxe.com\/index.php\/wp-json\/wp\/v2\/media?parent=30281"}],"wp:term":[{"taxonomy":"pwb-brand","embeddable":true,"href":"https:\/\/cheveuxluxe.com\/index.php\/wp-json\/wp\/v2\/pwb-brand?post=30281"},{"taxonomy":"product_cat","embeddable":true,"href":"https:\/\/cheveuxluxe.com\/index.php\/wp-json\/wp\/v2\/product_cat?post=30281"},{"taxonomy":"product_tag","embeddable":true,"href":"https:\/\/cheveuxluxe.com\/index.php\/wp-json\/wp\/v2\/product_tag?post=30281"}],"curies":[{"name":"wp","href":"https:\/\/api.w.org\/{rel}","templated":true}]}}