{"id":30316,"date":"2024-04-09T22:39:48","date_gmt":"2024-04-09T22:39:48","guid":{"rendered":"https:\/\/cheveuxluxe.com\/index.php\/product\/xp100-argile-modelante-100ml\/"},"modified":"2024-04-13T14:03:42","modified_gmt":"2024-04-13T14:03:42","slug":"xp100-argile-modelante-100ml","status":"publish","type":"product","link":"https:\/\/cheveuxluxe.com\/index.php\/product\/xp100-argile-modelante-100ml\/","title":{"rendered":"XP100 Argile Modelante 100ml"},"content":{"rendered":"<div class=\"product-content_bottom\">\n<div class=\"pdp-info\">\n<div class=\"pdp-tabs tab-container\">\n<div class=\"tab js-tab\">\n<h3 class=\"tab-title pdp-tabs_title js-tab-mobile-title open\"><span>Points cl\u00e9s<\/span><\/h3>\n<div class=\"tab-description pdp-tabs_description js-tab-description open\" itemprop=\"description\">\n<ul>\n<li> P\u00e2te fixation forte<\/li>\n<li>Tenue longue dur\u00e9e<\/li>\n<li>Finition mate<\/li>\n<li>Discipline les cheveux<\/li>\n<li>Coiffures tr\u00e8s travaill\u00e9es <\/li>\n<\/ul>\n<\/div>\n<\/div>\n<div class=\"tab js-tab\">\n<h3 class=\"tab-title pdp-tabs_title js-tab-mobile-title\"><span>Description<\/span><\/h3>\n<div class=\"tab-description pdp-tabs_description js-tab-description\" itemprop=\"description\">Si vos clientes ont les cheveux courts ou mi-longs et qu\u2019elles vous r\u00e9clament des coiffures tr\u00e8s structur\u00e9es, alors la p\u00e2te Molding Clay de XP100 est faite pour vous. Ses agents de fixation de niveau 3 s\u2019av\u00e8rent id\u00e9als pour cr\u00e9er des coiffures difficiles.La discipline des cheveux n\u2019est pas un vain mot avec la Molding Clay. M\u00eame les cheveux les plus rebelles seront dompt\u00e9s et vous r\u00e9aliserez sans effort les coiffures les plus \u00e9labor\u00e9es. Gr\u00e2ce \u00e0 l\u2019argile qu\u2019elle contient, cette p\u00e2te modelante offre un rendu mat des plus naturels. Fini l\u2019effet carton et trop brillant de certains produits de finition.Le maintien fort permet de fixer durablement la coiffure, qui r\u00e9siste au vent et \u00e0 la pluie. Laissez parler votre cr\u00e9ativit\u00e9, sans craindre les \u00e9l\u00e9ments.<\/div>\n<\/div>\n<div class=\"tab js-tab\">\n<h3 class=\"tab-title pdp-tabs_title js-tab-mobile-title\"><span>Mode d&#8217;emploi<\/span><\/h3>\n<div class=\"tab-description pdp-tabs_description js-tab-description\">Pr\u00e9levez une petite quantit\u00e9 de Molding Clay de XP100 et r\u00e9chauffez-la entre les paumes.Travaillez les cheveux m\u00e8che par m\u00e8che jusqu\u2019\u00e0 obtenir la coupe souhait\u00e9e.La p\u00e2te modelante fonctionne mieux sur les cheveux l\u00e9g\u00e8rement humides. Faites un shampoing pour \u00e9liminer le produit.<\/div>\n<\/div>\n<div class=\"tab js-tab\">\n<h3 class=\"tab-title pdp-tabs_title js-tab-mobile-title\"><span>Ingr\u00e9dients<\/span><\/h3>\n<div class=\"tab-description pdp-tabs_description js-tab-description\">Aqua (Water), Propylene Glycol, Cyclopentasiloxane, Polyacrylamide, Cyclohexasiloxane, Panthenol, Tocopheryl Acetate, Dicaprylyl Maleate, Dimethiconol, Laureth-7, C13-14 Isoparaffin, Evernia Prunastri (Oakmoss) Extract, Parfum (Fragrance), Linalool, Hexyl Cinnamal, Citronellol, Benzyl Salicylate, Hydroxycitronellal, Limonene, Alpha-isomethyl Ionone, Geraniol, Phenoxyethanol, Triethylene Glycol<\/div>\n<\/div>\n<div class=\"tab js-tab\">\n<h3 class=\"tab-title pdp-tabs_title js-tab-mobile-title\"><span>Livraison et stock<\/span><\/h3>\n<div class=\"tab-description pdp-tabs_description js-tab-description\">\n<div class=\"pdp-delivery_info\">\n<div class=\"content-asset\">Livraison et d\u00e9laisRetours et remboursements<\/div>\n<\/div>\n<\/div>\n<\/div>\n<div class=\"tab js-tab\">\n<h3 class=\"tab-title pdp-tabs_title js-tab-mobile-title\"><span>Pr\u00e9cautions d&#8217;emploi<\/span><\/h3>\n<div class=\"tab-description pdp-tabs_description js-tab-description\">Ne pas utiliser sur des enfants de moins de 3 ans.<\/div>\n<\/div>\n<\/div>\n<\/div>\n<\/div>\n","protected":false},"excerpt":{"rendered":"<p>Points cl\u00e9s P\u00e2te fixation forte Tenue longue dur\u00e9e Finition mate Discipline les cheveux Coiffures tr\u00e8s&hellip;<\/p>\n","protected":false},"featured_media":15988,"comment_status":"open","ping_status":"closed","template":"","meta":[],"pwb-brand":[627],"product_cat":[596],"product_tag":[128,127,360],"class_list":{"0":"post-30316","1":"product","2":"type-product","3":"status-publish","4":"has-post-thumbnail","6":"pwb-brand-xp100","7":"product_cat-produit-coiffant-et-fixant","8":"product_tag-produit-coiffant-et-fixant","9":"product_tag-shampooing-et-coiffure","10":"product_tag-xp100","12":"first","13":"instock","14":"taxable","15":"shipping-taxable","16":"purchasable","17":"product-type-simple","18":"layout-style-3","19":"col-md-4 col-sm-4 col-xs-6","20":"col-lg-3","21":"product-style-default"},"aioseo_notices":[],"brands":[{"id":627,"name":"XP100","slug":"xp100"}],"_links":{"self":[{"href":"https:\/\/cheveuxluxe.com\/index.php\/wp-json\/wp\/v2\/product\/30316","targetHints":{"allow":["GET"]}}],"collection":[{"href":"https:\/\/cheveuxluxe.com\/index.php\/wp-json\/wp\/v2\/product"}],"about":[{"href":"https:\/\/cheveuxluxe.com\/index.php\/wp-json\/wp\/v2\/types\/product"}],"replies":[{"embeddable":true,"href":"https:\/\/cheveuxluxe.com\/index.php\/wp-json\/wp\/v2\/comments?post=30316"}],"version-history":[{"count":0,"href":"https:\/\/cheveuxluxe.com\/index.php\/wp-json\/wp\/v2\/product\/30316\/revisions"}],"wp:featuredmedia":[{"embeddable":true,"href":"https:\/\/cheveuxluxe.com\/index.php\/wp-json\/wp\/v2\/media\/15988"}],"wp:attachment":[{"href":"https:\/\/cheveuxluxe.com\/index.php\/wp-json\/wp\/v2\/media?parent=30316"}],"wp:term":[{"taxonomy":"pwb-brand","embeddable":true,"href":"https:\/\/cheveuxluxe.com\/index.php\/wp-json\/wp\/v2\/pwb-brand?post=30316"},{"taxonomy":"product_cat","embeddable":true,"href":"https:\/\/cheveuxluxe.com\/index.php\/wp-json\/wp\/v2\/product_cat?post=30316"},{"taxonomy":"product_tag","embeddable":true,"href":"https:\/\/cheveuxluxe.com\/index.php\/wp-json\/wp\/v2\/product_tag?post=30316"}],"curies":[{"name":"wp","href":"https:\/\/api.w.org\/{rel}","templated":true}]}}