{"id":30322,"date":"2024-04-09T22:39:56","date_gmt":"2024-04-09T22:39:56","guid":{"rendered":"https:\/\/cheveuxluxe.com\/index.php\/product\/xp100-gel-volume-fort-200ml\/"},"modified":"2024-04-13T14:26:52","modified_gmt":"2024-04-13T14:26:52","slug":"xp100-gel-volume-fort-200ml","status":"publish","type":"product","link":"https:\/\/cheveuxluxe.com\/index.php\/product\/xp100-gel-volume-fort-200ml\/","title":{"rendered":"XP100 Gel Volume Fort 200ml"},"content":{"rendered":"<div class=\"product-content_bottom\">\n<div class=\"pdp-info\">\n<div class=\"pdp-tabs tab-container\">\n<div class=\"tab js-tab\">\n<h3 class=\"tab-title pdp-tabs_title js-tab-mobile-title open\"><span>Points cl\u00e9s<\/span><\/h3>\n<div class=\"tab-description pdp-tabs_description js-tab-description open\" itemprop=\"description\">\n<ul>\n<li> Sculpter les coiffures<\/li>\n<li>Cr\u00e9er du volume<\/li>\n<li>Tenue forte et longue dur\u00e9e<\/li>\n<li>Sans parab\u00e8nes<\/li>\n<li>Protection contre les UV <\/li>\n<\/ul>\n<\/div>\n<\/div>\n<div class=\"tab js-tab\">\n<h3 class=\"tab-title pdp-tabs_title js-tab-mobile-title\"><span>Description<\/span><\/h3>\n<div class=\"tab-description pdp-tabs_description js-tab-description\" itemprop=\"description\">Le gel Volume Strong de XP100 donne de la structure et du volume aux coiffures. Con\u00e7u pour tous les types de cheveux, ce produit coiffant est un gel \u00e0 tenue forte, longue dur\u00e9e et au s\u00e9chage rapide.Sans parab\u00e8nes, ce gel est formul\u00e9 pour aider \u00e0 prot\u00e9ger les cheveux des effets des UV.La gamme de coiffants XP100 se compose de 6 produits vous permettant d\u2019apporter une touche de cr\u00e9ativit\u00e9 lors du coiffage.<\/div>\n<\/div>\n<div class=\"tab js-tab\">\n<h3 class=\"tab-title pdp-tabs_title js-tab-mobile-title\"><span>Mode d&#8217;emploi<\/span><\/h3>\n<div class=\"tab-description pdp-tabs_description js-tab-description\">R\u00e9partissez une petite quantit\u00e9 de gel Volume Strong de XP100 sur les mains.Appliquez sur cheveux secs ou mouill\u00e9s de toute nature.Cr\u00e9ez et coiffez selon vos envies.<\/div>\n<\/div>\n<div class=\"tab js-tab\">\n<h3 class=\"tab-title pdp-tabs_title js-tab-mobile-title\"><span>Ingr\u00e9dients<\/span><\/h3>\n<div class=\"tab-description pdp-tabs_description js-tab-description\">Aqua (Water) 2. Alcohol Denat. (Alcohol) 3. PVP 4. PEG-60 5. Acrylates, Palmeth-25 Acrylate Copolymer 6. PEG, PPG-20, 6 Dimethicone 7. Polysorbate 20 8. Panthenol 9. Sodium Carbomer 10.\u00a0 Aminomethyl Propanol 11.\u00a0 Benzophenone-4 12.\u00a0 Parfum (Fragrance) 13.\u00a0 Limonene 14.\u00a0 Citral 15.\u00a0 Linalool 16.\u00a0 Phenoxyethanol 17.\u00a0 Triethylene Glycol 18.\u00a0 CI 17200 19.\u00a0 CI 42053<\/div>\n<\/div>\n<div class=\"tab js-tab\">\n<h3 class=\"tab-title pdp-tabs_title js-tab-mobile-title\"><span>Livraison et stock<\/span><\/h3>\n<div class=\"tab-description pdp-tabs_description js-tab-description\">\n<div class=\"pdp-delivery_info\">\n<div class=\"content-asset\">Livraison et d\u00e9laisRetours et remboursements<\/div>\n<\/div>\n<\/div>\n<\/div>\n<div class=\"tab js-tab\">\n<h3 class=\"tab-title pdp-tabs_title js-tab-mobile-title\"><span>Pr\u00e9cautions d&#8217;emploi<\/span><\/h3>\n<div class=\"tab-description pdp-tabs_description js-tab-description\">\u00c9viter le contact avec les yeux. En cas de contact, rincer abondamment.<\/div>\n<\/div>\n<\/div>\n<\/div>\n<\/div>\n","protected":false},"excerpt":{"rendered":"<p>Points cl\u00e9s Sculpter les coiffures Cr\u00e9er du volume Tenue forte et longue dur\u00e9e Sans parab\u00e8nes&hellip;<\/p>\n","protected":false},"featured_media":15994,"comment_status":"open","ping_status":"closed","template":"","meta":[],"pwb-brand":[627],"product_cat":[617],"product_tag":[274,273,360],"class_list":{"0":"post-30322","1":"product","2":"type-product","3":"status-publish","4":"has-post-thumbnail","6":"pwb-brand-xp100","7":"product_cat-coiffure","8":"product_tag-coiffure","9":"product_tag-vegan","10":"product_tag-xp100","12":"first","13":"instock","14":"taxable","15":"shipping-taxable","16":"purchasable","17":"product-type-simple","18":"layout-style-3","19":"col-md-4 col-sm-4 col-xs-6","20":"col-lg-3","21":"product-style-default"},"aioseo_notices":[],"brands":[{"id":627,"name":"XP100","slug":"xp100"}],"_links":{"self":[{"href":"https:\/\/cheveuxluxe.com\/index.php\/wp-json\/wp\/v2\/product\/30322","targetHints":{"allow":["GET"]}}],"collection":[{"href":"https:\/\/cheveuxluxe.com\/index.php\/wp-json\/wp\/v2\/product"}],"about":[{"href":"https:\/\/cheveuxluxe.com\/index.php\/wp-json\/wp\/v2\/types\/product"}],"replies":[{"embeddable":true,"href":"https:\/\/cheveuxluxe.com\/index.php\/wp-json\/wp\/v2\/comments?post=30322"}],"version-history":[{"count":0,"href":"https:\/\/cheveuxluxe.com\/index.php\/wp-json\/wp\/v2\/product\/30322\/revisions"}],"wp:featuredmedia":[{"embeddable":true,"href":"https:\/\/cheveuxluxe.com\/index.php\/wp-json\/wp\/v2\/media\/15994"}],"wp:attachment":[{"href":"https:\/\/cheveuxluxe.com\/index.php\/wp-json\/wp\/v2\/media?parent=30322"}],"wp:term":[{"taxonomy":"pwb-brand","embeddable":true,"href":"https:\/\/cheveuxluxe.com\/index.php\/wp-json\/wp\/v2\/pwb-brand?post=30322"},{"taxonomy":"product_cat","embeddable":true,"href":"https:\/\/cheveuxluxe.com\/index.php\/wp-json\/wp\/v2\/product_cat?post=30322"},{"taxonomy":"product_tag","embeddable":true,"href":"https:\/\/cheveuxluxe.com\/index.php\/wp-json\/wp\/v2\/product_tag?post=30322"}],"curies":[{"name":"wp","href":"https:\/\/api.w.org\/{rel}","templated":true}]}}