{"id":30363,"date":"2024-04-09T22:41:25","date_gmt":"2024-04-09T22:41:25","guid":{"rendered":"https:\/\/cheveuxluxe.com\/index.php\/product\/wella-professionals-eimi-thermal-image-protecteur-de-chaleur-100ml\/"},"modified":"2024-04-13T14:03:57","modified_gmt":"2024-04-13T14:03:57","slug":"wella-professionals-eimi-thermal-image-protecteur-de-chaleur-100ml","status":"publish","type":"product","link":"https:\/\/cheveuxluxe.com\/index.php\/product\/wella-professionals-eimi-thermal-image-protecteur-de-chaleur-100ml\/","title":{"rendered":"Wella Professionals EIMI Thermal Image Protecteur de Chaleur 100ml"},"content":{"rendered":"<div class=\"product-content_bottom\">\n<div class=\"pdp-info\">\n<div class=\"pdp-tabs tab-container\">\n<div class=\"tab js-tab\">\n<h3 class=\"tab-title pdp-tabs_title js-tab-mobile-title open\"><span>Points cl\u00e9s<\/span><\/h3>\n<div class=\"tab-description pdp-tabs_description js-tab-description open\" itemprop=\"description\">\n<ul>\n<li> Fixation l\u00e9g\u00e8re<\/li>\n<li>Thermo-protecteur<\/li>\n<li>Lissage<\/li>\n<li>Anti-frizz <\/li>\n<\/ul>\n<\/div>\n<\/div>\n<div class=\"tab js-tab\">\n<h3 class=\"tab-title pdp-tabs_title js-tab-mobile-title\"><span>Description<\/span><\/h3>\n<div class=\"tab-description pdp-tabs_description js-tab-description\" itemprop=\"description\">Vous utilisez au quotidien des outils chauds (boucleurs, lisseurs, s\u00e8che-cheveux\u2026) et vous n\u2019imaginez pas votre beauty case sans un soin thermo-protecteur ! M\u00eame si les innovations technologiques donnent aujourd\u2019hui acc\u00e8s \u00e0 un mat\u00e9riel de moins en moins agressif pour les cheveux, ce type de soin reste incontournable ! Surtout si vous constatez au moment de faire votre diagnostic que les cheveux sont d\u00e9j\u00e0 fatigu\u00e9s et tr\u00e8s sollicit\u00e9s par des permanentes ou des colorations.Bi-phas\u00e9, ce spray de lissage \u00e0 fixation l\u00e9g\u00e8re agit simultan\u00e9ment sur deux fronts pour prendre soin des cheveux : la phase 1 est formul\u00e9e pour les prot\u00e9ger de la chaleur jusqu\u2019\u00e0 220 degr\u00e9s, tout en les nourrissant. La phase 2 agit sur le lissage : le r\u00e9sultat final est particuli\u00e8rement brillant, les cheveux gardent leur souplesse lissage apr\u00e8s lissage !<\/div>\n<\/div>\n<div class=\"tab js-tab\">\n<h3 class=\"tab-title pdp-tabs_title js-tab-mobile-title\"><span>Mode d&#8217;emploi<\/span><\/h3>\n<div class=\"tab-description pdp-tabs_description js-tab-description\">Le spray lissant thermo-protecteur Eimi Thermal Image de Wella Professionals\u00ae s\u2019utilise sur cheveux secs avant le passage des plaques. Le produit \u00e9tant bi-phas\u00e9, secouez bien le flacon juste avant l\u2019utilisation. Vaporisez par section, ou m\u00e8che par m\u00e8che, puis proc\u00e9dez au lissage.<\/div>\n<\/div>\n<div class=\"tab js-tab\">\n<h3 class=\"tab-title pdp-tabs_title js-tab-mobile-title\"><span>Ingr\u00e9dients<\/span><\/h3>\n<div class=\"tab-description pdp-tabs_description js-tab-description\">Alcohol Denat., Isododecane, Disiloxane, Glycerin, VP, VA Copolymer, Panthenol, Polyquaternium-16, Dimethicone, Parfum, Lactic Acid, EthylhexylMethoxycinnamate, Dimethiconol, Sodium Hydroxide, Limonene, Linalool, Benzyl Salicylate, Citronellol, Hydroxycitronellal, CI 60725<\/div>\n<\/div>\n<div class=\"tab js-tab\">\n<h3 class=\"tab-title pdp-tabs_title js-tab-mobile-title\"><span>Livraison et stock<\/span><\/h3>\n<div class=\"tab-description pdp-tabs_description js-tab-description\">\n<div class=\"pdp-delivery_info\">\n<div class=\"content-asset\">Livraison et d\u00e9laisRetours et remboursements<\/div>\n<\/div>\n<\/div>\n<\/div>\n<\/div>\n<\/div>\n<\/div>\n","protected":false},"excerpt":{"rendered":"<p>Points cl\u00e9s Fixation l\u00e9g\u00e8re Thermo-protecteur Lissage Anti-frizz Description Vous utilisez au quotidien des outils chauds&hellip;<\/p>\n","protected":false},"featured_media":30360,"comment_status":"open","ping_status":"closed","template":"","meta":[],"pwb-brand":[648],"product_cat":[596],"product_tag":[128,127,323],"class_list":{"0":"post-30363","1":"product","2":"type-product","3":"status-publish","4":"has-post-thumbnail","6":"pwb-brand-wella-professionals","7":"product_cat-produit-coiffant-et-fixant","8":"product_tag-produit-coiffant-et-fixant","9":"product_tag-shampooing-et-coiffure","10":"product_tag-wella-professionals","12":"first","13":"instock","14":"taxable","15":"shipping-taxable","16":"purchasable","17":"product-type-simple","18":"layout-style-3","19":"col-md-4 col-sm-4 col-xs-6","20":"col-lg-3","21":"product-has-gallery","22":"product-style-default"},"aioseo_notices":[],"brands":[{"id":648,"name":"Wella Professionals","slug":"wella-professionals"}],"_links":{"self":[{"href":"https:\/\/cheveuxluxe.com\/index.php\/wp-json\/wp\/v2\/product\/30363","targetHints":{"allow":["GET"]}}],"collection":[{"href":"https:\/\/cheveuxluxe.com\/index.php\/wp-json\/wp\/v2\/product"}],"about":[{"href":"https:\/\/cheveuxluxe.com\/index.php\/wp-json\/wp\/v2\/types\/product"}],"replies":[{"embeddable":true,"href":"https:\/\/cheveuxluxe.com\/index.php\/wp-json\/wp\/v2\/comments?post=30363"}],"version-history":[{"count":0,"href":"https:\/\/cheveuxluxe.com\/index.php\/wp-json\/wp\/v2\/product\/30363\/revisions"}],"wp:featuredmedia":[{"embeddable":true,"href":"https:\/\/cheveuxluxe.com\/index.php\/wp-json\/wp\/v2\/media\/30360"}],"wp:attachment":[{"href":"https:\/\/cheveuxluxe.com\/index.php\/wp-json\/wp\/v2\/media?parent=30363"}],"wp:term":[{"taxonomy":"pwb-brand","embeddable":true,"href":"https:\/\/cheveuxluxe.com\/index.php\/wp-json\/wp\/v2\/pwb-brand?post=30363"},{"taxonomy":"product_cat","embeddable":true,"href":"https:\/\/cheveuxluxe.com\/index.php\/wp-json\/wp\/v2\/product_cat?post=30363"},{"taxonomy":"product_tag","embeddable":true,"href":"https:\/\/cheveuxluxe.com\/index.php\/wp-json\/wp\/v2\/product_tag?post=30363"}],"curies":[{"name":"wp","href":"https:\/\/api.w.org\/{rel}","templated":true}]}}

<div class="product-content_bottom">
<div class="pdp-info">
<div class="pdp-tabs tab-container">
<div class="tab js-tab">
<h3 class="tab-title pdp-tabs_title js-tab-mobile-title open"><span>Points clés</span></h3>
<div class="tab-description pdp-tabs_description js-tab-description open" itemprop="description">
<ul>
<li> Fixation légère</li>
<li>Thermo-protecteur</li>
<li>Lissage</li>
<li>Anti-frizz </li>
</ul>
</div>
</div>
<div class="tab js-tab">
<h3 class="tab-title pdp-tabs_title js-tab-mobile-title"><span>Description</span></h3>
<div class="tab-description pdp-tabs_description js-tab-description" itemprop="description">Vous utilisez au quotidien des outils chauds (boucleurs, lisseurs, sèche-cheveux…) et vous n’imaginez pas votre beauty case sans un soin thermo-protecteur ! Même si les innovations technologiques donnent aujourd’hui accès à un matériel de moins en moins agressif pour les cheveux, ce type de soin reste incontournable ! Surtout si vous constatez au moment de faire votre diagnostic que les cheveux sont déjà fatigués et très sollicités par des permanentes ou des colorations.Bi-phasé, ce spray de lissage à fixation légère agit simultanément sur deux fronts pour prendre soin des cheveux : la phase 1 est formulée pour les protéger de la chaleur jusqu’à 220 degrés, tout en les nourrissant. La phase 2 agit sur le lissage : le résultat final est particulièrement brillant, les cheveux gardent leur souplesse lissage après lissage !</div>
</div>
<div class="tab js-tab">
<h3 class="tab-title pdp-tabs_title js-tab-mobile-title"><span>Mode d&#8217;emploi</span></h3>
<div class="tab-description pdp-tabs_description js-tab-description">Le spray lissant thermo-protecteur Eimi Thermal Image de Wella Professionals® s’utilise sur cheveux secs avant le passage des plaques. Le produit étant bi-phasé, secouez bien le flacon juste avant l’utilisation. Vaporisez par section, ou mèche par mèche, puis procédez au lissage.</div>
</div>
<div class="tab js-tab">
<h3 class="tab-title pdp-tabs_title js-tab-mobile-title"><span>Ingrédients</span></h3>
<div class="tab-description pdp-tabs_description js-tab-description">Alcohol Denat., Isododecane, Disiloxane, Glycerin, VP, VA Copolymer, Panthenol, Polyquaternium-16, Dimethicone, Parfum, Lactic Acid, EthylhexylMethoxycinnamate, Dimethiconol, Sodium Hydroxide, Limonene, Linalool, Benzyl Salicylate, Citronellol, Hydroxycitronellal, CI 60725</div>
</div>
<div class="tab js-tab">
<h3 class="tab-title pdp-tabs_title js-tab-mobile-title"><span>Livraison et stock</span></h3>
<div class="tab-description pdp-tabs_description js-tab-description">
<div class="pdp-delivery_info">
<div class="content-asset">Livraison et délaisRetours et remboursements</div>
</div>
</div>
</div>
</div>
</div>
</div>

<p>Points clés Fixation légère Thermo-protecteur Lissage Anti-frizz Description Vous utilisez au quotidien des outils chauds&hellip;</p>
