{"id":30385,"date":"2024-04-09T22:43:04","date_gmt":"2024-04-09T22:43:04","guid":{"rendered":"https:\/\/cheveuxluxe.com\/index.php\/product\/wella-professionals-eimi-rugged-texture-creme-texturisante-mate-150ml\/"},"modified":"2024-04-13T14:04:00","modified_gmt":"2024-04-13T14:04:00","slug":"wella-professionals-eimi-rugged-texture-creme-texturisante-mate-150ml","status":"publish","type":"product","link":"https:\/\/cheveuxluxe.com\/index.php\/product\/wella-professionals-eimi-rugged-texture-creme-texturisante-mate-150ml\/","title":{"rendered":"Wella Professionals EIMI Rugged Texture Cr\u00e8me Texturisante Mate 150ml"},"content":{"rendered":"<div class=\"product-content_bottom\">\n<div class=\"pdp-info\">\n<div class=\"pdp-tabs tab-container\">\n<div class=\"tab js-tab\">\n<h3 class=\"tab-title pdp-tabs_title js-tab-mobile-title open\"><span>Points cl\u00e9s<\/span><\/h3>\n<div class=\"tab-description pdp-tabs_description js-tab-description open\" itemprop=\"description\">\n<ul>\n<li>Indice de fixation 3<\/li>\n<li>Rendu mat<\/li>\n<li>Effet d\u00e9coiff\u00e9<\/li>\n<li>Produit de finition<\/li>\n<li>Effet naturel<\/li>\n<\/ul>\n<\/div>\n<\/div>\n<div class=\"tab js-tab\">\n<h3 class=\"tab-title pdp-tabs_title js-tab-mobile-title\"><span>Description<\/span><\/h3>\n<div class=\"tab-description pdp-tabs_description js-tab-description\" itemprop=\"description\">Les cheveux courts peuvent \u00eatre difficiles \u00e0 travailler. Gr\u00e2ce \u00e0 la p\u00e2te texturisante mate Rugged Texture de Wella Eimi , vous pouvez cr\u00e9er des coiffures \u00e9labor\u00e9es, m\u00eame avec peu de mati\u00e8re.<br \/>Les agents de fixation de niveau 3 de la p\u00e2te texturisante apporte une tenue forte \u00e0 la chevelure.<br \/>Du bout des doigts, vous la modelez \u00e0 l\u2019infini en laissant parler votre inspiration. Effet d\u00e9coiff\u00e9 ou au contraire coiffure qui encadre sagement le visage, fa\u00e7onnez les cheveux comme bon vous semble.<br \/>La cr\u00e8me contient de la provitamine B5, qui prot\u00e8ge la fibre capillaire contre les agressions ext\u00e9rieures.<br \/>La texture sp\u00e9ciale de cette pommade offre un rendu mat.<br \/>Fini la brillance ou l\u2019effet mouill\u00e9 peu naturel, qui trahissent l\u2019utilisation de certains produits de finition.<\/div>\n<\/div>\n<div class=\"tab js-tab\">\n<h3 class=\"tab-title pdp-tabs_title js-tab-mobile-title\"><span>Mode d&#8217;emploi<\/span><\/h3>\n<div class=\"tab-description pdp-tabs_description js-tab-description\">D\u00e9posez une petite quantit\u00e9 de p\u00e2te texturisante mate Rugged Texture de Wella Eimi dans le creux de la paume.<br \/>Travaillez le cheveu pour obtenir la coiffure d\u00e9sir\u00e9e.<\/div>\n<\/div>\n<div class=\"tab js-tab\">\n<h3 class=\"tab-title pdp-tabs_title js-tab-mobile-title\"><span>Ingr\u00e9dients<\/span><\/h3>\n<div class=\"tab-description pdp-tabs_description js-tab-description\">Aqua, Ceresin, Petrolatum, Octylacrylamide, Acrylates, Butylaminoethyl Methacrylate Copolymer, Copernicia Cerifera Cera, PVP, Cetyl Alcohol, Cetearyl Alcohol, Ceteareth-25, Alcohol Denat., Paraffinum Liquidum, Dicaprylyl Maleate, Phenoxyethanol, Aminomethyl Propanol, Carbomer, Parfum, Panthenol, Methylparaben, Propylparaben, Ethylhexyl Methoxycinnamate, Limonene, Disodium EDTA, CI 77499, Mica, Linalool, CI 77891, Citral, Eugenol<\/div>\n<\/div>\n<div class=\"tab js-tab\">\n<h3 class=\"tab-title pdp-tabs_title js-tab-mobile-title\"><span>Livraison et stock<\/span><\/h3>\n<div class=\"tab-description pdp-tabs_description js-tab-description\">\n<div class=\"pdp-delivery_info\">\n<div class=\"content-asset\">Livraison et d\u00e9laisRetours et remboursements<\/div>\n<\/div>\n<\/div>\n<\/div>\n<\/div>\n<\/div>\n<\/div>\n","protected":false},"excerpt":{"rendered":"<p>Points cl\u00e9s Indice de fixation 3 Rendu mat Effet d\u00e9coiff\u00e9 Produit de finition Effet naturel&hellip;<\/p>\n","protected":false},"featured_media":30380,"comment_status":"open","ping_status":"closed","template":"","meta":[],"pwb-brand":[648],"product_cat":[596],"product_tag":[128,127,323],"class_list":{"0":"post-30385","1":"product","2":"type-product","3":"status-publish","4":"has-post-thumbnail","6":"pwb-brand-wella-professionals","7":"product_cat-produit-coiffant-et-fixant","8":"product_tag-produit-coiffant-et-fixant","9":"product_tag-shampooing-et-coiffure","10":"product_tag-wella-professionals","12":"first","13":"instock","14":"taxable","15":"shipping-taxable","16":"purchasable","17":"product-type-simple","18":"layout-style-3","19":"col-md-4 col-sm-4 col-xs-6","20":"col-lg-3","21":"product-has-gallery","22":"product-style-default"},"aioseo_notices":[],"brands":[{"id":648,"name":"Wella Professionals","slug":"wella-professionals"}],"_links":{"self":[{"href":"https:\/\/cheveuxluxe.com\/index.php\/wp-json\/wp\/v2\/product\/30385","targetHints":{"allow":["GET"]}}],"collection":[{"href":"https:\/\/cheveuxluxe.com\/index.php\/wp-json\/wp\/v2\/product"}],"about":[{"href":"https:\/\/cheveuxluxe.com\/index.php\/wp-json\/wp\/v2\/types\/product"}],"replies":[{"embeddable":true,"href":"https:\/\/cheveuxluxe.com\/index.php\/wp-json\/wp\/v2\/comments?post=30385"}],"version-history":[{"count":0,"href":"https:\/\/cheveuxluxe.com\/index.php\/wp-json\/wp\/v2\/product\/30385\/revisions"}],"wp:featuredmedia":[{"embeddable":true,"href":"https:\/\/cheveuxluxe.com\/index.php\/wp-json\/wp\/v2\/media\/30380"}],"wp:attachment":[{"href":"https:\/\/cheveuxluxe.com\/index.php\/wp-json\/wp\/v2\/media?parent=30385"}],"wp:term":[{"taxonomy":"pwb-brand","embeddable":true,"href":"https:\/\/cheveuxluxe.com\/index.php\/wp-json\/wp\/v2\/pwb-brand?post=30385"},{"taxonomy":"product_cat","embeddable":true,"href":"https:\/\/cheveuxluxe.com\/index.php\/wp-json\/wp\/v2\/product_cat?post=30385"},{"taxonomy":"product_tag","embeddable":true,"href":"https:\/\/cheveuxluxe.com\/index.php\/wp-json\/wp\/v2\/product_tag?post=30385"}],"curies":[{"name":"wp","href":"https:\/\/api.w.org\/{rel}","templated":true}]}}