{"id":30457,"date":"2024-04-09T22:45:51","date_gmt":"2024-04-09T22:45:51","guid":{"rendered":"https:\/\/cheveuxluxe.com\/index.php\/product\/wella-professionals-eimi-nutricurls-fresh-up-spray-pour-boucles-150ml\/"},"modified":"2024-04-13T14:04:18","modified_gmt":"2024-04-13T14:04:18","slug":"wella-professionals-eimi-nutricurls-fresh-up-spray-pour-boucles-150ml","status":"publish","type":"product","link":"https:\/\/cheveuxluxe.com\/index.php\/product\/wella-professionals-eimi-nutricurls-fresh-up-spray-pour-boucles-150ml\/","title":{"rendered":"Wella Professionals EIMI Nutricurls Fresh Up Spray pour boucles 150ml"},"content":{"rendered":"<div class=\"product-content_bottom\">\n<div class=\"pdp-info\">\n<div class=\"pdp-tabs tab-container\">\n<div class=\"tab js-tab\">\n<h3 class=\"tab-title pdp-tabs_title js-tab-mobile-title open\"><span>Points cl\u00e9s<\/span><\/h3>\n<div class=\"tab-description pdp-tabs_description js-tab-description open\" itemprop=\"description\">\n<ul>\n<li>Spray rafra\u00eechissant pour boucles<\/li>\n<li> Redessine vos boucles<\/li>\n<li>Effet anti-frisottis, de la d\u00e9finition et de la brillance<\/li>\n<li>Fixation niveau 1<\/li>\n<\/ul>\n<\/div>\n<\/div>\n<div class=\"tab js-tab\">\n<h3 class=\"tab-title pdp-tabs_title js-tab-mobile-title\"><span>Description<\/span><\/h3>\n<div class=\"tab-description pdp-tabs_description js-tab-description\" itemprop=\"description\">La collection EIMI NUTRICURLS offre diff\u00e9rents niveaux de tenue pour donner du volume, de la d\u00e9finition et du style \u00e0 vos boucles et ondulations.<br \/>Fresh Up est spray rafra\u00eechissant pour boucles. <br \/>Redessinez vos boucles. Pour un effet anti-frisottis, de la d\u00e9finition et de la brillance. Non a\u00e9rosol.<\/div>\n<\/div>\n<div class=\"tab js-tab\">\n<h3 class=\"tab-title pdp-tabs_title js-tab-mobile-title\"><span>Mode d&#8217;emploi<\/span><\/h3>\n<div class=\"tab-description pdp-tabs_description js-tab-description\">Vaporisez sur cheveux humides ou secs.<br \/>Peut \u00eatre utilis\u00e9 \u00e0 tout moment de la journ\u00e9e pour red\u00e9finir les boucles.<\/div>\n<\/div>\n<div class=\"tab js-tab\">\n<h3 class=\"tab-title pdp-tabs_title js-tab-mobile-title\"><span>Ingr\u00e9dients<\/span><\/h3>\n<div class=\"tab-description pdp-tabs_description js-tab-description\">Eau, Propylene Glycol, PEG-40 Hydrogenated Castor Oil, Glycerin, Alcohol Denat., Phenoxyethanol, Fragrance, Caprylyl Glycol, PVP, Panthenol, AMP-Acrylates, Allyl Methacrylate Copolymer, Simmondsia Chinensis (Jojoba) Seed Oil, Polyquaternium-10, Linalool, Hexyl Cinnamal, Trisodium Ethylenediamine Disuccinate, Citric Acid, Limonene, Geraniol, Citronellol, Polyquaternium-72, Sodium Hydroxide, Cetearyl Nonanoate, Ethylhexyl Isononanoate, Triticum Vulgare (Bl\u00e9) Germ Oil, Triticum Vulgare (Bl\u00e9) Bran Extract, Linoleic Acid, Camellia Oleifera Seed Oil, Tocopherol<\/div>\n<\/div>\n<div class=\"tab js-tab\">\n<h3 class=\"tab-title pdp-tabs_title js-tab-mobile-title\"><span>Livraison et stock<\/span><\/h3>\n<div class=\"tab-description pdp-tabs_description js-tab-description\">\n<div class=\"pdp-delivery_info\">\n<div class=\"content-asset\">Livraison et d\u00e9laisRetours et remboursements<\/div>\n<\/div>\n<\/div>\n<\/div>\n<\/div>\n<\/div>\n<\/div>\n","protected":false},"excerpt":{"rendered":"<p>Points cl\u00e9s Spray rafra\u00eechissant pour boucles Redessine vos boucles Effet anti-frisottis, de la d\u00e9finition et&hellip;<\/p>\n","protected":false},"featured_media":30454,"comment_status":"open","ping_status":"closed","template":"","meta":[],"pwb-brand":[648],"product_cat":[596],"product_tag":[128,127,323],"class_list":{"0":"post-30457","1":"product","2":"type-product","3":"status-publish","4":"has-post-thumbnail","6":"pwb-brand-wella-professionals","7":"product_cat-produit-coiffant-et-fixant","8":"product_tag-produit-coiffant-et-fixant","9":"product_tag-shampooing-et-coiffure","10":"product_tag-wella-professionals","12":"first","13":"instock","14":"taxable","15":"shipping-taxable","16":"purchasable","17":"product-type-simple","18":"layout-style-3","19":"col-md-4 col-sm-4 col-xs-6","20":"col-lg-3","21":"product-has-gallery","22":"product-style-default"},"aioseo_notices":[],"brands":[{"id":648,"name":"Wella Professionals","slug":"wella-professionals"}],"_links":{"self":[{"href":"https:\/\/cheveuxluxe.com\/index.php\/wp-json\/wp\/v2\/product\/30457","targetHints":{"allow":["GET"]}}],"collection":[{"href":"https:\/\/cheveuxluxe.com\/index.php\/wp-json\/wp\/v2\/product"}],"about":[{"href":"https:\/\/cheveuxluxe.com\/index.php\/wp-json\/wp\/v2\/types\/product"}],"replies":[{"embeddable":true,"href":"https:\/\/cheveuxluxe.com\/index.php\/wp-json\/wp\/v2\/comments?post=30457"}],"version-history":[{"count":0,"href":"https:\/\/cheveuxluxe.com\/index.php\/wp-json\/wp\/v2\/product\/30457\/revisions"}],"wp:featuredmedia":[{"embeddable":true,"href":"https:\/\/cheveuxluxe.com\/index.php\/wp-json\/wp\/v2\/media\/30454"}],"wp:attachment":[{"href":"https:\/\/cheveuxluxe.com\/index.php\/wp-json\/wp\/v2\/media?parent=30457"}],"wp:term":[{"taxonomy":"pwb-brand","embeddable":true,"href":"https:\/\/cheveuxluxe.com\/index.php\/wp-json\/wp\/v2\/pwb-brand?post=30457"},{"taxonomy":"product_cat","embeddable":true,"href":"https:\/\/cheveuxluxe.com\/index.php\/wp-json\/wp\/v2\/product_cat?post=30457"},{"taxonomy":"product_tag","embeddable":true,"href":"https:\/\/cheveuxluxe.com\/index.php\/wp-json\/wp\/v2\/product_tag?post=30457"}],"curies":[{"name":"wp","href":"https:\/\/api.w.org\/{rel}","templated":true}]}}