{"id":30474,"date":"2024-04-09T22:46:31","date_gmt":"2024-04-09T22:46:31","guid":{"rendered":"https:\/\/cheveuxluxe.com\/index.php\/product\/wella-professionals-eimi-nutricurls-soft-twirl-mousse-anti-frisottis-200ml\/"},"modified":"2024-04-13T14:04:23","modified_gmt":"2024-04-13T14:04:23","slug":"wella-professionals-eimi-nutricurls-soft-twirl-mousse-anti-frisottis-200ml","status":"publish","type":"product","link":"https:\/\/cheveuxluxe.com\/index.php\/product\/wella-professionals-eimi-nutricurls-soft-twirl-mousse-anti-frisottis-200ml\/","title":{"rendered":"Wella Professionals EIMI Nutricurls Soft Twirl Mousse Anti-Frisottis 200ml"},"content":{"rendered":"<div class=\"product-content_bottom\">\n<div class=\"pdp-info\">\n<div class=\"pdp-tabs tab-container\">\n<div class=\"tab js-tab\">\n<h3 class=\"tab-title pdp-tabs_title js-tab-mobile-title open\"><span>Points cl\u00e9s<\/span><\/h3>\n<div class=\"tab-description pdp-tabs_description js-tab-description open\" itemprop=\"description\">\n<ul>\n<li>Mousse l\u00e9g\u00e8re anti-frisottis 72H<\/li>\n<li>Apporte du volume et de la d\u00e9finition \u00e0 vos cheveux ondul\u00e9s<\/li>\n<li>Fixation niveau 2<\/li>\n<\/ul>\n<\/div>\n<\/div>\n<div class=\"tab js-tab\">\n<h3 class=\"tab-title pdp-tabs_title js-tab-mobile-title\"><span>Description<\/span><\/h3>\n<div class=\"tab-description pdp-tabs_description js-tab-description\" itemprop=\"description\">La collection EIMI NUTRICURLS offre diff\u00e9rents niveaux de tenue pour donner du volume, de la d\u00e9finition et du style \u00e0 vos boucles et ondulations.<br \/>Soft Twirl est une mousse l\u00e9g\u00e8re pour cheveux ondul\u00e9s.<br \/>?Elle apporte du volume et de la d\u00e9finition \u00e0 vos cheveux, avec un effet anti-frisottis jusqu\u2019\u00e0 72 heures.<\/div>\n<\/div>\n<div class=\"tab js-tab\">\n<h3 class=\"tab-title pdp-tabs_title js-tab-mobile-title\"><span>Mode d&#8217;emploi<\/span><\/h3>\n<div class=\"tab-description pdp-tabs_description js-tab-description\">Appliquez de fa\u00e7on uniforme sur cheveux humides.<br \/>Laissez s\u00e9cher \u00e0 l\u2019air libre ou utilisez un diffuseur.<\/div>\n<\/div>\n<div class=\"tab js-tab\">\n<h3 class=\"tab-title pdp-tabs_title js-tab-mobile-title\"><span>Ingr\u00e9dients<\/span><\/h3>\n<div class=\"tab-description pdp-tabs_description js-tab-description\">Eau, Propylene Glycol, PEG-40 Hydrogenated Castor Oil, Glycerin, Alcohol Denat., Phenoxyethanol, Polyquaternium-10, Caprylyl Glycol, Fragrance, PVP, Cocamidopropyl Hydroxysultaine, Panthenol, AMP-Acrylates, Allyl Methacrylate Copolymer, Simmondsia Chinensis (Jojoba) Seed Oil, Polyquaternium-72, Sodium Chloride, Trisodium Ethylenediamine Disuccinate, Linalool, Hexyl Cinnamal, Limonene, Citric Acid, Geraniol, Citronellol, Sodium Hydroxide, Cetearyl Nonanoate, Ethylhexyl Isononanoate, Triticum Vulgare (Bl\u00e9) Germ Oil, Triticum Vulgare (Bl\u00e9) Bran Extract, Linoleic Acid, Camellia Oleifera Seed Oil, Tocopherol<\/div>\n<\/div>\n<div class=\"tab js-tab\">\n<h3 class=\"tab-title pdp-tabs_title js-tab-mobile-title\"><span>Livraison et stock<\/span><\/h3>\n<div class=\"tab-description pdp-tabs_description js-tab-description\">\n<div class=\"pdp-delivery_info\">\n<div class=\"content-asset\">Livraison et d\u00e9laisRetours et remboursements<\/div>\n<\/div>\n<\/div>\n<\/div>\n<\/div>\n<\/div>\n<\/div>\n","protected":false},"excerpt":{"rendered":"<p>Points cl\u00e9s Mousse l\u00e9g\u00e8re anti-frisottis 72H Apporte du volume et de la d\u00e9finition \u00e0 vos&hellip;<\/p>\n","protected":false},"featured_media":22060,"comment_status":"open","ping_status":"closed","template":"","meta":[],"pwb-brand":[648],"product_cat":[596],"product_tag":[128,127,323],"class_list":{"0":"post-30474","1":"product","2":"type-product","3":"status-publish","4":"has-post-thumbnail","6":"pwb-brand-wella-professionals","7":"product_cat-produit-coiffant-et-fixant","8":"product_tag-produit-coiffant-et-fixant","9":"product_tag-shampooing-et-coiffure","10":"product_tag-wella-professionals","12":"first","13":"instock","14":"taxable","15":"shipping-taxable","16":"purchasable","17":"product-type-simple","18":"layout-style-3","19":"col-md-4 col-sm-4 col-xs-6","20":"col-lg-3","21":"product-has-gallery","22":"product-style-default"},"aioseo_notices":[],"brands":[{"id":648,"name":"Wella Professionals","slug":"wella-professionals"}],"_links":{"self":[{"href":"https:\/\/cheveuxluxe.com\/index.php\/wp-json\/wp\/v2\/product\/30474","targetHints":{"allow":["GET"]}}],"collection":[{"href":"https:\/\/cheveuxluxe.com\/index.php\/wp-json\/wp\/v2\/product"}],"about":[{"href":"https:\/\/cheveuxluxe.com\/index.php\/wp-json\/wp\/v2\/types\/product"}],"replies":[{"embeddable":true,"href":"https:\/\/cheveuxluxe.com\/index.php\/wp-json\/wp\/v2\/comments?post=30474"}],"version-history":[{"count":0,"href":"https:\/\/cheveuxluxe.com\/index.php\/wp-json\/wp\/v2\/product\/30474\/revisions"}],"wp:featuredmedia":[{"embeddable":true,"href":"https:\/\/cheveuxluxe.com\/index.php\/wp-json\/wp\/v2\/media\/22060"}],"wp:attachment":[{"href":"https:\/\/cheveuxluxe.com\/index.php\/wp-json\/wp\/v2\/media?parent=30474"}],"wp:term":[{"taxonomy":"pwb-brand","embeddable":true,"href":"https:\/\/cheveuxluxe.com\/index.php\/wp-json\/wp\/v2\/pwb-brand?post=30474"},{"taxonomy":"product_cat","embeddable":true,"href":"https:\/\/cheveuxluxe.com\/index.php\/wp-json\/wp\/v2\/product_cat?post=30474"},{"taxonomy":"product_tag","embeddable":true,"href":"https:\/\/cheveuxluxe.com\/index.php\/wp-json\/wp\/v2\/product_tag?post=30474"}],"curies":[{"name":"wp","href":"https:\/\/api.w.org\/{rel}","templated":true}]}}