{"id":30477,"date":"2024-04-09T22:46:32","date_gmt":"2024-04-09T22:46:32","guid":{"rendered":"https:\/\/cheveuxluxe.com\/index.php\/product\/vitalitys-cire-wax-spray-matt-200ml\/"},"modified":"2024-04-13T14:04:24","modified_gmt":"2024-04-13T14:04:24","slug":"vitalitys-cire-wax-spray-matt-200ml","status":"publish","type":"product","link":"https:\/\/cheveuxluxe.com\/index.php\/product\/vitalitys-cire-wax-spray-matt-200ml\/","title":{"rendered":"Vitality&rsquo;s Cire Wax Spray Matt 200ml"},"content":{"rendered":"<div class=\"product-content_bottom\">\n<div class=\"pdp-info\">\n<div class=\"pdp-tabs tab-container\">\n<div class=\"tab js-tab\">\n<h3 class=\"tab-title pdp-tabs_title js-tab-mobile-title open\"><span>Points cl\u00e9s<\/span><\/h3>\n<div class=\"tab-description pdp-tabs_description js-tab-description open\" itemprop=\"description\">\n<ul>\n<li> Antistatique<\/li>\n<li>N\u2019alourdit pas<\/li>\n<li>L\u00e9g\u00e8ret\u00e9 <\/li>\n<li>Volume<\/li>\n<li>Effet mat <\/li>\n<\/ul>\n<\/div>\n<\/div>\n<div class=\"tab js-tab\">\n<h3 class=\"tab-title pdp-tabs_title js-tab-mobile-title\"><span>Description<\/span><\/h3>\n<div class=\"tab-description pdp-tabs_description js-tab-description\" itemprop=\"description\">La Wax Spray Matt Weho de Vitality\u2019s est une cire en spray qui apporte du corps et de la consistance \u00e0 votre chevelure tout en cr\u00e9ant un effet mat.Avec une formulation sp\u00e9ciale, ce spray apporte douceur et l\u00e9g\u00e8ret\u00e9 \u00e0 la chevelure sans l\u2019alourdir. Cette cire en spray est id\u00e9ale pour r\u00e9aliser des brushings souples et volumisants et l\u2019effet \u00e9lectrostatique d\u00fb au s\u00e8che-cheveux est purement et simplement \u00e9limin\u00e9. Elle ne colle pas et apporte un maintien naturel.Le spray est \u00e0 utiliser sur cheveux secs, apr\u00e8s le brushing, en vaporisant le produit de loin, comme une laque qui se d\u00e9pose ainsi sur toute la chevelure. La buse de vaporisation haute technologie assure une r\u00e9partition optimale en dosant parfaitement le produit.Elle peut aussi \u00eatre vaporis\u00e9e de pr\u00e8s et travaill\u00e9e par mouvements rapides pour retoucher et modeler les m\u00e8ches.Wax Spray Matt Weho de Vitality\u2019s convient \u00e9galement \u00e0 la client\u00e8le masculine pour cr\u00e9er un effet \u00ab\u00a0coiff\u00e9\/d\u00e9coiff\u00e9\u00a0\u00bb.<\/div>\n<\/div>\n<div class=\"tab js-tab\">\n<h3 class=\"tab-title pdp-tabs_title js-tab-mobile-title\"><span>Mode d&#8217;emploi<\/span><\/h3>\n<div class=\"tab-description pdp-tabs_description js-tab-description\">Agiter avant l\u2019utilisation, Puis vaporiser sur la chevelure s\u00e8che ou appliquer directement \u00e0 la main pour mod\u00e9liser la coiffure.<\/div>\n<\/div>\n<div class=\"tab js-tab\">\n<h3 class=\"tab-title pdp-tabs_title js-tab-mobile-title\"><span>Ingr\u00e9dients<\/span><\/h3>\n<div class=\"tab-description pdp-tabs_description js-tab-description\">DIMETHYL ETHER, ALCOHOL DENAT., GLYCERIN, VA, CROTONATES, VINYL NEODECANOATE COPOLYMER, PROPYLENE GLYCOL, AMINOMETHYL PROPANOL, OCTYLDODECANOL, BENZYL SALICYLATE, BUTYLPHENYL METHYLPROPIONAL, CITRONELLOL, LIMONENE, HEXYL CINNAMAL, LINALOOL, PARFUM (FRAGRANCE).<\/div>\n<\/div>\n<div class=\"tab js-tab\">\n<h3 class=\"tab-title pdp-tabs_title js-tab-mobile-title\"><span>Livraison et stock<\/span><\/h3>\n<div class=\"tab-description pdp-tabs_description js-tab-description\">\n<div class=\"pdp-delivery_info\">\n<div class=\"content-asset\">Livraison et d\u00e9laisRetours et remboursements<\/div>\n<\/div>\n<\/div>\n<\/div>\n<\/div>\n<\/div>\n<\/div>\n","protected":false},"excerpt":{"rendered":"<p>Points cl\u00e9s Antistatique N\u2019alourdit pas L\u00e9g\u00e8ret\u00e9 Volume Effet mat Description La Wax Spray Matt Weho&hellip;<\/p>\n","protected":false},"featured_media":18832,"comment_status":"open","ping_status":"closed","template":"","meta":[],"pwb-brand":[651],"product_cat":[596],"product_tag":[128,127,333],"class_list":{"0":"post-30477","1":"product","2":"type-product","3":"status-publish","4":"has-post-thumbnail","6":"pwb-brand-vitalitys","7":"product_cat-produit-coiffant-et-fixant","8":"product_tag-produit-coiffant-et-fixant","9":"product_tag-shampooing-et-coiffure","10":"product_tag-vitalitys","12":"first","13":"instock","14":"taxable","15":"shipping-taxable","16":"purchasable","17":"product-type-simple","18":"layout-style-3","19":"col-md-4 col-sm-4 col-xs-6","20":"col-lg-3","21":"product-style-default"},"aioseo_notices":[],"brands":[{"id":651,"name":"Vitality's","slug":"vitalitys"}],"_links":{"self":[{"href":"https:\/\/cheveuxluxe.com\/index.php\/wp-json\/wp\/v2\/product\/30477","targetHints":{"allow":["GET"]}}],"collection":[{"href":"https:\/\/cheveuxluxe.com\/index.php\/wp-json\/wp\/v2\/product"}],"about":[{"href":"https:\/\/cheveuxluxe.com\/index.php\/wp-json\/wp\/v2\/types\/product"}],"replies":[{"embeddable":true,"href":"https:\/\/cheveuxluxe.com\/index.php\/wp-json\/wp\/v2\/comments?post=30477"}],"version-history":[{"count":0,"href":"https:\/\/cheveuxluxe.com\/index.php\/wp-json\/wp\/v2\/product\/30477\/revisions"}],"wp:featuredmedia":[{"embeddable":true,"href":"https:\/\/cheveuxluxe.com\/index.php\/wp-json\/wp\/v2\/media\/18832"}],"wp:attachment":[{"href":"https:\/\/cheveuxluxe.com\/index.php\/wp-json\/wp\/v2\/media?parent=30477"}],"wp:term":[{"taxonomy":"pwb-brand","embeddable":true,"href":"https:\/\/cheveuxluxe.com\/index.php\/wp-json\/wp\/v2\/pwb-brand?post=30477"},{"taxonomy":"product_cat","embeddable":true,"href":"https:\/\/cheveuxluxe.com\/index.php\/wp-json\/wp\/v2\/product_cat?post=30477"},{"taxonomy":"product_tag","embeddable":true,"href":"https:\/\/cheveuxluxe.com\/index.php\/wp-json\/wp\/v2\/product_tag?post=30477"}],"curies":[{"name":"wp","href":"https:\/\/api.w.org\/{rel}","templated":true}]}}