{"id":30480,"date":"2024-04-09T22:46:33","date_gmt":"2024-04-09T22:46:33","guid":{"rendered":"https:\/\/cheveuxluxe.com\/index.php\/product\/vitalitys-lotion-brillance-shine-drops-50ml\/"},"modified":"2024-04-13T14:04:26","modified_gmt":"2024-04-13T14:04:26","slug":"vitalitys-lotion-brillance-shine-drops-50ml","status":"publish","type":"product","link":"https:\/\/cheveuxluxe.com\/index.php\/product\/vitalitys-lotion-brillance-shine-drops-50ml\/","title":{"rendered":"Vitality&rsquo;s Lotion Brillance Shine Drops 50ml"},"content":{"rendered":"<div class=\"product-content_bottom\">\n<div class=\"pdp-info\">\n<div class=\"pdp-tabs tab-container\">\n<div class=\"tab js-tab\">\n<h3 class=\"tab-title pdp-tabs_title js-tab-mobile-title open\"><span>Points cl\u00e9s<\/span><\/h3>\n<div class=\"tab-description pdp-tabs_description js-tab-description open\" itemprop=\"description\">\n<ul>\n<li> Brillance<\/li>\n<li>Anti frisottis<\/li>\n<li>Anti humidit\u00e9<\/li>\n<li>Huile<\/li>\n<li>N&rsquo;alourdit pas <\/li>\n<\/ul>\n<\/div>\n<\/div>\n<div class=\"tab js-tab\">\n<h3 class=\"tab-title pdp-tabs_title js-tab-mobile-title\"><span>Description<\/span><\/h3>\n<div class=\"tab-description pdp-tabs_description js-tab-description\" itemprop=\"description\">Si vous souhaitez une chevelure soyeuse et brillante comme jamais, il vous faut utiliser Weho Shine Drops de Vitality&rsquo;s, lotion gouttes qui lissera la fibre capillaire et \u00e9vitera l&rsquo;apparition des pointes fourchues. Fini donc les frisottis et place \u00e0 une chevelure disciplin\u00e9e, pleine de vitalit\u00e9, d\u00e9m\u00eal\u00e9e et tr\u00e8s facile \u00e0 coiffer.\u00c0 ces bienfaits s\u2019ajoutent un contr\u00f4le optimal de l\u2019\u00e9lectricit\u00e9 statique, et une sensation de grand confort qui dure toute la journ\u00e9e. Adapt\u00e9e \u00e0 tout type de cheveux, y compris les plus fins, la lotion Weho Shine Drops de Vitality&rsquo;s n&rsquo;alourdit pas, prot\u00e8ge contre l&rsquo;humidit\u00e9 et peut \u00eatre appliqu\u00e9e quotidiennement sur cheveux secs.Gr\u00e2ce aux actifs naturels contenus dans les produits de soins Vitality&rsquo;s, les cheveux retrouvent instantan\u00e9ment leur brillance et leur vitalit\u00e9.<\/div>\n<\/div>\n<div class=\"tab js-tab\">\n<h3 class=\"tab-title pdp-tabs_title js-tab-mobile-title\"><span>Mode d&#8217;emploi<\/span><\/h3>\n<div class=\"tab-description pdp-tabs_description js-tab-description\">Apr\u00e8s avoir s\u00e9ch\u00e9 les cheveux, appliquer quelques gouttes de Weho Shine Drops sur vos mains puis masser la chevelure pour un fini brillant et lumineux.<\/div>\n<\/div>\n<div class=\"tab js-tab\">\n<h3 class=\"tab-title pdp-tabs_title js-tab-mobile-title\"><span>Ingr\u00e9dients<\/span><\/h3>\n<div class=\"tab-description pdp-tabs_description js-tab-description\">CYCLOMETHICONE, DIMETHICONE (WATER), GLYCERIN, PPG-5 CETETH-20, ISOPROPYL MYRISTATE, LAURETH-6 CARBOXYLIC ACID, DIMETHICONOL, PHENOXYETHANOL, SODIUM HYDROXIDE, ETHYLHEXYLGLYCERIN, LIMONENE, HEXYL CINNAMAL, CITRAL, PARFUM (FRAGRANCE).<\/div>\n<\/div>\n<div class=\"tab js-tab\">\n<h3 class=\"tab-title pdp-tabs_title js-tab-mobile-title\"><span>Livraison et stock<\/span><\/h3>\n<div class=\"tab-description pdp-tabs_description js-tab-description\">\n<div class=\"pdp-delivery_info\">\n<div class=\"content-asset\">Livraison et d\u00e9laisRetours et remboursements<\/div>\n<\/div>\n<\/div>\n<\/div>\n<\/div>\n<\/div>\n<\/div>\n","protected":false},"excerpt":{"rendered":"<p>Points cl\u00e9s Brillance Anti frisottis Anti humidit\u00e9 Huile N&rsquo;alourdit pas Description Si vous souhaitez une&hellip;<\/p>\n","protected":false},"featured_media":20334,"comment_status":"open","ping_status":"closed","template":"","meta":[],"pwb-brand":[651],"product_cat":[596],"product_tag":[128,127,333],"class_list":{"0":"post-30480","1":"product","2":"type-product","3":"status-publish","4":"has-post-thumbnail","6":"pwb-brand-vitalitys","7":"product_cat-produit-coiffant-et-fixant","8":"product_tag-produit-coiffant-et-fixant","9":"product_tag-shampooing-et-coiffure","10":"product_tag-vitalitys","12":"first","13":"instock","14":"taxable","15":"shipping-taxable","16":"purchasable","17":"product-type-simple","18":"layout-style-3","19":"col-md-4 col-sm-4 col-xs-6","20":"col-lg-3","21":"product-style-default"},"aioseo_notices":[],"brands":[{"id":651,"name":"Vitality's","slug":"vitalitys"}],"_links":{"self":[{"href":"https:\/\/cheveuxluxe.com\/index.php\/wp-json\/wp\/v2\/product\/30480","targetHints":{"allow":["GET"]}}],"collection":[{"href":"https:\/\/cheveuxluxe.com\/index.php\/wp-json\/wp\/v2\/product"}],"about":[{"href":"https:\/\/cheveuxluxe.com\/index.php\/wp-json\/wp\/v2\/types\/product"}],"replies":[{"embeddable":true,"href":"https:\/\/cheveuxluxe.com\/index.php\/wp-json\/wp\/v2\/comments?post=30480"}],"version-history":[{"count":0,"href":"https:\/\/cheveuxluxe.com\/index.php\/wp-json\/wp\/v2\/product\/30480\/revisions"}],"wp:featuredmedia":[{"embeddable":true,"href":"https:\/\/cheveuxluxe.com\/index.php\/wp-json\/wp\/v2\/media\/20334"}],"wp:attachment":[{"href":"https:\/\/cheveuxluxe.com\/index.php\/wp-json\/wp\/v2\/media?parent=30480"}],"wp:term":[{"taxonomy":"pwb-brand","embeddable":true,"href":"https:\/\/cheveuxluxe.com\/index.php\/wp-json\/wp\/v2\/pwb-brand?post=30480"},{"taxonomy":"product_cat","embeddable":true,"href":"https:\/\/cheveuxluxe.com\/index.php\/wp-json\/wp\/v2\/product_cat?post=30480"},{"taxonomy":"product_tag","embeddable":true,"href":"https:\/\/cheveuxluxe.com\/index.php\/wp-json\/wp\/v2\/product_tag?post=30480"}],"curies":[{"name":"wp","href":"https:\/\/api.w.org\/{rel}","templated":true}]}}