{"id":30507,"date":"2024-04-09T22:46:44","date_gmt":"2024-04-09T22:46:44","guid":{"rendered":"https:\/\/cheveuxluxe.com\/index.php\/product\/tigi-bed-head-some-like-it-hot-spray-de-protection-anti-chaleur-100ml\/"},"modified":"2024-04-13T14:04:40","modified_gmt":"2024-04-13T14:04:40","slug":"tigi-bed-head-some-like-it-hot-spray-de-protection-anti-chaleur-100ml","status":"publish","type":"product","link":"https:\/\/cheveuxluxe.com\/index.php\/product\/tigi-bed-head-some-like-it-hot-spray-de-protection-anti-chaleur-100ml\/","title":{"rendered":"Tigi Bed Head Some Like It Hot Spray de Protection Anti-chaleur 100ml"},"content":{"rendered":"<div class=\"product-content_bottom\">\n<div class=\"pdp-info\">\n<div class=\"pdp-tabs tab-container\">\n<div class=\"tab js-tab\">\n<h3 class=\"tab-title pdp-tabs_title js-tab-mobile-title open\"><span>Points cl\u00e9s<\/span><\/h3>\n<div class=\"tab-description pdp-tabs_description js-tab-description open\" itemprop=\"description\">\n<ul>\n<li>Une thermo protection jusqu&rsquo;\u00e0 230 degr\u00e9s<\/li>\n<li>Des cheveux plus forts et moins cassants<\/li>\n<li>Des cheveux doux et souples<\/li>\n<\/ul>\n<\/div>\n<\/div>\n<div class=\"tab js-tab\">\n<h3 class=\"tab-title pdp-tabs_title js-tab-mobile-title\"><span>Description<\/span><\/h3>\n<div class=\"tab-description pdp-tabs_description js-tab-description\" itemprop=\"description\">Nouveau spray protecteur Some Like It Hot Heat de Bed Head. Une puissante formule de protection contre la chaleur, con\u00e7ue avec des coiffeurs professionnels et utilis\u00e9e en salon. Des r\u00e9sultats et une exp\u00e9rience de salon \u00e0 la maison. Si vous aimiez le spray protecteur Beach Bound de Bed Head, vous allez adorer Some Like It Hot.<\/p>\n<p>Utilisez toujours une protection\u00a0! Le spray de protecteur Some Like It Hot de Bed Head prot\u00e8ge vos cheveux de la chaleur jusqu&rsquo;\u00e0 230 degr\u00e9s. Ce spray de protection contre la chaleur aide \u00e9galement \u00e0 lutter contre l&rsquo;humidit\u00e9, \u00e0 contr\u00f4ler les frisottis et \u00e0 adoucir les cheveux. Les cheveux sont doux, lisses, plus forts et prot\u00e9g\u00e9s. <\/p>\n<p>Id\u00e9al pour tous les types de cheveux. Avant d&rsquo;utiliser des appareils de coiffage chauffants, vaporisez sur les cheveux humides en vous concentrant sur les pointes. Prot\u00e8ge jusqu&rsquo;\u00e0 230 degr\u00e9s Celsius.<\/p>\n<p>Formul\u00e9 \u00e0 partir de composants anti-humidit\u00e9 qui cr\u00e9ent un bouclier anti-frisottis pour les cheveux color\u00e9s qui ont perdu leur d\u00e9fense lors du processus de coloration, d\u00e9m\u00ealent et adoucissent les cheveux\u00a0; de la technologie Repair Active qui p\u00e9n\u00e8tre dans les cheveux, rendant les liaisons prot\u00e9iques plus r\u00e9sistantes pour des cheveux plus forts, moins cassants\u00a0; de glyc\u00e9rine pour l&rsquo;hydratation\u00a0; d\u2019\u00e9mulsion de nutrition de surface qui assouplit et nourrit les zones rugueuses \u00e0 la surface des cheveux\u00a0; de mol\u00e9cules coiffantes douces qui lissent les m\u00e8ches rebelles\u00a0; d\u2019huile de graines de tournesol, source de vitamine E\u00a0; et d\u2019extrait de pamplemousse, source de vitamine C.<\/p>\n<p>Ce spray de protection thermique professionnel de 100\u00a0ml poss\u00e8de un parfum Joyful Juicy\u00a0!<\/p><\/div>\n<\/div>\n<div class=\"tab js-tab\">\n<h3 class=\"tab-title pdp-tabs_title js-tab-mobile-title\"><span>Mode d&#8217;emploi<\/span><\/h3>\n<div class=\"tab-description pdp-tabs_description js-tab-description\">Avant d\u2019utiliser des appareils de coiffure chauffants, vaporisez sur vos cheveux humides, en insistant sur les pointes.<br \/>Prot\u00e8ge jusqu&rsquo;\u00e0 230 degr\u00e9s.<\/div>\n<\/div>\n<div class=\"tab js-tab\">\n<h3 class=\"tab-title pdp-tabs_title js-tab-mobile-title\"><span>Ingr\u00e9dients<\/span><\/h3>\n<div class=\"tab-description pdp-tabs_description js-tab-description\">Water (Aqua\/Eau), Glycerin, VP\/VA Copolymer, PEG-7 Dimethicone, Phenoxyethanol, PEG\/PPG-25\/25 Dimethicone, Laureth-7, Fragrance (Parfum), Caprylyl Glycol, Coceth-7, PPG-1-PEG-9 Lauryl Glycol Ether, Polysorbate 20, PEG-40 Hydrogenated Castor Oil, Citric Acid, Gluconolactone, Trehalose, Helianthus Annuus (Sunflower) Seed Oil, Propylene Glycol, Citrus Paradisi (Grapefruit) Fruit Extract, Cetrimonium Chloride, Disodium EDTA, Lactic Acid, Sodium Benzoate, Sodium Sulfate, Isopropyl Alcohol, Laurtrimonium Chloride, Benzophenone-4, Citronellol, Coumarin, Limonene, Linalool.<\/div>\n<\/div>\n<div class=\"tab js-tab\">\n<h3 class=\"tab-title pdp-tabs_title js-tab-mobile-title\"><span>Livraison et stock<\/span><\/h3>\n<div class=\"tab-description pdp-tabs_description js-tab-description\">\n<div class=\"pdp-delivery_info\">\n<div class=\"content-asset\">Livraison et d\u00e9laisRetours et remboursements<\/div>\n<\/div>\n<\/div>\n<\/div>\n<div class=\"tab js-tab\">\n<h3 class=\"tab-title pdp-tabs_title js-tab-mobile-title\"><span>Pr\u00e9cautions d&#8217;emploi<\/span><\/h3>\n<div class=\"tab-description pdp-tabs_description js-tab-description\">ATTENTION :<br \/>\u00c9VITER LE CONTACT AVEC LES YEUX. EN CAS DE CONTACT, RINCER \u00c0 L\u2019EAU<\/div>\n<\/div>\n<\/div>\n<\/div>\n<\/div>\n","protected":false},"excerpt":{"rendered":"<p>Points cl\u00e9s Une thermo protection jusqu&rsquo;\u00e0 230 degr\u00e9s Des cheveux plus forts et moins cassants&hellip;<\/p>\n","protected":false},"featured_media":21495,"comment_status":"open","ping_status":"closed","template":"","meta":[],"pwb-brand":[663],"product_cat":[596],"product_tag":[128,127,390],"class_list":{"0":"post-30507","1":"product","2":"type-product","3":"status-publish","4":"has-post-thumbnail","6":"pwb-brand-tigi","7":"product_cat-produit-coiffant-et-fixant","8":"product_tag-produit-coiffant-et-fixant","9":"product_tag-shampooing-et-coiffure","10":"product_tag-tigi","12":"first","13":"instock","14":"taxable","15":"shipping-taxable","16":"purchasable","17":"product-type-simple","18":"layout-style-3","19":"col-md-4 col-sm-4 col-xs-6","20":"col-lg-3","21":"product-style-default"},"aioseo_notices":[],"brands":[{"id":663,"name":"Tigi","slug":"tigi"}],"_links":{"self":[{"href":"https:\/\/cheveuxluxe.com\/index.php\/wp-json\/wp\/v2\/product\/30507","targetHints":{"allow":["GET"]}}],"collection":[{"href":"https:\/\/cheveuxluxe.com\/index.php\/wp-json\/wp\/v2\/product"}],"about":[{"href":"https:\/\/cheveuxluxe.com\/index.php\/wp-json\/wp\/v2\/types\/product"}],"replies":[{"embeddable":true,"href":"https:\/\/cheveuxluxe.com\/index.php\/wp-json\/wp\/v2\/comments?post=30507"}],"version-history":[{"count":0,"href":"https:\/\/cheveuxluxe.com\/index.php\/wp-json\/wp\/v2\/product\/30507\/revisions"}],"wp:featuredmedia":[{"embeddable":true,"href":"https:\/\/cheveuxluxe.com\/index.php\/wp-json\/wp\/v2\/media\/21495"}],"wp:attachment":[{"href":"https:\/\/cheveuxluxe.com\/index.php\/wp-json\/wp\/v2\/media?parent=30507"}],"wp:term":[{"taxonomy":"pwb-brand","embeddable":true,"href":"https:\/\/cheveuxluxe.com\/index.php\/wp-json\/wp\/v2\/pwb-brand?post=30507"},{"taxonomy":"product_cat","embeddable":true,"href":"https:\/\/cheveuxluxe.com\/index.php\/wp-json\/wp\/v2\/product_cat?post=30507"},{"taxonomy":"product_tag","embeddable":true,"href":"https:\/\/cheveuxluxe.com\/index.php\/wp-json\/wp\/v2\/product_tag?post=30507"}],"curies":[{"name":"wp","href":"https:\/\/api.w.org\/{rel}","templated":true}]}}