{"id":30522,"date":"2024-04-09T22:47:07","date_gmt":"2024-04-09T22:47:07","guid":{"rendered":"https:\/\/cheveuxluxe.com\/index.php\/product\/s-pro-mousse-forte-400ml\/"},"modified":"2024-04-13T14:04:47","modified_gmt":"2024-04-13T14:04:47","slug":"s-pro-mousse-forte-400ml","status":"publish","type":"product","link":"https:\/\/cheveuxluxe.com\/index.php\/product\/s-pro-mousse-forte-400ml\/","title":{"rendered":"S-PRO Mousse Forte 400ml"},"content":{"rendered":"<div class=\"product-content_bottom\">\n<div class=\"pdp-info\">\n<div class=\"pdp-tabs tab-container\">\n<div class=\"tab js-tab\">\n<h3 class=\"tab-title pdp-tabs_title js-tab-mobile-title open\"><span>Points cl\u00e9s<\/span><\/h3>\n<div class=\"tab-description pdp-tabs_description js-tab-description open\" itemprop=\"description\">\n<ul>\n<li>Pour chaque type de cheveux<\/li>\n<li>Tenue extra longue dur\u00e9e, souplesse et volume<\/li>\n<li>Rend les cheveux brillants et faciles \u00e0 coiffer<\/li>\n<li>Particuli\u00e8rement adapt\u00e9e pour<\/li>\n<li>Les brushings et mises en pils<\/li>\n<li>Fixation forte<\/li>\n<\/ul>\n<\/div>\n<\/div>\n<div class=\"tab js-tab\">\n<h3 class=\"tab-title pdp-tabs_title js-tab-mobile-title\"><span>Description<\/span><\/h3>\n<div class=\"tab-description pdp-tabs_description js-tab-description\" itemprop=\"description\">Offre \u00e0 chaque type de cheveux une tenue extra longue dur\u00e9e, une souplesse et un volume plus important. Rend les cheveux brillants et faciles \u00e0 coiffer. Particuli\u00e8rement adapt\u00e9e pour les brushings et mises en pils. Fixation forte.<\/div>\n<\/div>\n<div class=\"tab js-tab\">\n<h3 class=\"tab-title pdp-tabs_title js-tab-mobile-title\"><span>Mode d&#8217;emploi<\/span><\/h3>\n<div class=\"tab-description pdp-tabs_description js-tab-description\">\n<ul>\n<li>Agitez vigoureusement avant usage.<\/li>\n<li>Tenez le r\u00e9cipient vers le bas.<\/li>\n<li>Vaporisez une quantit\u00e9 de produit de la taille d\u2019une balle de tennis dans la paume de votre main.<\/li>\n<li>R\u00e9partissez uniform\u00e9ment dans les cheveux avec le bout des doigts.<\/li>\n<li>Ne rincez pas.<\/li>\n<\/ul>\n<\/div>\n<\/div>\n<div class=\"tab js-tab\">\n<h3 class=\"tab-title pdp-tabs_title js-tab-mobile-title\"><span>Ingr\u00e9dients<\/span><\/h3>\n<div class=\"tab-description pdp-tabs_description js-tab-description\">AQUA, PROPANE, ISOBUTANE, OLETH-20, VP\/VA COPOLYMER, POLYQUATERNIUM-16, PARFUM, PVP\/DMAPA ACRYLATES COPOLYMER, BUTANE, PANTHENOL, CITRIC ACID.<\/div>\n<\/div>\n<div class=\"tab js-tab\">\n<h3 class=\"tab-title pdp-tabs_title js-tab-mobile-title\"><span>Livraison et stock<\/span><\/h3>\n<div class=\"tab-description pdp-tabs_description js-tab-description\">\n<div class=\"pdp-delivery_info\">\n<div class=\"content-asset\">Livraison et d\u00e9laisRetours et remboursements<\/div>\n<\/div>\n<\/div>\n<\/div>\n<div class=\"tab js-tab\">\n<h3 class=\"tab-title pdp-tabs_title js-tab-mobile-title\"><span>Pr\u00e9cautions d&#8217;emploi<\/span><\/h3>\n<div class=\"tab-description pdp-tabs_description js-tab-description\">A\u00e9rosol inflammable. R\u00e9cipient sous pression. Prot\u00e9ger du rayonnement solaire. Ne pas exposer \u00e0 une temp\u00e9rature sup\u00e9rieure \u00e0 50\u00b0C. Ne pas perforer, ni br\u00fbler, m\u00eame apr\u00e8s usage. Tenir \u00e0 l\u2019\u00e9cart de la chaleur\/des \u00e9tincelles\/des flammes nues\/des surfaces chaudes. Ne pas fumer. Tenir hors de port\u00e9e des enfants. Utiliser dans des zones bien ventil\u00e9es. Ne pas vaporiser vers les yeux ou sur une peau irrit\u00e9e. Ne pas utiliser pour un usage autre que celui auquel le produit est destin\u00e9. Ne pas inhaler intentionnellement.<\/div>\n<\/div>\n<\/div>\n<\/div>\n<\/div>\n","protected":false},"excerpt":{"rendered":"<p>Points cl\u00e9s Pour chaque type de cheveux Tenue extra longue dur\u00e9e, souplesse et volume Rend&hellip;<\/p>\n","protected":false},"featured_media":30521,"comment_status":"open","ping_status":"closed","template":"","meta":[],"pwb-brand":[653],"product_cat":[596],"product_tag":[128,347,127],"class_list":{"0":"post-30522","1":"product","2":"type-product","3":"status-publish","4":"has-post-thumbnail","6":"pwb-brand-s-pro","7":"product_cat-produit-coiffant-et-fixant","8":"product_tag-produit-coiffant-et-fixant","9":"product_tag-s-pro","10":"product_tag-shampooing-et-coiffure","12":"first","13":"instock","14":"taxable","15":"shipping-taxable","16":"purchasable","17":"product-type-simple","18":"layout-style-3","19":"col-md-4 col-sm-4 col-xs-6","20":"col-lg-3","21":"product-style-default"},"aioseo_notices":[],"brands":[{"id":653,"name":"S-PRO","slug":"s-pro"}],"_links":{"self":[{"href":"https:\/\/cheveuxluxe.com\/index.php\/wp-json\/wp\/v2\/product\/30522","targetHints":{"allow":["GET"]}}],"collection":[{"href":"https:\/\/cheveuxluxe.com\/index.php\/wp-json\/wp\/v2\/product"}],"about":[{"href":"https:\/\/cheveuxluxe.com\/index.php\/wp-json\/wp\/v2\/types\/product"}],"replies":[{"embeddable":true,"href":"https:\/\/cheveuxluxe.com\/index.php\/wp-json\/wp\/v2\/comments?post=30522"}],"version-history":[{"count":0,"href":"https:\/\/cheveuxluxe.com\/index.php\/wp-json\/wp\/v2\/product\/30522\/revisions"}],"wp:featuredmedia":[{"embeddable":true,"href":"https:\/\/cheveuxluxe.com\/index.php\/wp-json\/wp\/v2\/media\/30521"}],"wp:attachment":[{"href":"https:\/\/cheveuxluxe.com\/index.php\/wp-json\/wp\/v2\/media?parent=30522"}],"wp:term":[{"taxonomy":"pwb-brand","embeddable":true,"href":"https:\/\/cheveuxluxe.com\/index.php\/wp-json\/wp\/v2\/pwb-brand?post=30522"},{"taxonomy":"product_cat","embeddable":true,"href":"https:\/\/cheveuxluxe.com\/index.php\/wp-json\/wp\/v2\/product_cat?post=30522"},{"taxonomy":"product_tag","embeddable":true,"href":"https:\/\/cheveuxluxe.com\/index.php\/wp-json\/wp\/v2\/product_tag?post=30522"}],"curies":[{"name":"wp","href":"https:\/\/api.w.org\/{rel}","templated":true}]}}