{"id":30572,"date":"2024-04-09T22:49:44","date_gmt":"2024-04-09T22:49:44","guid":{"rendered":"https:\/\/cheveuxluxe.com\/index.php\/product\/schwarzkopf-osis-pump-up-85ml\/"},"modified":"2024-04-13T14:05:00","modified_gmt":"2024-04-13T14:05:00","slug":"schwarzkopf-osis-pump-up-85ml","status":"publish","type":"product","link":"https:\/\/cheveuxluxe.com\/index.php\/product\/schwarzkopf-osis-pump-up-85ml\/","title":{"rendered":"Schwarzkopf Osis++ Pump Up 85ml"},"content":{"rendered":"<div class=\"product-content_bottom\">\n<div class=\"pdp-info\">\n<div class=\"pdp-tabs tab-container\">\n<div class=\"tab js-tab\">\n<h3 class=\"tab-title pdp-tabs_title js-tab-mobile-title open\"><span>Points cl\u00e9s<\/span><\/h3>\n<div class=\"tab-description pdp-tabs_description js-tab-description open\" itemprop=\"description\">\n<ul>\n<li>P\u00e2te volum\u00e9trique multi-usages<\/li>\n<\/ul>\n<\/div>\n<\/div>\n<div class=\"tab js-tab\">\n<h3 class=\"tab-title pdp-tabs_title js-tab-mobile-title\"><span>Description<\/span><\/h3>\n<div class=\"tab-description pdp-tabs_description js-tab-description\" itemprop=\"description\">Ce n&rsquo;est pas une p\u00e2te coiffante ordinaire ! Formul\u00e9e \u00e0 partir d&rsquo;une combinaison unique d&rsquo;amidon, de sel marin et d&rsquo;huiles d&rsquo;origine naturelle, OSiS Pump Up est une p\u00e2te coiffante l\u00e9g\u00e8re et multi-usages qui peut \u00eatre utilis\u00e9e sur les cheveux courts humides avant le brushing ou sur les cheveux secs de toute longueur pour ajouter instantan\u00e9ment de la texture, du corps et des racines.<\/div>\n<\/div>\n<div class=\"tab js-tab\">\n<h3 class=\"tab-title pdp-tabs_title js-tab-mobile-title\"><span>Mode d&#8217;emploi<\/span><\/h3>\n<div class=\"tab-description pdp-tabs_description js-tab-description\">Utilisez la p\u00e2te capillaire volumisante sur les cheveux secs, quelle que soit leur longueur ou leur style, pour ajouter du volume, des racines et de la texture. Vous pouvez \u00e9galement appliquer une petite quantit\u00e9 sur des cheveux courts humides et les s\u00e9cher, tout en modelant la texture naturelle avec les doigts &#8211; vous obtiendrez ainsi une coiffure \u00e9tonnante.<\/div>\n<\/div>\n<div class=\"tab js-tab\">\n<h3 class=\"tab-title pdp-tabs_title js-tab-mobile-title\"><span>Ingr\u00e9dients<\/span><\/h3>\n<div class=\"tab-description pdp-tabs_description js-tab-description\">Zea Mays (Corn) Starch,Hydrogenated Ethylhexyl Olivate,Helianthus Annuus (Sunflower) Seed Oil,Simmondsia Chinensis (Jojoba) Seed Oil,Cetearyl Alcohol,Hydrogenated Castor Oil,Isoamyl Laurate,Hydrogenated Olive Oil Unsaponifiables,Kaolin,Silica,Maris Sal (Sea Salt, Sel Marin),Parfum (Fragrance),Tocopheryl Acetate,Linalool,Aqua (Water, Eau),Limonene,Geraniol,Citronellol,Citral,Benzoic Acid,Methyl Benzoate,Ethyl Benzoate<\/div>\n<\/div>\n<div class=\"tab js-tab\">\n<h3 class=\"tab-title pdp-tabs_title js-tab-mobile-title\"><span>Livraison et stock<\/span><\/h3>\n<div class=\"tab-description pdp-tabs_description js-tab-description\">\n<div class=\"pdp-delivery_info\">\n<div class=\"content-asset\">Livraison et d\u00e9laisRetours et remboursements<\/div>\n<\/div>\n<\/div>\n<\/div>\n<\/div>\n<\/div>\n<\/div>\n","protected":false},"excerpt":{"rendered":"<p>Points cl\u00e9s P\u00e2te volum\u00e9trique multi-usages Description Ce n&rsquo;est pas une p\u00e2te coiffante ordinaire ! Formul\u00e9e&hellip;<\/p>\n","protected":false},"featured_media":30570,"comment_status":"open","ping_status":"closed","template":"","meta":[],"pwb-brand":[646],"product_cat":[596],"product_tag":[128,319,127],"class_list":{"0":"post-30572","1":"product","2":"type-product","3":"status-publish","4":"has-post-thumbnail","6":"pwb-brand-schwarzkopf-professional","7":"product_cat-produit-coiffant-et-fixant","8":"product_tag-produit-coiffant-et-fixant","9":"product_tag-schwarzkopf-professional","10":"product_tag-shampooing-et-coiffure","12":"first","13":"instock","14":"taxable","15":"shipping-taxable","16":"purchasable","17":"product-type-simple","18":"layout-style-3","19":"col-md-4 col-sm-4 col-xs-6","20":"col-lg-3","21":"product-has-gallery","22":"product-style-default"},"aioseo_notices":[],"brands":[{"id":646,"name":"Schwarzkopf Professional","slug":"schwarzkopf-professional"}],"_links":{"self":[{"href":"https:\/\/cheveuxluxe.com\/index.php\/wp-json\/wp\/v2\/product\/30572","targetHints":{"allow":["GET"]}}],"collection":[{"href":"https:\/\/cheveuxluxe.com\/index.php\/wp-json\/wp\/v2\/product"}],"about":[{"href":"https:\/\/cheveuxluxe.com\/index.php\/wp-json\/wp\/v2\/types\/product"}],"replies":[{"embeddable":true,"href":"https:\/\/cheveuxluxe.com\/index.php\/wp-json\/wp\/v2\/comments?post=30572"}],"version-history":[{"count":0,"href":"https:\/\/cheveuxluxe.com\/index.php\/wp-json\/wp\/v2\/product\/30572\/revisions"}],"wp:featuredmedia":[{"embeddable":true,"href":"https:\/\/cheveuxluxe.com\/index.php\/wp-json\/wp\/v2\/media\/30570"}],"wp:attachment":[{"href":"https:\/\/cheveuxluxe.com\/index.php\/wp-json\/wp\/v2\/media?parent=30572"}],"wp:term":[{"taxonomy":"pwb-brand","embeddable":true,"href":"https:\/\/cheveuxluxe.com\/index.php\/wp-json\/wp\/v2\/pwb-brand?post=30572"},{"taxonomy":"product_cat","embeddable":true,"href":"https:\/\/cheveuxluxe.com\/index.php\/wp-json\/wp\/v2\/product_cat?post=30572"},{"taxonomy":"product_tag","embeddable":true,"href":"https:\/\/cheveuxluxe.com\/index.php\/wp-json\/wp\/v2\/product_tag?post=30572"}],"curies":[{"name":"wp","href":"https:\/\/api.w.org\/{rel}","templated":true}]}}