{"id":30654,"date":"2024-04-09T22:54:29","date_gmt":"2024-04-09T22:54:29","guid":{"rendered":"https:\/\/cheveuxluxe.com\/index.php\/product\/redken-volume-boost-250ml\/"},"modified":"2024-04-13T14:05:18","modified_gmt":"2024-04-13T14:05:18","slug":"redken-volume-boost-250ml","status":"publish","type":"product","link":"https:\/\/cheveuxluxe.com\/index.php\/product\/redken-volume-boost-250ml\/","title":{"rendered":"Redken Volume Boost 250ml"},"content":{"rendered":"<div class=\"product-content_bottom\">\n<div class=\"pdp-info\">\n<div class=\"pdp-tabs tab-container\">\n<div class=\"tab js-tab\">\n<h3 class=\"tab-title pdp-tabs_title js-tab-mobile-title open\"><span>Points cl\u00e9s<\/span><\/h3>\n<div class=\"tab-description pdp-tabs_description js-tab-description open\" itemprop=\"description\">\n<ul>\n<li>Volumisant<\/li>\n<li>Sensation non collante<\/li>\n<li>Formul\u00e9 avec des prot\u00e9ines de bl\u00e9 et de l&rsquo;eucalyptus<\/li>\n<li>Anti-frisottis<\/li>\n<li>Sensation de propret\u00e9<\/li>\n<\/ul>\n<\/div>\n<\/div>\n<div class=\"tab js-tab\">\n<h3 class=\"tab-title pdp-tabs_title js-tab-mobile-title\"><span>Description<\/span><\/h3>\n<div class=\"tab-description pdp-tabs_description js-tab-description\" itemprop=\"description\">M\u00eame formule iconique, nouveau look!Le Volume Boost remplace le 06 Rootful. Volume Boost est un gel en spray non collant qui ajoute un volume de longue dur\u00e9e avec une sensation douce au toucher.<\/div>\n<\/div>\n<div class=\"tab js-tab\">\n<h3 class=\"tab-title pdp-tabs_title js-tab-mobile-title\"><span>Mode d&#8217;emploi<\/span><\/h3>\n<div class=\"tab-description pdp-tabs_description js-tab-description\">Vaporisez sur les cheveux humides, peignez-les pour une r\u00e9partition uniforme. S\u00e9chez \u00e0 l&rsquo;air libre ou au s\u00e8che-cheveux et modelez vos cheveux comme vous le souhaitez.<\/div>\n<\/div>\n<div class=\"tab js-tab\">\n<h3 class=\"tab-title pdp-tabs_title js-tab-mobile-title\"><span>Ingr\u00e9dients<\/span><\/h3>\n<div class=\"tab-description pdp-tabs_description js-tab-description\">AQUA \/ WATER PROPYLENE GLYCOL ALCOHOL DENAT. AMP-ACRYLATES\/ALLYL METHACRYLATE COPOLYMER PEG-40 HYDROGENATED CASTOR OIL PEG-14 DIMETHICONE PHENOXYETHANOL SODIUM POLYSTYRENE SULFONATE PARFUM \/ FRAGRANCE ETHYLHEXYLGLYCERIN LIMONENE GLYCERIN LINALOOL HYDROXYPROPYLTRIMONIUM HYDROLYZED WHEAT PROTEIN CITRONELLOL HYDROXYCITRONELLAL PENTYLENE GLYCOL MENTHA PIPERITA EXTRACT \/ PEPPERMINT EXTRACT PENTAERYTHRITYL TETRA-DI-T-BUTYL HYDROXYHYDROCINNAMATE EUCALYPTUS GLOBULUS LEAF EXTRACT TOCOPHEROL<\/div>\n<\/div>\n<div class=\"tab js-tab\">\n<h3 class=\"tab-title pdp-tabs_title js-tab-mobile-title\"><span>Livraison et stock<\/span><\/h3>\n<div class=\"tab-description pdp-tabs_description js-tab-description\">\n<div class=\"pdp-delivery_info\">\n<div class=\"content-asset\">Livraison et d\u00e9laisRetours et remboursements<\/div>\n<\/div>\n<\/div>\n<\/div>\n<\/div>\n<\/div>\n<\/div>\n","protected":false},"excerpt":{"rendered":"<p>Points cl\u00e9s Volumisant Sensation non collante Formul\u00e9 avec des prot\u00e9ines de bl\u00e9 et de l&rsquo;eucalyptus&hellip;<\/p>\n","protected":false},"featured_media":30649,"comment_status":"open","ping_status":"closed","template":"","meta":[],"pwb-brand":[647],"product_cat":[596],"product_tag":[128,321,127],"class_list":{"0":"post-30654","1":"product","2":"type-product","3":"status-publish","4":"has-post-thumbnail","6":"pwb-brand-redken","7":"product_cat-produit-coiffant-et-fixant","8":"product_tag-produit-coiffant-et-fixant","9":"product_tag-redken","10":"product_tag-shampooing-et-coiffure","12":"first","13":"instock","14":"taxable","15":"shipping-taxable","16":"purchasable","17":"product-type-simple","18":"layout-style-3","19":"col-md-4 col-sm-4 col-xs-6","20":"col-lg-3","21":"product-has-gallery","22":"product-style-default"},"aioseo_notices":[],"brands":[{"id":647,"name":"Redken","slug":"redken"}],"_links":{"self":[{"href":"https:\/\/cheveuxluxe.com\/index.php\/wp-json\/wp\/v2\/product\/30654","targetHints":{"allow":["GET"]}}],"collection":[{"href":"https:\/\/cheveuxluxe.com\/index.php\/wp-json\/wp\/v2\/product"}],"about":[{"href":"https:\/\/cheveuxluxe.com\/index.php\/wp-json\/wp\/v2\/types\/product"}],"replies":[{"embeddable":true,"href":"https:\/\/cheveuxluxe.com\/index.php\/wp-json\/wp\/v2\/comments?post=30654"}],"version-history":[{"count":0,"href":"https:\/\/cheveuxluxe.com\/index.php\/wp-json\/wp\/v2\/product\/30654\/revisions"}],"wp:featuredmedia":[{"embeddable":true,"href":"https:\/\/cheveuxluxe.com\/index.php\/wp-json\/wp\/v2\/media\/30649"}],"wp:attachment":[{"href":"https:\/\/cheveuxluxe.com\/index.php\/wp-json\/wp\/v2\/media?parent=30654"}],"wp:term":[{"taxonomy":"pwb-brand","embeddable":true,"href":"https:\/\/cheveuxluxe.com\/index.php\/wp-json\/wp\/v2\/pwb-brand?post=30654"},{"taxonomy":"product_cat","embeddable":true,"href":"https:\/\/cheveuxluxe.com\/index.php\/wp-json\/wp\/v2\/product_cat?post=30654"},{"taxonomy":"product_tag","embeddable":true,"href":"https:\/\/cheveuxluxe.com\/index.php\/wp-json\/wp\/v2\/product_tag?post=30654"}],"curies":[{"name":"wp","href":"https:\/\/api.w.org\/{rel}","templated":true}]}}