{"id":30663,"date":"2024-04-09T22:54:49","date_gmt":"2024-04-09T22:54:49","guid":{"rendered":"https:\/\/cheveuxluxe.com\/index.php\/product\/redken-spray-quick-blowout-125ml\/"},"modified":"2024-04-13T14:05:20","modified_gmt":"2024-04-13T14:05:20","slug":"redken-spray-quick-blowout-125ml","status":"publish","type":"product","link":"https:\/\/cheveuxluxe.com\/index.php\/product\/redken-spray-quick-blowout-125ml\/","title":{"rendered":"Redken Spray Quick Blowout 125ml"},"content":{"rendered":"<div class=\"product-content_bottom\">\n<div class=\"pdp-info\">\n<div class=\"pdp-tabs tab-container\">\n<div class=\"tab js-tab\">\n<h3 class=\"tab-title pdp-tabs_title js-tab-mobile-title open\"><span>Points cl\u00e9s<\/span><\/h3>\n<div class=\"tab-description pdp-tabs_description js-tab-description open\" itemprop=\"description\">\n<ul>\n<li>Ajoute du volume et de la protection<\/li>\n<li>Un spray l\u00e9ger et nourrissant <\/li>\n<li>Prot\u00e8ge les cheveux de la chaleur<\/li>\n<li>Les cheveux s\u00e8chent plus rapidement lorsqu&rsquo;on utilise un s\u00e8che-cheveux<\/li>\n<li>Pour la brillance et la douceur<\/li>\n<\/ul>\n<\/div>\n<\/div>\n<div class=\"tab js-tab\">\n<h3 class=\"tab-title pdp-tabs_title js-tab-mobile-title\"><span>Description<\/span><\/h3>\n<div class=\"tab-description pdp-tabs_description js-tab-description\" itemprop=\"description\">Le spray Redken Quick Blowout est l&rsquo;outil ultime et efficace pour le s\u00e9chage des cheveux. Le spray coiffant \u00e0 la formule l\u00e9g\u00e8re raccourcit le temps de s\u00e9chage, prot\u00e8ge contre la chaleur jusqu&rsquo;\u00e0 230\u00b0C et assure souplesse et brillance.<\/p>\n<p>La formule biphas\u00e9e, compos\u00e9e d&rsquo;une phase huileuse et d&rsquo;une phase aqueuse, acc\u00e9l\u00e8re le s\u00e9chage sans compromettre les propri\u00e9t\u00e9s nourrissantes et protectrices de la chaleur. Quick Blowout ne se contente pas de revitaliser intensivement les cheveux, mais leur apporte \u00e9galement un parfum frais compos\u00e9 d&rsquo;un m\u00e9lange de vanille, de citron et de bois de santal.<\/p><\/div>\n<\/div>\n<div class=\"tab js-tab\">\n<h3 class=\"tab-title pdp-tabs_title js-tab-mobile-title\"><span>Mode d&#8217;emploi<\/span><\/h3>\n<div class=\"tab-description pdp-tabs_description js-tab-description\">Agitez bien avant l&rsquo;utilisation.<br \/>Vaporisez sur les cheveux s\u00e9ch\u00e9s \u00e0 la serviette &#8211; des racines aux pointes.<br \/>S\u00e9chez imm\u00e9diatement au s\u00e8che-cheveux ou combinez avec d&rsquo;autres produits de coiffage si vous le souhaitez.<br \/>Coiffer comme d&rsquo;habitude.<\/div>\n<\/div>\n<div class=\"tab js-tab\">\n<h3 class=\"tab-title pdp-tabs_title js-tab-mobile-title\"><span>Ingr\u00e9dients<\/span><\/h3>\n<div class=\"tab-description pdp-tabs_description js-tab-description\">AQUA \/ WATER \/ EAU o TRISILOXANE o ISODODECANE o C12-15 ALKYL BENZOATE o LACTIC ACID o AMINOPROPYL TRIETHOXYSILANE o GLYCERIN o MAGNESIUM SULFATE o PARFUM \/ FRAGRANCE o POLYPROPYLSILSESQUIOXANE o PHENOXYETHANOL o PEG-14 DIMETHICONE o ETHYLHEXYLGLYCERIN o LINALOOL o COUMARIN o PROPYLENE GLYCOL o LIMONENE o CI 17200 \/ RED 33 o PENTAERYTHRITYL TETRA-DI-T-BUTYL HYDROXYHYDROCINNAMATE o TOCOPHEROL<\/div>\n<\/div>\n<div class=\"tab js-tab\">\n<h3 class=\"tab-title pdp-tabs_title js-tab-mobile-title\"><span>Livraison et stock<\/span><\/h3>\n<div class=\"tab-description pdp-tabs_description js-tab-description\">\n<div class=\"pdp-delivery_info\">\n<div class=\"content-asset\">Livraison et d\u00e9laisRetours et remboursements<\/div>\n<\/div>\n<\/div>\n<\/div>\n<div class=\"tab js-tab\">\n<h3 class=\"tab-title pdp-tabs_title js-tab-mobile-title\"><span>Pr\u00e9cautions d&#8217;emploi<\/span><\/h3>\n<div class=\"tab-description pdp-tabs_description js-tab-description\">INFLAMMABLE JUSQU&rsquo;\u00c0 CE QU&rsquo;IL SOIT SEC. \u00c9VITER LE FEU, LES FLAMMES ET LA CHALEUR (\u00c0 L&rsquo;EXCEPTION DES APPAREILS DE COIFFURE) PENDANT L&rsquo;APPLICATION ET JUSQU&rsquo;\u00c0 CE QUE LES CHEVEUX SOIENT COMPL\u00c8TEMENT SECS. ALERTE AUX COUPS DE SOLEIL : CE PRODUIT CONTIENT UN ACIDE ALPHA-HYDROXYL\u00c9 (AHA) QUI PEUT AUGMENTER LA SENSIBILIT\u00c9 DE VOTRE PEAU AU SOLEIL. LIMITEZ L&rsquo;EXPOSITION AU SOLEIL PENDANT L&rsquo;UTILISATION DE CE PRODUIT.<\/div>\n<\/div>\n<\/div>\n<\/div>\n<\/div>\n","protected":false},"excerpt":{"rendered":"<p>Points cl\u00e9s Ajoute du volume et de la protection Un spray l\u00e9ger et nourrissant Prot\u00e8ge&hellip;<\/p>\n","protected":false},"featured_media":20856,"comment_status":"open","ping_status":"closed","template":"","meta":[],"pwb-brand":[647],"product_cat":[596],"product_tag":[128,321,127],"class_list":{"0":"post-30663","1":"product","2":"type-product","3":"status-publish","4":"has-post-thumbnail","6":"pwb-brand-redken","7":"product_cat-produit-coiffant-et-fixant","8":"product_tag-produit-coiffant-et-fixant","9":"product_tag-redken","10":"product_tag-shampooing-et-coiffure","12":"first","13":"instock","14":"taxable","15":"shipping-taxable","16":"purchasable","17":"product-type-simple","18":"layout-style-3","19":"col-md-4 col-sm-4 col-xs-6","20":"col-lg-3","21":"product-has-gallery","22":"product-style-default"},"aioseo_notices":[],"brands":[{"id":647,"name":"Redken","slug":"redken"}],"_links":{"self":[{"href":"https:\/\/cheveuxluxe.com\/index.php\/wp-json\/wp\/v2\/product\/30663","targetHints":{"allow":["GET"]}}],"collection":[{"href":"https:\/\/cheveuxluxe.com\/index.php\/wp-json\/wp\/v2\/product"}],"about":[{"href":"https:\/\/cheveuxluxe.com\/index.php\/wp-json\/wp\/v2\/types\/product"}],"replies":[{"embeddable":true,"href":"https:\/\/cheveuxluxe.com\/index.php\/wp-json\/wp\/v2\/comments?post=30663"}],"version-history":[{"count":0,"href":"https:\/\/cheveuxluxe.com\/index.php\/wp-json\/wp\/v2\/product\/30663\/revisions"}],"wp:featuredmedia":[{"embeddable":true,"href":"https:\/\/cheveuxluxe.com\/index.php\/wp-json\/wp\/v2\/media\/20856"}],"wp:attachment":[{"href":"https:\/\/cheveuxluxe.com\/index.php\/wp-json\/wp\/v2\/media?parent=30663"}],"wp:term":[{"taxonomy":"pwb-brand","embeddable":true,"href":"https:\/\/cheveuxluxe.com\/index.php\/wp-json\/wp\/v2\/pwb-brand?post=30663"},{"taxonomy":"product_cat","embeddable":true,"href":"https:\/\/cheveuxluxe.com\/index.php\/wp-json\/wp\/v2\/product_cat?post=30663"},{"taxonomy":"product_tag","embeddable":true,"href":"https:\/\/cheveuxluxe.com\/index.php\/wp-json\/wp\/v2\/product_tag?post=30663"}],"curies":[{"name":"wp","href":"https:\/\/api.w.org\/{rel}","templated":true}]}}