{"id":30674,"date":"2024-04-09T22:55:08","date_gmt":"2024-04-09T22:55:08","guid":{"rendered":"https:\/\/cheveuxluxe.com\/index.php\/product\/paul-mitchell-cire-styling-wax-200ml\/"},"modified":"2024-04-13T14:05:24","modified_gmt":"2024-04-13T14:05:24","slug":"paul-mitchell-cire-styling-wax-200ml","status":"publish","type":"product","link":"https:\/\/cheveuxluxe.com\/index.php\/product\/paul-mitchell-cire-styling-wax-200ml\/","title":{"rendered":"Paul Mitchell Cire Styling Wax 200ml"},"content":{"rendered":"<div class=\"product-content_bottom\">\n<div class=\"pdp-info\">\n<div class=\"pdp-tabs tab-container\">\n<div class=\"tab js-tab\">\n<h3 class=\"tab-title pdp-tabs_title js-tab-mobile-title open\"><span>Points cl\u00e9s<\/span><\/h3>\n<div class=\"tab-description pdp-tabs_description js-tab-description open\" itemprop=\"description\">\n<ul>\n<li>Tenue et fixation forte<\/li>\n<li>les cheveux sont brillants et d\u00e9fi<\/li>\n<li>Id\u00e9al pour les cheveux courts et les looks superpos\u00e9s.<\/li>\n<\/ul>\n<\/div>\n<\/div>\n<div class=\"tab js-tab\">\n<h3 class=\"tab-title pdp-tabs_title js-tab-mobile-title\"><span>Description<\/span><\/h3>\n<div class=\"tab-description pdp-tabs_description js-tab-description\" itemprop=\"description\">Cr\u00e9e une tenue et une fixation qui ne s&rsquo;arr\u00eateront pas, rendant les cheveux brillants et d\u00e9finis.<br \/>Des ingr\u00e9dients coiffants flexibles et des revitalisants \u00e0 base v\u00e9g\u00e9tale d\u00e9finissent et ajoutent de la brillance, tandis que l&rsquo;huile d&rsquo;arbre \u00e0 th\u00e9, la menthe poivr\u00e9e et la lavande \u00e9veillent les sens.<br \/>Id\u00e9al pour les cheveux courts et les looks superpos\u00e9s.<\/div>\n<\/div>\n<div class=\"tab js-tab\">\n<h3 class=\"tab-title pdp-tabs_title js-tab-mobile-title\"><span>Ingr\u00e9dients<\/span><\/h3>\n<div class=\"tab-description pdp-tabs_description js-tab-description\">Aqua (Water, Eau), Paraffinum Liquidum (Mineral Oil, Huile Min\u00e9rale), Propylene Glycol, Oleth-5, Oleth-10 Phosphate, Octylacrylamide\/Acrylates\/Butylaminoethyl Methacrylate Copolymer, Oleth-3 Phosphate, Steareth-20, Aminomethyl Propanol, Diisopropyl Dimer Dilinoleate, Glycerin, Melaleuca Alternifolia (Tea Tree) Leaf Oil, Hedychium Coronarium (White Ginger) Flower\/Leaf\/Stem Extract, Algae Extract, Simmondsia Chinensis (Jojoba) Leaf Extract, Aloe Barbadensis Leaf Extract, Anthemis Nobilis Flower Extract, Rosmarinus Officinalis (Rosemary) Leaf Extract, DMDM Hydantoin, PEG-7 Glyceryl Cocoate, Bisamino PEG\/PPG-41\/3 Aminoethyl PG-Propyl Dimethicone, PEG-12 Dimethicone, Parfum (Fragrance), Linalool, Limonene, Citronellol.<\/div>\n<\/div>\n<div class=\"tab js-tab\">\n<h3 class=\"tab-title pdp-tabs_title js-tab-mobile-title\"><span>Livraison et stock<\/span><\/h3>\n<div class=\"tab-description pdp-tabs_description js-tab-description\">\n<div class=\"pdp-delivery_info\">\n<div class=\"content-asset\">Livraison et d\u00e9laisRetours et remboursements<\/div>\n<\/div>\n<\/div>\n<\/div>\n<\/div>\n<\/div>\n<\/div>\n","protected":false},"excerpt":{"rendered":"<p>Points cl\u00e9s Tenue et fixation forte les cheveux sont brillants et d\u00e9fi Id\u00e9al pour les&hellip;<\/p>\n","protected":false},"featured_media":16030,"comment_status":"open","ping_status":"closed","template":"","meta":[],"pwb-brand":[660],"product_cat":[596],"product_tag":[373,128,127],"class_list":{"0":"post-30674","1":"product","2":"type-product","3":"status-publish","4":"has-post-thumbnail","6":"pwb-brand-paul-mitchell","7":"product_cat-produit-coiffant-et-fixant","8":"product_tag-paul-mitchell","9":"product_tag-produit-coiffant-et-fixant","10":"product_tag-shampooing-et-coiffure","12":"first","13":"instock","14":"taxable","15":"shipping-taxable","16":"purchasable","17":"product-type-simple","18":"layout-style-3","19":"col-md-4 col-sm-4 col-xs-6","20":"col-lg-3","21":"product-style-default"},"aioseo_notices":[],"brands":[{"id":660,"name":"Paul Mitchell","slug":"paul-mitchell"}],"_links":{"self":[{"href":"https:\/\/cheveuxluxe.com\/index.php\/wp-json\/wp\/v2\/product\/30674","targetHints":{"allow":["GET"]}}],"collection":[{"href":"https:\/\/cheveuxluxe.com\/index.php\/wp-json\/wp\/v2\/product"}],"about":[{"href":"https:\/\/cheveuxluxe.com\/index.php\/wp-json\/wp\/v2\/types\/product"}],"replies":[{"embeddable":true,"href":"https:\/\/cheveuxluxe.com\/index.php\/wp-json\/wp\/v2\/comments?post=30674"}],"version-history":[{"count":0,"href":"https:\/\/cheveuxluxe.com\/index.php\/wp-json\/wp\/v2\/product\/30674\/revisions"}],"wp:featuredmedia":[{"embeddable":true,"href":"https:\/\/cheveuxluxe.com\/index.php\/wp-json\/wp\/v2\/media\/16030"}],"wp:attachment":[{"href":"https:\/\/cheveuxluxe.com\/index.php\/wp-json\/wp\/v2\/media?parent=30674"}],"wp:term":[{"taxonomy":"pwb-brand","embeddable":true,"href":"https:\/\/cheveuxluxe.com\/index.php\/wp-json\/wp\/v2\/pwb-brand?post=30674"},{"taxonomy":"product_cat","embeddable":true,"href":"https:\/\/cheveuxluxe.com\/index.php\/wp-json\/wp\/v2\/product_cat?post=30674"},{"taxonomy":"product_tag","embeddable":true,"href":"https:\/\/cheveuxluxe.com\/index.php\/wp-json\/wp\/v2\/product_tag?post=30674"}],"curies":[{"name":"wp","href":"https:\/\/api.w.org\/{rel}","templated":true}]}}