{"id":30692,"date":"2024-04-09T22:55:38","date_gmt":"2024-04-09T22:55:38","guid":{"rendered":"https:\/\/cheveuxluxe.com\/index.php\/product\/paul-mitchell-cire-texturisante-foaming-pommade-250ml\/"},"modified":"2024-04-13T14:05:33","modified_gmt":"2024-04-13T14:05:33","slug":"paul-mitchell-cire-texturisante-foaming-pommade-250ml","status":"publish","type":"product","link":"https:\/\/cheveuxluxe.com\/index.php\/product\/paul-mitchell-cire-texturisante-foaming-pommade-250ml\/","title":{"rendered":"Paul Mitchell Cire Texturisante Foaming Pommade 250ml"},"content":{"rendered":"<div class=\"product-content_bottom\">\n<div class=\"pdp-info\">\n<div class=\"pdp-tabs tab-container\">\n<div class=\"tab js-tab\">\n<h3 class=\"tab-title pdp-tabs_title js-tab-mobile-title open\"><span>Points cl\u00e9s<\/span><\/h3>\n<div class=\"tab-description pdp-tabs_description js-tab-description open\" itemprop=\"description\">\n<ul>\n<li>Cette cire permet d&rsquo;augmenter la brillance selon vos envies<\/li>\n<li>Permet de dompter l\u00e9g\u00e8rement les cheveux ondul\u00e9s, boucl\u00e9s ou indisciplin\u00e9s<\/li>\n<li>Cr\u00e9e une brillance et un eclat effet miroir<\/li>\n<li>Formul\u00e9 avec des huiles v\u00e9g\u00e9tales et des extraits naturels de premi\u00e8re qualit\u00e9<\/li>\n<li>Lisse, adoucit et d\u00e9m\u00e8lent les cheveux textur\u00e9s<\/li>\n<\/ul>\n<\/div>\n<\/div>\n<div class=\"tab js-tab\">\n<h3 class=\"tab-title pdp-tabs_title js-tab-mobile-title\"><span>Description<\/span><\/h3>\n<div class=\"tab-description pdp-tabs_description js-tab-description\" itemprop=\"description\">Ce qu&rsquo;il fait\u00a0: <br \/> Permet de contr\u00f4ler la lumi\u00e8re pour les cheveux ondul\u00e9s, boucl\u00e9s ou indisciplin\u00e9s, cr\u00e9ant un \u00e9clat et une brillance effet mirroir.<br \/>Comment \u00e7a marche\u00a0: <br \/> Des huiles v\u00e9g\u00e9tales de premi\u00e8re qualit\u00e9 et des extraits naturels lissent la surface et augmentent la brillance.<br \/>Bonus\u00a0: <br \/> Lisse, adoucit et conditionne les cheveux textur\u00e9es.<\/div>\n<\/div>\n<div class=\"tab js-tab\">\n<h3 class=\"tab-title pdp-tabs_title js-tab-mobile-title\"><span>Mode d&#8217;emploi<\/span><\/h3>\n<div class=\"tab-description pdp-tabs_description js-tab-description\">Bien agiter avant utilisation.<br \/>Frottez une petite quantit\u00e9 dans les mains, puis lissez sur le style fini.<\/div>\n<\/div>\n<div class=\"tab js-tab\">\n<h3 class=\"tab-title pdp-tabs_title js-tab-mobile-title\"><span>Ingr\u00e9dients<\/span><\/h3>\n<div class=\"tab-description pdp-tabs_description js-tab-description\">Aqua (Water, Eau), Paraffinum Liquidum (Mineral Oil, Huile Min\u00e9rale), Petrolatum, Disodium Cocamido MIPA-Sulfosuccinate, Isopentane, Ammonium Laureth Sulfate, Aloe Barbadensis Extract, Anthemis Nobilis Flower Extract, Rosmarinus OfficinalisLeaf, Simmondsia Chinensis (Jojoba) Seed Oil, Ascophyllum Nodosum Extract,Bisamino PEG\/PPG-41\/3 Aminoethyl PG-Propyl Dimethicone, Butylene Glycol,Disodium EDTA, PEG-12 Dimethicone, Polyquaternium-7, DMDM Hydantoin,Iodopropynyl Butylcarbamate, Phenoxyethanol, Sodium Benzoate, Sodium Sulfite, Parfum (Fragrance), Amyl Cinnamal, Benzyl Alcohol, Benzyl Benzoate, Citronellol,Eugenol, Geraniol, Hexyl Cinnamal, Hydroxycitronellal, Linalool<\/div>\n<\/div>\n<div class=\"tab js-tab\">\n<h3 class=\"tab-title pdp-tabs_title js-tab-mobile-title\"><span>Livraison et stock<\/span><\/h3>\n<div class=\"tab-description pdp-tabs_description js-tab-description\">\n<div class=\"pdp-delivery_info\">\n<div class=\"content-asset\">Livraison et d\u00e9laisRetours et remboursements<\/div>\n<\/div>\n<\/div>\n<\/div>\n<\/div>\n<\/div>\n<\/div>\n","protected":false},"excerpt":{"rendered":"<p>Points cl\u00e9s Cette cire permet d&rsquo;augmenter la brillance selon vos envies Permet de dompter l\u00e9g\u00e8rement&hellip;<\/p>\n","protected":false},"featured_media":30691,"comment_status":"open","ping_status":"closed","template":"","meta":[],"pwb-brand":[660],"product_cat":[596],"product_tag":[373,128,127],"class_list":{"0":"post-30692","1":"product","2":"type-product","3":"status-publish","4":"has-post-thumbnail","6":"pwb-brand-paul-mitchell","7":"product_cat-produit-coiffant-et-fixant","8":"product_tag-paul-mitchell","9":"product_tag-produit-coiffant-et-fixant","10":"product_tag-shampooing-et-coiffure","12":"first","13":"instock","14":"taxable","15":"shipping-taxable","16":"purchasable","17":"product-type-simple","18":"layout-style-3","19":"col-md-4 col-sm-4 col-xs-6","20":"col-lg-3","21":"product-style-default"},"aioseo_notices":[],"brands":[{"id":660,"name":"Paul Mitchell","slug":"paul-mitchell"}],"_links":{"self":[{"href":"https:\/\/cheveuxluxe.com\/index.php\/wp-json\/wp\/v2\/product\/30692","targetHints":{"allow":["GET"]}}],"collection":[{"href":"https:\/\/cheveuxluxe.com\/index.php\/wp-json\/wp\/v2\/product"}],"about":[{"href":"https:\/\/cheveuxluxe.com\/index.php\/wp-json\/wp\/v2\/types\/product"}],"replies":[{"embeddable":true,"href":"https:\/\/cheveuxluxe.com\/index.php\/wp-json\/wp\/v2\/comments?post=30692"}],"version-history":[{"count":0,"href":"https:\/\/cheveuxluxe.com\/index.php\/wp-json\/wp\/v2\/product\/30692\/revisions"}],"wp:featuredmedia":[{"embeddable":true,"href":"https:\/\/cheveuxluxe.com\/index.php\/wp-json\/wp\/v2\/media\/30691"}],"wp:attachment":[{"href":"https:\/\/cheveuxluxe.com\/index.php\/wp-json\/wp\/v2\/media?parent=30692"}],"wp:term":[{"taxonomy":"pwb-brand","embeddable":true,"href":"https:\/\/cheveuxluxe.com\/index.php\/wp-json\/wp\/v2\/pwb-brand?post=30692"},{"taxonomy":"product_cat","embeddable":true,"href":"https:\/\/cheveuxluxe.com\/index.php\/wp-json\/wp\/v2\/product_cat?post=30692"},{"taxonomy":"product_tag","embeddable":true,"href":"https:\/\/cheveuxluxe.com\/index.php\/wp-json\/wp\/v2\/product_tag?post=30692"}],"curies":[{"name":"wp","href":"https:\/\/api.w.org\/{rel}","templated":true}]}}