{"id":30703,"date":"2024-04-09T22:55:54","date_gmt":"2024-04-09T22:55:54","guid":{"rendered":"https:\/\/cheveuxluxe.com\/index.php\/product\/paul-mitchell-gel-creme-fast-form-25ml\/"},"modified":"2024-04-13T14:05:38","modified_gmt":"2024-04-13T14:05:38","slug":"paul-mitchell-gel-creme-fast-form-25ml","status":"publish","type":"product","link":"https:\/\/cheveuxluxe.com\/index.php\/product\/paul-mitchell-gel-creme-fast-form-25ml\/","title":{"rendered":"Paul Mitchell Gel Cr\u00e8me Fast Form 25ml"},"content":{"rendered":"<div class=\"product-content_bottom\">\n<div class=\"pdp-info\">\n<div class=\"pdp-tabs tab-container\">\n<div class=\"tab js-tab\">\n<h3 class=\"tab-title pdp-tabs_title js-tab-mobile-title open\"><span>Points cl\u00e9s<\/span><\/h3>\n<div class=\"tab-description pdp-tabs_description js-tab-description open\" itemprop=\"description\">\n<ul>\n<li>Texture gel cr\u00e9me<\/li>\n<li>appaisant il apporte souplesse, et brillance<\/li>\n<li>Id\u00e9al pour lkes cheveux boucl\u00e9s \u00e9vite les frisotis\n<ul>\n<li>r\u00e9duit le temps de s\u00e9chage<\/li>\n<li>Beurre de karit\u00e9 et huile d&rsquo;onagre<\/li>\n<\/ul>\n<\/li>\n<\/ul>\n<\/div>\n<\/div>\n<div class=\"tab js-tab\">\n<h3 class=\"tab-title pdp-tabs_title js-tab-mobile-title\"><span>Description<\/span><\/h3>\n<div class=\"tab-description pdp-tabs_description js-tab-description\" itemprop=\"description\">STYLE PLUS RAPIDE<br \/>Obtenez une tenue douce qui dure avec le gel-cr\u00e8me Fast Form \u2122 de Paul Mitchell\u00ae.<\/p>\n<p>Ce styler polyvalent apaise, apprivoise les cheveux avec une tenue longue dur\u00e9e; cr\u00e9e de grands d\u00e9tails et aide \u00e0 r\u00e9duire le temps de s\u00e9chage. Le beurre de karit\u00e9, les huiles d&rsquo;onagre, d&rsquo;avocat et de jojoba renforcent la brillance et la souplesse.<br \/>Fonctionne \u00e0 merveille sur les boucles avec des r\u00e9sultats d\u00e9finis et sans frisottis; peut \u00eatre appliqu\u00e9 sur cheveux mouill\u00e9s ou secs.<\/div>\n<\/div>\n<div class=\"tab js-tab\">\n<h3 class=\"tab-title pdp-tabs_title js-tab-mobile-title\"><span>Ingr\u00e9dients<\/span><\/h3>\n<div class=\"tab-description pdp-tabs_description js-tab-description\">Aqua (Water, Eau), Cyclopentasiloxane, Isohexadecane, Glycerin, VP, Dimethylaminoethylmethacrylate Copolymer, Cetyl Alcohol, Stearyl Alcohol, Polyquaternium-4, Panthenol, Butyrospermum Parkii (Shea) Butter, Oenothera Biennis (Evening Primrose) Oil, Persea Gratissima (Avocado) Oil, Simmondsia Chinensis (Jojoba) Seed Oil, Tocopherol, Hydrolyzed Soy Protein, Alcohol, C11-15 Pareth-7, C12-16 Pareth-9, Caprylyl Glycol, Cetrimonium Chloride, Citric Acid, Dimethicone, Diphenylsiloxy Phenyl Trimethicone, Dipropylene Glycol, Glycol Distearate, Polyquaternium-70, Propylene Glycol, Quaternium-80, Sclerotium Gum, Potassium Sorbate, Sodium Phytate, Trideceth-12, Trimethylsiloxyamodimethicone, Phenoxyethanol, Parfum (Fragrance), Benzyl Alcohol, Limonene, Linalool, Hydroxycitronellal, Citral<\/div>\n<\/div>\n<div class=\"tab js-tab\">\n<h3 class=\"tab-title pdp-tabs_title js-tab-mobile-title\"><span>Livraison et stock<\/span><\/h3>\n<div class=\"tab-description pdp-tabs_description js-tab-description\">\n<div class=\"pdp-delivery_info\">\n<div class=\"content-asset\">Livraison et d\u00e9laisRetours et remboursements<\/div>\n<\/div>\n<\/div>\n<\/div>\n<\/div>\n<\/div>\n<\/div>\n","protected":false},"excerpt":{"rendered":"<p>Points cl\u00e9s Texture gel cr\u00e9me appaisant il apporte souplesse, et brillance Id\u00e9al pour lkes cheveux&hellip;<\/p>\n","protected":false},"featured_media":16068,"comment_status":"open","ping_status":"closed","template":"","meta":[],"pwb-brand":[660],"product_cat":[596],"product_tag":[373,128,127],"class_list":{"0":"post-30703","1":"product","2":"type-product","3":"status-publish","4":"has-post-thumbnail","6":"pwb-brand-paul-mitchell","7":"product_cat-produit-coiffant-et-fixant","8":"product_tag-paul-mitchell","9":"product_tag-produit-coiffant-et-fixant","10":"product_tag-shampooing-et-coiffure","12":"first","13":"instock","14":"taxable","15":"shipping-taxable","16":"purchasable","17":"product-type-simple","18":"layout-style-3","19":"col-md-4 col-sm-4 col-xs-6","20":"col-lg-3","21":"product-style-default"},"aioseo_notices":[],"brands":[{"id":660,"name":"Paul Mitchell","slug":"paul-mitchell"}],"_links":{"self":[{"href":"https:\/\/cheveuxluxe.com\/index.php\/wp-json\/wp\/v2\/product\/30703","targetHints":{"allow":["GET"]}}],"collection":[{"href":"https:\/\/cheveuxluxe.com\/index.php\/wp-json\/wp\/v2\/product"}],"about":[{"href":"https:\/\/cheveuxluxe.com\/index.php\/wp-json\/wp\/v2\/types\/product"}],"replies":[{"embeddable":true,"href":"https:\/\/cheveuxluxe.com\/index.php\/wp-json\/wp\/v2\/comments?post=30703"}],"version-history":[{"count":0,"href":"https:\/\/cheveuxluxe.com\/index.php\/wp-json\/wp\/v2\/product\/30703\/revisions"}],"wp:featuredmedia":[{"embeddable":true,"href":"https:\/\/cheveuxluxe.com\/index.php\/wp-json\/wp\/v2\/media\/16068"}],"wp:attachment":[{"href":"https:\/\/cheveuxluxe.com\/index.php\/wp-json\/wp\/v2\/media?parent=30703"}],"wp:term":[{"taxonomy":"pwb-brand","embeddable":true,"href":"https:\/\/cheveuxluxe.com\/index.php\/wp-json\/wp\/v2\/pwb-brand?post=30703"},{"taxonomy":"product_cat","embeddable":true,"href":"https:\/\/cheveuxluxe.com\/index.php\/wp-json\/wp\/v2\/product_cat?post=30703"},{"taxonomy":"product_tag","embeddable":true,"href":"https:\/\/cheveuxluxe.com\/index.php\/wp-json\/wp\/v2\/product_tag?post=30703"}],"curies":[{"name":"wp","href":"https:\/\/api.w.org\/{rel}","templated":true}]}}