{"id":30728,"date":"2024-04-09T22:56:29","date_gmt":"2024-04-09T22:56:29","guid":{"rendered":"https:\/\/cheveuxluxe.com\/index.php\/product\/paul-mitchell-mitch-clean-cut-cream-85g\/"},"modified":"2024-04-13T14:05:48","modified_gmt":"2024-04-13T14:05:48","slug":"paul-mitchell-mitch-clean-cut-cream-85g","status":"publish","type":"product","link":"https:\/\/cheveuxluxe.com\/index.php\/product\/paul-mitchell-mitch-clean-cut-cream-85g\/","title":{"rendered":"Paul Mitchell Mitch Clean Cut Cream 85g"},"content":{"rendered":"<div class=\"product-content_bottom\">\n<div class=\"pdp-info\">\n<div class=\"pdp-tabs tab-container\">\n<div class=\"tab js-tab\">\n<h3 class=\"tab-title pdp-tabs_title js-tab-mobile-title open\"><span>Points cl\u00e9s<\/span><\/h3>\n<div class=\"tab-description pdp-tabs_description js-tab-description open\" itemprop=\"description\">\n<ul>\n<li>Look propre et sans fioritures<\/li>\n<li>Tenue durable<\/li>\n<li>Les ingr\u00e9dients revitalisants laissent les cheveux doux et faciles \u00e0 coiffer<\/li>\n<\/ul>\n<\/div>\n<\/div>\n<div class=\"tab js-tab\">\n<h3 class=\"tab-title pdp-tabs_title js-tab-mobile-title\"><span>Description<\/span><\/h3>\n<div class=\"tab-description pdp-tabs_description js-tab-description\" itemprop=\"description\">Fa\u00e7onnez (et remodelez) votre style tout au long de la journ\u00e9e avec Clean Cut\u00ae.<\/p>\n<p>Formul\u00e9e pour les cheveux des hommes, cette cr\u00e8me coiffante polyvalente vous aide \u00e0 cr\u00e9er une coiffure parfaite et nette.<br \/>Et avec une finition semi-mate, vous n&rsquo;aurez jamais l&rsquo;air d\u2019en faire trop. Fonctionne sur tout type de cheveux.<\/div>\n<\/div>\n<div class=\"tab js-tab\">\n<h3 class=\"tab-title pdp-tabs_title js-tab-mobile-title\"><span>Mode d&#8217;emploi<\/span><\/h3>\n<div class=\"tab-description pdp-tabs_description js-tab-description\">Mettez-en une petite quantit\u00e9 dans vos mains et r\u00e9partissez-la sur vos cheveux humides ou secs.<\/div>\n<\/div>\n<div class=\"tab js-tab\">\n<h3 class=\"tab-title pdp-tabs_title js-tab-mobile-title\"><span>Ingr\u00e9dients<\/span><\/h3>\n<div class=\"tab-description pdp-tabs_description js-tab-description\">Aqua (Water, Eau), Petrolatum, Ozokerite, Cetearyl Alcohol, Bis-Diglyceryl Polyacyladipate-2, Ceteareth-25, Copernicia Cerifera Cera (Carnauba Wax, Cire de Carnauba), Paraffinum Liquidum (Mineral Oil, Huile Min\u00e9rale), Propylene Glycol, PEG-40 Hydrogenated Castor Oil, Diethylhexyl Malate, Ceteareth-20, C32-36 Isoalkyl Stearate, VP\/VA Copolymer, Polyhydroxystearic Acid, PVP, BHT, Caprylhydroxamic Acid, Glycerin, Methylpropanediol, Polyglyceryl-3 Stearate, Polysorbate 60, Sorbic Acid, Stearyl Behenate, Laurtrimonium Chloride, Phenoxyethanol, Parfum (Fragrance), Alpha-Isomethyl Ionone, Benzyl Salicylate, Citronellol, Limonene, Linalool.<\/div>\n<\/div>\n<div class=\"tab js-tab\">\n<h3 class=\"tab-title pdp-tabs_title js-tab-mobile-title\"><span>Livraison et stock<\/span><\/h3>\n<div class=\"tab-description pdp-tabs_description js-tab-description\">\n<div class=\"pdp-delivery_info\">\n<div class=\"content-asset\">Livraison et d\u00e9laisRetours et remboursements<\/div>\n<\/div>\n<\/div>\n<\/div>\n<\/div>\n<\/div>\n<\/div>\n","protected":false},"excerpt":{"rendered":"<p>Points cl\u00e9s Look propre et sans fioritures Tenue durable Les ingr\u00e9dients revitalisants laissent les cheveux&hellip;<\/p>\n","protected":false},"featured_media":16044,"comment_status":"open","ping_status":"closed","template":"","meta":[],"pwb-brand":[660],"product_cat":[596],"product_tag":[373,128,127],"class_list":{"0":"post-30728","1":"product","2":"type-product","3":"status-publish","4":"has-post-thumbnail","6":"pwb-brand-paul-mitchell","7":"product_cat-produit-coiffant-et-fixant","8":"product_tag-paul-mitchell","9":"product_tag-produit-coiffant-et-fixant","10":"product_tag-shampooing-et-coiffure","12":"first","13":"instock","14":"taxable","15":"shipping-taxable","16":"purchasable","17":"product-type-simple","18":"layout-style-3","19":"col-md-4 col-sm-4 col-xs-6","20":"col-lg-3","21":"product-style-default"},"aioseo_notices":[],"brands":[{"id":660,"name":"Paul Mitchell","slug":"paul-mitchell"}],"_links":{"self":[{"href":"https:\/\/cheveuxluxe.com\/index.php\/wp-json\/wp\/v2\/product\/30728","targetHints":{"allow":["GET"]}}],"collection":[{"href":"https:\/\/cheveuxluxe.com\/index.php\/wp-json\/wp\/v2\/product"}],"about":[{"href":"https:\/\/cheveuxluxe.com\/index.php\/wp-json\/wp\/v2\/types\/product"}],"replies":[{"embeddable":true,"href":"https:\/\/cheveuxluxe.com\/index.php\/wp-json\/wp\/v2\/comments?post=30728"}],"version-history":[{"count":0,"href":"https:\/\/cheveuxluxe.com\/index.php\/wp-json\/wp\/v2\/product\/30728\/revisions"}],"wp:featuredmedia":[{"embeddable":true,"href":"https:\/\/cheveuxluxe.com\/index.php\/wp-json\/wp\/v2\/media\/16044"}],"wp:attachment":[{"href":"https:\/\/cheveuxluxe.com\/index.php\/wp-json\/wp\/v2\/media?parent=30728"}],"wp:term":[{"taxonomy":"pwb-brand","embeddable":true,"href":"https:\/\/cheveuxluxe.com\/index.php\/wp-json\/wp\/v2\/pwb-brand?post=30728"},{"taxonomy":"product_cat","embeddable":true,"href":"https:\/\/cheveuxluxe.com\/index.php\/wp-json\/wp\/v2\/product_cat?post=30728"},{"taxonomy":"product_tag","embeddable":true,"href":"https:\/\/cheveuxluxe.com\/index.php\/wp-json\/wp\/v2\/product_tag?post=30728"}],"curies":[{"name":"wp","href":"https:\/\/api.w.org\/{rel}","templated":true}]}}