{"id":30742,"date":"2024-04-09T22:56:42","date_gmt":"2024-04-09T22:56:42","guid":{"rendered":"https:\/\/cheveuxluxe.com\/index.php\/product\/paul-mitchell-spray-volume-hydromist-blow-out-25ml\/"},"modified":"2024-04-13T14:05:54","modified_gmt":"2024-04-13T14:05:54","slug":"paul-mitchell-spray-volume-hydromist-blow-out-25ml","status":"publish","type":"product","link":"https:\/\/cheveuxluxe.com\/index.php\/product\/paul-mitchell-spray-volume-hydromist-blow-out-25ml\/","title":{"rendered":"Paul Mitchell Spray Volume Hydromist Blow-Out 25ml"},"content":{"rendered":"<div class=\"product-content_bottom\">\n<div class=\"pdp-info\">\n<div class=\"pdp-tabs tab-container\">\n<div class=\"tab js-tab\">\n<h3 class=\"tab-title pdp-tabs_title js-tab-mobile-title open\"><span>Points cl\u00e9s<\/span><\/h3>\n<div class=\"tab-description pdp-tabs_description js-tab-description open\" itemprop=\"description\">\n<ul>\n<li> Brillance<\/li>\n<li>Cheveux fragiles<\/li>\n<li>Hydrate<\/li>\n<li>Anti-frisottis<\/li>\n<li>Douceur<\/li>\n<\/ul>\n<\/div>\n<\/div>\n<div class=\"tab js-tab\">\n<h3 class=\"tab-title pdp-tabs_title js-tab-mobile-title\"><span>Description<\/span><\/h3>\n<div class=\"tab-description pdp-tabs_description js-tab-description\" itemprop=\"description\">Le Spray Hydromist Blow-Out Awapuhi Wild Ginger de Paul Mitchell fixe en toute l\u00e9g\u00e8ret\u00e9 et offre un volume haute performance pour un style amplifi\u00e9 et des cheveux \u00e9clatants de sant\u00e9. <\/p>\n<p>L&rsquo;awapuhi naturel est riche en lipides, cet extrait exclusif de Paul Mitchell \u00e9quilibre l&rsquo;hydratation et contribue \u00e0 pr\u00e9venir le dess\u00e8chement. L&rsquo;extrait de miel contribue \u00e0 \u00e9liminer les frisottis tandis que les substances traitantes l\u00e9g\u00e8res emp\u00eachent les cheveux de s&rsquo;ab\u00eemer.<\/p>\n<p>Le Panth\u00e9nol qu\u2019il contient, fournit une hydratation durable, rend les cheveux plus faciles \u00e0 coiffer, r\u00e9duit la formation de fourches, am\u00e9liore l&rsquo;\u00e9tat des cheveux, les \u00e9paissit et apporte de la brillance.<br \/>Le poliymide-1 est une r\u00e9sine volumatrice haute performance qui offre une finition et une tenue longue dur\u00e9e, r\u00e9sistante \u00e0 l&rsquo;humidit\u00e9 qui pr\u00e9serve la couleur et prot\u00e8ge des rayons UV.<\/div>\n<\/div>\n<div class=\"tab js-tab\">\n<h3 class=\"tab-title pdp-tabs_title js-tab-mobile-title\"><span>Mode d&#8217;emploi<\/span><\/h3>\n<div class=\"tab-description pdp-tabs_description js-tab-description\">Sur cheveux s\u00e9ch\u00e9s avec une serviette, appliquer le Spray Hydromist Blow-Out Awapuhi Wild Ginger de Paul Mitchell aux racines.<br \/>Pulv\u00e9riser \u00e0 travers les cheveux pour un volume amplifi\u00e9.<\/div>\n<\/div>\n<div class=\"tab js-tab\">\n<h3 class=\"tab-title pdp-tabs_title js-tab-mobile-title\"><span>Ingr\u00e9dients<\/span><\/h3>\n<div class=\"tab-description pdp-tabs_description js-tab-description\">Aqua (Water, Eau), Polyimide-1, Alcohol, Bisamino PEG\/PPG-41\/3 Aminoethyl PG-Propyl Dimethicone, Butylene Glycol, Cetrimonium Chloride, Cinnamidopropyltrimonium Chloride, Citric Acid, Etidronic Acid, Panthenol, Hedychium Coronarium (White Ginger) Root Extract, Hydrogenated Castor Oil\/Sebacic Acid Copolymer,Hydrolyzed Vegetable Protein PG-Propyl Silanetriol, Olealkonium Chloride, PEG-40 Hydrogenated Castor Oil, PEG-12Dimethicone, Triethyl Citrate, DMDM Hydantoin, Iodopropynyl Butylcarbamate, Phenoxyethanol, Potassium Sorbate,Parfum (Fragrance), Benzyl Salicylate, Hexyl Cinnamal, Limonene, Linalool.[G02]<\/div>\n<\/div>\n<div class=\"tab js-tab\">\n<h3 class=\"tab-title pdp-tabs_title js-tab-mobile-title\"><span>Livraison et stock<\/span><\/h3>\n<div class=\"tab-description pdp-tabs_description js-tab-description\">\n<div class=\"pdp-delivery_info\">\n<div class=\"content-asset\">Livraison et d\u00e9laisRetours et remboursements<\/div>\n<\/div>\n<\/div>\n<\/div>\n<\/div>\n<\/div>\n<\/div>\n","protected":false},"excerpt":{"rendered":"<p>Points cl\u00e9s Brillance Cheveux fragiles Hydrate Anti-frisottis Douceur Description Le Spray Hydromist Blow-Out Awapuhi Wild&hellip;<\/p>\n","protected":false},"featured_media":19963,"comment_status":"open","ping_status":"closed","template":"","meta":[],"pwb-brand":[660],"product_cat":[596],"product_tag":[373,128,127],"class_list":{"0":"post-30742","1":"product","2":"type-product","3":"status-publish","4":"has-post-thumbnail","6":"pwb-brand-paul-mitchell","7":"product_cat-produit-coiffant-et-fixant","8":"product_tag-paul-mitchell","9":"product_tag-produit-coiffant-et-fixant","10":"product_tag-shampooing-et-coiffure","12":"first","13":"instock","14":"taxable","15":"shipping-taxable","16":"purchasable","17":"product-type-simple","18":"layout-style-3","19":"col-md-4 col-sm-4 col-xs-6","20":"col-lg-3","21":"product-style-default"},"aioseo_notices":[],"brands":[{"id":660,"name":"Paul Mitchell","slug":"paul-mitchell"}],"_links":{"self":[{"href":"https:\/\/cheveuxluxe.com\/index.php\/wp-json\/wp\/v2\/product\/30742","targetHints":{"allow":["GET"]}}],"collection":[{"href":"https:\/\/cheveuxluxe.com\/index.php\/wp-json\/wp\/v2\/product"}],"about":[{"href":"https:\/\/cheveuxluxe.com\/index.php\/wp-json\/wp\/v2\/types\/product"}],"replies":[{"embeddable":true,"href":"https:\/\/cheveuxluxe.com\/index.php\/wp-json\/wp\/v2\/comments?post=30742"}],"version-history":[{"count":0,"href":"https:\/\/cheveuxluxe.com\/index.php\/wp-json\/wp\/v2\/product\/30742\/revisions"}],"wp:featuredmedia":[{"embeddable":true,"href":"https:\/\/cheveuxluxe.com\/index.php\/wp-json\/wp\/v2\/media\/19963"}],"wp:attachment":[{"href":"https:\/\/cheveuxluxe.com\/index.php\/wp-json\/wp\/v2\/media?parent=30742"}],"wp:term":[{"taxonomy":"pwb-brand","embeddable":true,"href":"https:\/\/cheveuxluxe.com\/index.php\/wp-json\/wp\/v2\/pwb-brand?post=30742"},{"taxonomy":"product_cat","embeddable":true,"href":"https:\/\/cheveuxluxe.com\/index.php\/wp-json\/wp\/v2\/product_cat?post=30742"},{"taxonomy":"product_tag","embeddable":true,"href":"https:\/\/cheveuxluxe.com\/index.php\/wp-json\/wp\/v2\/product_tag?post=30742"}],"curies":[{"name":"wp","href":"https:\/\/api.w.org\/{rel}","templated":true}]}}