{"id":30750,"date":"2024-04-09T22:57:00","date_gmt":"2024-04-09T22:57:00","guid":{"rendered":"https:\/\/cheveuxluxe.com\/index.php\/product\/paul-mitchell-spray-volume-et-brillance-300ml\/"},"modified":"2024-04-13T14:05:56","modified_gmt":"2024-04-13T14:05:56","slug":"paul-mitchell-spray-volume-et-brillance-300ml","status":"publish","type":"product","link":"https:\/\/cheveuxluxe.com\/index.php\/product\/paul-mitchell-spray-volume-et-brillance-300ml\/","title":{"rendered":"Paul Mitchell Spray Volume et Brillance 300ml"},"content":{"rendered":"<div class=\"product-content_bottom\">\n<div class=\"pdp-info\">\n<div class=\"pdp-tabs tab-container\">\n<div class=\"tab js-tab\">\n<h3 class=\"tab-title pdp-tabs_title js-tab-mobile-title open\"><span>Points cl\u00e9s<\/span><\/h3>\n<div class=\"tab-description pdp-tabs_description js-tab-description open\" itemprop=\"description\">\n<ul>\n<li> Finition<\/li>\n<li>Anti frisottis<\/li>\n<li>Brillance<\/li>\n<li>Hydratant<\/li>\n<li>Volumateur <\/li>\n<\/ul>\n<\/div>\n<\/div>\n<div class=\"tab js-tab\">\n<h3 class=\"tab-title pdp-tabs_title js-tab-mobile-title\"><span>Description<\/span><\/h3>\n<div class=\"tab-description pdp-tabs_description js-tab-description\" itemprop=\"description\">Vos cheveux sont mous et raplapla ?<br \/>Donnez \u00e0 vos cheveux un bon coup de fouet avec le Spray Volumateur. Des agents \u00e9paississants se fixent sur chaque m\u00e8che pour cr\u00e9er du volume et de la texture avec un r\u00e9el pouvoir de maintien. Ces puissants agents coiffants offrent une fixation \u00e9clatante qui dure toute la journ\u00e9e. Tenue extr\u00eame assur\u00e9e.<\/p>\n<p>Les ingr\u00e9dients r\u00e9sistants \u00e0 l&rsquo;humidit\u00e9 sont efficaces quelques soit le climat.<br \/>Autre bienfait de ce Spray, il Aide \u00e0 prot\u00e9ger des effets n\u00e9fastes du soleil.<\/p>\n<p>N\u2019h\u00e9sitez plus, choisissez la marque Paul Mitchell Extra Body pour une chevelure saine et volumineuse sans d\u00e9t\u00e9riorer votre coloration.<\/p><\/div>\n<\/div>\n<div class=\"tab js-tab\">\n<h3 class=\"tab-title pdp-tabs_title js-tab-mobile-title\"><span>Mode d&#8217;emploi<\/span><\/h3>\n<div class=\"tab-description pdp-tabs_description js-tab-description\">Sur cheveux lav\u00e9s et coiff\u00e9s, appliquer en finition pour maintenir la coiffure en forme.<\/div>\n<\/div>\n<div class=\"tab js-tab\">\n<h3 class=\"tab-title pdp-tabs_title js-tab-mobile-title\"><span>Ingr\u00e9dients<\/span><\/h3>\n<div class=\"tab-description pdp-tabs_description js-tab-description\">SD Alcohol 40(SDS-GA-436) (Alcohol Denat.), Isobutane,Propane, Octylacrylamide\/Acrylates\/ Butylaminoethyl Methacrylate Copolymer,Aminomethyl Propanol, Panthenol,Benzophenone-4, Algae Extract,Simmondsia Chinensis (Jojoba) LeafExtract, Aloe Barbadensis Leaf Extract,Anthemis Nobilis Flower Extract,Rosmarinus Officinalis (Rosemary)Leaf Extract, Alcohol, AMP-IsostearoylHydrolyzed Wheat Protein, Triethyl Citrate,Phenyl Trimethicone, Bisamino PEG\/PPG-41\/3 Aminoethyl PG-Propyl Dimethicone,PEG-12 Dimethicone, PEG\/PPG-17\/18Dimethicone, Parfum (Fragrance), BenzylBenzoate, Amyl Cinnamal, Benzyl Alcohol,Hydroxycitronellal<\/div>\n<\/div>\n<div class=\"tab js-tab\">\n<h3 class=\"tab-title pdp-tabs_title js-tab-mobile-title\"><span>Livraison et stock<\/span><\/h3>\n<div class=\"tab-description pdp-tabs_description js-tab-description\">\n<div class=\"pdp-delivery_info\">\n<div class=\"content-asset\">Livraison et d\u00e9laisRetours et remboursements<\/div>\n<\/div>\n<\/div>\n<\/div>\n<\/div>\n<\/div>\n<\/div>\n","protected":false},"excerpt":{"rendered":"<p>Points cl\u00e9s Finition Anti frisottis Brillance Hydratant Volumateur Description Vos cheveux sont mous et raplapla&hellip;<\/p>\n","protected":false},"featured_media":20099,"comment_status":"open","ping_status":"closed","template":"","meta":[],"pwb-brand":[660],"product_cat":[596],"product_tag":[373,128,127],"class_list":{"0":"post-30750","1":"product","2":"type-product","3":"status-publish","4":"has-post-thumbnail","6":"pwb-brand-paul-mitchell","7":"product_cat-produit-coiffant-et-fixant","8":"product_tag-paul-mitchell","9":"product_tag-produit-coiffant-et-fixant","10":"product_tag-shampooing-et-coiffure","12":"first","13":"instock","14":"taxable","15":"shipping-taxable","16":"purchasable","17":"product-type-simple","18":"layout-style-3","19":"col-md-4 col-sm-4 col-xs-6","20":"col-lg-3","21":"product-style-default"},"aioseo_notices":[],"brands":[{"id":660,"name":"Paul Mitchell","slug":"paul-mitchell"}],"_links":{"self":[{"href":"https:\/\/cheveuxluxe.com\/index.php\/wp-json\/wp\/v2\/product\/30750","targetHints":{"allow":["GET"]}}],"collection":[{"href":"https:\/\/cheveuxluxe.com\/index.php\/wp-json\/wp\/v2\/product"}],"about":[{"href":"https:\/\/cheveuxluxe.com\/index.php\/wp-json\/wp\/v2\/types\/product"}],"replies":[{"embeddable":true,"href":"https:\/\/cheveuxluxe.com\/index.php\/wp-json\/wp\/v2\/comments?post=30750"}],"version-history":[{"count":0,"href":"https:\/\/cheveuxluxe.com\/index.php\/wp-json\/wp\/v2\/product\/30750\/revisions"}],"wp:featuredmedia":[{"embeddable":true,"href":"https:\/\/cheveuxluxe.com\/index.php\/wp-json\/wp\/v2\/media\/20099"}],"wp:attachment":[{"href":"https:\/\/cheveuxluxe.com\/index.php\/wp-json\/wp\/v2\/media?parent=30750"}],"wp:term":[{"taxonomy":"pwb-brand","embeddable":true,"href":"https:\/\/cheveuxluxe.com\/index.php\/wp-json\/wp\/v2\/pwb-brand?post=30750"},{"taxonomy":"product_cat","embeddable":true,"href":"https:\/\/cheveuxluxe.com\/index.php\/wp-json\/wp\/v2\/product_cat?post=30750"},{"taxonomy":"product_tag","embeddable":true,"href":"https:\/\/cheveuxluxe.com\/index.php\/wp-json\/wp\/v2\/product_tag?post=30750"}],"curies":[{"name":"wp","href":"https:\/\/api.w.org\/{rel}","templated":true}]}}