{"id":30817,"date":"2024-04-09T22:58:15","date_gmt":"2024-04-09T22:58:15","guid":{"rendered":"https:\/\/cheveuxluxe.com\/index.php\/product\/lome-paris-lift-racines-spray-mousse-3-250ml\/"},"modified":"2024-04-13T14:06:27","modified_gmt":"2024-04-13T14:06:27","slug":"lome-paris-lift-racines-spray-mousse-3-250ml","status":"publish","type":"product","link":"https:\/\/cheveuxluxe.com\/index.php\/product\/lome-paris-lift-racines-spray-mousse-3-250ml\/","title":{"rendered":"L\u00f4m\u00e9 Paris Lift Racines Spray-Mousse 3 250ml"},"content":{"rendered":"<div class=\"product-content_bottom\">\n<div class=\"pdp-info\">\n<div class=\"pdp-tabs tab-container\">\n<div class=\"tab js-tab\">\n<h3 class=\"tab-title pdp-tabs_title js-tab-mobile-title open\"><span>Points cl\u00e9s<\/span><\/h3>\n<div class=\"tab-description pdp-tabs_description js-tab-description open\" itemprop=\"description\">\n<ul>\n<li>Spray-mousse d\u00e9collement des racines<\/li>\n<li>Tenue et volume instantan\u00e9s et fiables l\u00e0 o\u00f9 les cheveux en ont le plus besoin<\/li>\n<\/ul>\n<\/div>\n<\/div>\n<div class=\"tab js-tab\">\n<h3 class=\"tab-title pdp-tabs_title js-tab-mobile-title\"><span>Description<\/span><\/h3>\n<div class=\"tab-description pdp-tabs_description js-tab-description\" itemprop=\"description\">Bien agiter avant utilisation.<br \/>Tenir le flacon verticalement et vaporiser sur la racine de chaque section \u00e0 une distance de quelques centim\u00e8tres.<br \/>Ensuite, cr\u00e9er le style avec une brosse et un s\u00e8che-cheveux ou avec les doigts.<\/div>\n<\/div>\n<div class=\"tab js-tab\">\n<h3 class=\"tab-title pdp-tabs_title js-tab-mobile-title\"><span>Mode d&#8217;emploi<\/span><\/h3>\n<div class=\"tab-description pdp-tabs_description js-tab-description\">Bien agiter avant utilisation.<br \/>Tenir le flacon verticalement et vaporiser sur la racine de chaque section \u00e0 une distance de quelques centim\u00e8tres.<br \/>Ensuite, cr\u00e9er le style avec une brosse et un s\u00e8che-cheveux ou avec les doigts.<\/div>\n<\/div>\n<div class=\"tab js-tab\">\n<h3 class=\"tab-title pdp-tabs_title js-tab-mobile-title\"><span>Ingr\u00e9dients<\/span><\/h3>\n<div class=\"tab-description pdp-tabs_description js-tab-description\">AQUA, ALCOHOL DENAT., DIMETHYL ETHER, BUTANE, VINYLCAPROLACTAM, VP, DIMETHYLAMINOETHYL, METHACRYLATE COPOLYMER, VP, VA COPOLYMER, ISOBUTANE, PROPANE, AMODIMETHICONE, POLYQUATERNIUM-37, PROPYLENE GLYCOL, POLYQUATERIUM-11, PPG-5-CETETH-20, ETHOXYDIGLYCOL, PEG-40 HYDROGENATED CASTOR OIL, ETHYLPARABEN, METHYLPARABEN, PROPYLPARABEN, IMIDAZOLYDINYL UREA, POLYQUATERNIUM-7, TRIDECETH-12, POLYSORBATE 20, TETRASODIUM EDTA, GLYCERIN, CETRIMONIUM CHLORIDE, PHENOXYETHANOL, SODIUM METHYLPARABEN, SODIUM DEHYDROACETATE, SORBIC ACID, PARFUM, HEXYL CINNAMAL, HYDROXYCITRONELLAL, LIMONENE, LINALOOL, ALPHA-ISOMETHYL IONONE, CITRAL.,<\/div>\n<\/div>\n<div class=\"tab js-tab\">\n<h3 class=\"tab-title pdp-tabs_title js-tab-mobile-title\"><span>Livraison et stock<\/span><\/h3>\n<div class=\"tab-description pdp-tabs_description js-tab-description\">\n<div class=\"pdp-delivery_info\">\n<div class=\"content-asset\">Livraison et d\u00e9laisRetours et remboursements<\/div>\n<\/div>\n<\/div>\n<\/div>\n<div class=\"tab js-tab\">\n<h3 class=\"tab-title pdp-tabs_title js-tab-mobile-title\"><span>Pr\u00e9cautions d&#8217;emploi<\/span><\/h3>\n<div class=\"tab-description pdp-tabs_description js-tab-description\">Danger. R\u00e9cipient sous pression: peut \u00e9clater sous l\u2019effet de la chaleur.<br \/>Tenir \u00e0 l\u2019\u00e9cart de la chaleur, des surfaces chaudes, des \u00e9tincelles, des flammes nues et de toute autre source d\u2019inflammation. Ne pas fumer.<br \/>Ne pas vaporiser sur une flamme nue ou sur toute autre source d\u2019ignition.<br \/>Ne pas perforer, ni br\u00fbler, m\u00eame apr\u00e8s usage. Prot\u00e9ger du rayonnement solaire. Ne pas exposer \u00e0 une temp\u00e9rature sup\u00e9rieure \u00e0 50 \u00b0C\/122 \u00b0F.<br \/>Tenir hors de port\u00e9e des enfants.<br \/>Utiliser seulement en plein air ou dans un endroit bien ventil\u00e9.<br \/>Suivre le mode d\u2019emploi.<\/div>\n<\/div>\n<\/div>\n<\/div>\n<\/div>\n","protected":false},"excerpt":{"rendered":"<p>Points cl\u00e9s Spray-mousse d\u00e9collement des racines Tenue et volume instantan\u00e9s et fiables l\u00e0 o\u00f9 les&hellip;<\/p>\n","protected":false},"featured_media":15476,"comment_status":"open","ping_status":"closed","template":"","meta":[],"pwb-brand":[656],"product_cat":[596],"product_tag":[355,128,127],"class_list":{"0":"post-30817","1":"product","2":"type-product","3":"status-publish","4":"has-post-thumbnail","6":"pwb-brand-lome-paris","7":"product_cat-produit-coiffant-et-fixant","8":"product_tag-lome-paris","9":"product_tag-produit-coiffant-et-fixant","10":"product_tag-shampooing-et-coiffure","12":"first","13":"instock","14":"taxable","15":"shipping-taxable","16":"purchasable","17":"product-type-simple","18":"layout-style-3","19":"col-md-4 col-sm-4 col-xs-6","20":"col-lg-3","21":"product-style-default"},"aioseo_notices":[],"brands":[{"id":656,"name":"L\u00f4m\u00e9 Paris","slug":"lome-paris"}],"_links":{"self":[{"href":"https:\/\/cheveuxluxe.com\/index.php\/wp-json\/wp\/v2\/product\/30817","targetHints":{"allow":["GET"]}}],"collection":[{"href":"https:\/\/cheveuxluxe.com\/index.php\/wp-json\/wp\/v2\/product"}],"about":[{"href":"https:\/\/cheveuxluxe.com\/index.php\/wp-json\/wp\/v2\/types\/product"}],"replies":[{"embeddable":true,"href":"https:\/\/cheveuxluxe.com\/index.php\/wp-json\/wp\/v2\/comments?post=30817"}],"version-history":[{"count":0,"href":"https:\/\/cheveuxluxe.com\/index.php\/wp-json\/wp\/v2\/product\/30817\/revisions"}],"wp:featuredmedia":[{"embeddable":true,"href":"https:\/\/cheveuxluxe.com\/index.php\/wp-json\/wp\/v2\/media\/15476"}],"wp:attachment":[{"href":"https:\/\/cheveuxluxe.com\/index.php\/wp-json\/wp\/v2\/media?parent=30817"}],"wp:term":[{"taxonomy":"pwb-brand","embeddable":true,"href":"https:\/\/cheveuxluxe.com\/index.php\/wp-json\/wp\/v2\/pwb-brand?post=30817"},{"taxonomy":"product_cat","embeddable":true,"href":"https:\/\/cheveuxluxe.com\/index.php\/wp-json\/wp\/v2\/product_cat?post=30817"},{"taxonomy":"product_tag","embeddable":true,"href":"https:\/\/cheveuxluxe.com\/index.php\/wp-json\/wp\/v2\/product_tag?post=30817"}],"curies":[{"name":"wp","href":"https:\/\/api.w.org\/{rel}","templated":true}]}}