{"id":30825,"date":"2024-04-09T22:58:17","date_gmt":"2024-04-09T22:58:17","guid":{"rendered":"https:\/\/cheveuxluxe.com\/index.php\/product\/loreal-homme-mat-80ml\/"},"modified":"2024-04-13T14:06:31","modified_gmt":"2024-04-13T14:06:31","slug":"loreal-homme-mat-80ml","status":"publish","type":"product","link":"https:\/\/cheveuxluxe.com\/index.php\/product\/loreal-homme-mat-80ml\/","title":{"rendered":"L&rsquo;Or\u00e9al Homme Mat 80ml"},"content":{"rendered":"<div class=\"product-content_bottom\">\n<div class=\"pdp-info\">\n<div class=\"pdp-tabs tab-container\">\n<div class=\"tab js-tab\">\n<h3 class=\"tab-title pdp-tabs_title js-tab-mobile-title open\"><span>Points cl\u00e9s<\/span><\/h3>\n<div class=\"tab-description pdp-tabs_description js-tab-description open\" itemprop=\"description\">\n<ul>\n<li> Tenue souple<\/li>\n<li>Finition mate<\/li>\n<li>Look naturel <\/li>\n<li>Retouches faciles <\/li>\n<\/ul>\n<\/div>\n<\/div>\n<div class=\"tab js-tab\">\n<h3 class=\"tab-title pdp-tabs_title js-tab-mobile-title\"><span>Description<\/span><\/h3>\n<div class=\"tab-description pdp-tabs_description js-tab-description\" itemprop=\"description\">Vos clients qui appr\u00e9cient un look naturel n\u2019en oublient pas pour autant les d\u00e9tails qui donneront du style \u00e0 leur allure de gentleman ! Avec Homme Mat, vous texturisez les cheveux en leur laissant tout leur mouvement : sa tenue flexible permet de retoucher simplement la coiffure au fil de la journ\u00e9e.<\/p>\n<p>La finition mate est tr\u00e8s appr\u00e9ci\u00e9e au quotidien par ceux qui veulent prendre soin de leurs cheveux sans artifices. Ce produit L\u2019Or\u00e9al Professionnel\u00ae vous accompagnera aussi bien en salon qu\u2019\u00e0 domicile pour donner la touche finale \u00e0 tous vos styles de coupes : slick-back, half-shaved ou coupes plus longues. Vos clients pourront continuer \u00e0 passer la main dans leurs cheveux comme si de rien n\u2019\u00e9tait !<\/p><\/div>\n<\/div>\n<div class=\"tab js-tab\">\n<h3 class=\"tab-title pdp-tabs_title js-tab-mobile-title\"><span>Mode d&#8217;emploi<\/span><\/h3>\n<div class=\"tab-description pdp-tabs_description js-tab-description\">Lavez les cheveux et pr\u00e9s\u00e9chez \u00e0 la serviette. Chauffez une noisette de produit entre vos mains et appliquez sur cheveux humides ou apr\u00e8s avoir termin\u00e9 le s\u00e9chage au s\u00e8che-cheveux.<\/div>\n<\/div>\n<div class=\"tab js-tab\">\n<h3 class=\"tab-title pdp-tabs_title js-tab-mobile-title\"><span>Ingr\u00e9dients<\/span><\/h3>\n<div class=\"tab-description pdp-tabs_description js-tab-description\">AQUA \/ WATER \/ EAU \u2022 PEG-40 HYDROGENATED CASTOR OIL \u2022 DIMETHICONE \u2022 PETROLATUM \u2022 STEARYL ALCOHOL \u2022 C20-40 ALKYL STEARATE \u2022 PPG-5-CETETH-20 \u2022 TRIBEHENIN \u2022 VP\/VA COPOLYMER \u2022 BUTYLENE GLYCOL \u2022 PEG-150 PENTAERYTHRITYL TETRASTEARATE \u2022 PHENOXYETHANOL \u2022 CELLULOSE GUM \u2022 SORBIC ACID \u2022 SODIUM BENZOATE \u2022 LIMONENE \u2022 HEXYL CINNAMAL \u2022 LINALOOL \u2022 COUMARIN \u2022 BENZYL BENZOATE \u2022 BENZYL ALCOHOL \u2022 CITRAL \u2022 PARFUM \/ FRAGRANCE<\/div>\n<\/div>\n<div class=\"tab js-tab\">\n<h3 class=\"tab-title pdp-tabs_title js-tab-mobile-title\"><span>Livraison et stock<\/span><\/h3>\n<div class=\"tab-description pdp-tabs_description js-tab-description\">\n<div class=\"pdp-delivery_info\">\n<div class=\"content-asset\">Livraison et d\u00e9laisRetours et remboursements<\/div>\n<\/div>\n<\/div>\n<\/div>\n<\/div>\n<\/div>\n<\/div>\n","protected":false},"excerpt":{"rendered":"<p>Points cl\u00e9s Tenue souple Finition mate Look naturel Retouches faciles Description Vos clients qui appr\u00e9cient&hellip;<\/p>\n","protected":false},"featured_media":21148,"comment_status":"open","ping_status":"closed","template":"","meta":[],"pwb-brand":[649],"product_cat":[596],"product_tag":[325,128,127],"class_list":{"0":"post-30825","1":"product","2":"type-product","3":"status-publish","4":"has-post-thumbnail","6":"pwb-brand-loreal-professionnel","7":"product_cat-produit-coiffant-et-fixant","8":"product_tag-loreal-professionnel","9":"product_tag-produit-coiffant-et-fixant","10":"product_tag-shampooing-et-coiffure","12":"first","13":"instock","14":"taxable","15":"shipping-taxable","16":"purchasable","17":"product-type-simple","18":"layout-style-3","19":"col-md-4 col-sm-4 col-xs-6","20":"col-lg-3","21":"product-style-default"},"aioseo_notices":[],"brands":[{"id":649,"name":"L'Or\u00e9al Professionnel","slug":"loreal-professionnel"}],"_links":{"self":[{"href":"https:\/\/cheveuxluxe.com\/index.php\/wp-json\/wp\/v2\/product\/30825","targetHints":{"allow":["GET"]}}],"collection":[{"href":"https:\/\/cheveuxluxe.com\/index.php\/wp-json\/wp\/v2\/product"}],"about":[{"href":"https:\/\/cheveuxluxe.com\/index.php\/wp-json\/wp\/v2\/types\/product"}],"replies":[{"embeddable":true,"href":"https:\/\/cheveuxluxe.com\/index.php\/wp-json\/wp\/v2\/comments?post=30825"}],"version-history":[{"count":0,"href":"https:\/\/cheveuxluxe.com\/index.php\/wp-json\/wp\/v2\/product\/30825\/revisions"}],"wp:featuredmedia":[{"embeddable":true,"href":"https:\/\/cheveuxluxe.com\/index.php\/wp-json\/wp\/v2\/media\/21148"}],"wp:attachment":[{"href":"https:\/\/cheveuxluxe.com\/index.php\/wp-json\/wp\/v2\/media?parent=30825"}],"wp:term":[{"taxonomy":"pwb-brand","embeddable":true,"href":"https:\/\/cheveuxluxe.com\/index.php\/wp-json\/wp\/v2\/pwb-brand?post=30825"},{"taxonomy":"product_cat","embeddable":true,"href":"https:\/\/cheveuxluxe.com\/index.php\/wp-json\/wp\/v2\/product_cat?post=30825"},{"taxonomy":"product_tag","embeddable":true,"href":"https:\/\/cheveuxluxe.com\/index.php\/wp-json\/wp\/v2\/product_tag?post=30825"}],"curies":[{"name":"wp","href":"https:\/\/api.w.org\/{rel}","templated":true}]}}