{"id":30894,"date":"2024-04-09T23:01:27","date_gmt":"2024-04-09T23:01:27","guid":{"rendered":"https:\/\/cheveuxluxe.com\/index.php\/product\/osmo-soin-sans-rincage-violet-avec-technologie-fibre-bond-250ml\/"},"modified":"2024-04-13T14:25:07","modified_gmt":"2024-04-13T14:25:07","slug":"osmo-soin-sans-rincage-violet-avec-technologie-fibre-bond-250ml","status":"publish","type":"product","link":"https:\/\/cheveuxluxe.com\/index.php\/product\/osmo-soin-sans-rincage-violet-avec-technologie-fibre-bond-250ml\/","title":{"rendered":"Osmo Soin sans rin\u00e7age Violet avec Technologie Fibre Bond 250ml"},"content":{"rendered":"<div class=\"product-content_bottom\">\n<div class=\"pdp-info\">\n<div class=\"pdp-tabs tab-container\">\n<div class=\"tab js-tab\">\n<h3 class=\"tab-title pdp-tabs_title js-tab-mobile-title open\"><span>Points cl\u00e9s<\/span><\/h3>\n<div class=\"tab-description pdp-tabs_description js-tab-description open\" itemprop=\"description\">\n<ul>\n<li>Formule intens\u00e9ment nourrissante \u00e0 la vitamine E et au jojoba<\/li>\n<li>Aux prot\u00e9ines de soja et \u00e0 la technologie Fibre Bond pour renforcer la cuticule des cheveux<\/li>\n<li>Au complexe protecteur pour prolonger votre couleur r\u00e9alis\u00e9e en salon<\/li>\n<li>Aide \u00e0 ma\u00eetriser les frisottis et raviver l\u2019\u00e9clat des cheveux<\/li>\n<li>Id\u00e9al sur les extensions de cheveux<\/li>\n<li>100\u00a0% v\u00e9gan<\/li>\n<\/ul>\n<\/div>\n<\/div>\n<div class=\"tab js-tab\">\n<h3 class=\"tab-title pdp-tabs_title js-tab-mobile-title\"><span>Description<\/span><\/h3>\n<div class=\"tab-description pdp-tabs_description js-tab-description\" itemprop=\"description\">Soin sans rin\u00e7age intens\u00e9ment nourrissant enrichi en pigments violets pour aider \u00e0 neutraliser les teintes jaunes des cheveux blonds et gris.<br \/>Formule aux prot\u00e9ines de soja avec technologie Fibre Bond pour renforcer et prot\u00e9ger la cuticule des cheveux.<br \/>Les cheveux sont r\u00e9hydrat\u00e9s, doux, soyeux et faciles \u00e0 coiffer.<\/div>\n<\/div>\n<div class=\"tab js-tab\">\n<h3 class=\"tab-title pdp-tabs_title js-tab-mobile-title\"><span>Mode d&#8217;emploi<\/span><\/h3>\n<div class=\"tab-description pdp-tabs_description js-tab-description\">BIEN AGITER AVANT EMPLOI.<br \/>Laver les cheveux, les s\u00e9cher \u00e0 la serviette puis vaporiser le soin uniform\u00e9ment m\u00e8che par m\u00e8che, en \u00e9vitant les racines.<br \/>Peigner et coiffer comme d&rsquo;habitude.<\/div>\n<\/div>\n<div class=\"tab js-tab\">\n<h3 class=\"tab-title pdp-tabs_title js-tab-mobile-title\"><span>Ingr\u00e9dients<\/span><\/h3>\n<div class=\"tab-description pdp-tabs_description js-tab-description\">Aqua (Water), Alcohol Denat. (Alcohol), Quaternium-80, Polysilicone-18 Cetyl Phosphate, Polysorbate 20, Polyquaternium-37, Cetyl Alcohol, Quaternium-91, Cetearyl Alcohol, Behentrimonium Chloride, Behentrimonium Methosulfate, Propylene Glycol Dicaprylate\/Dicaprate, Cetrimonium Methosulfate, Hydrolyzed Vegetable Protein PG-Propyl Silanetriol, Butylene Glycol, Hydrolyzed Soy Protein, PPG-1 Trideceth-6, Linum Usitatissimum (Linseed) Seed Oil, Benzophenone-4, Simmondsia Chinensis (Jojoba) Seed Oil, Disodium EDTA, Tocopheryl Acetate, Rosa Damascena (Rose Absolute) Flower Extract, Pentylene Glycol, Helianthus Annuus (Sunflower) Seed Extract, Tromethamine, Superoxide Dismutase, Parfum (Fragrance), Limonene, Hexyl Cinnamal, Linalool, Citronellol, Benzoic Acid, Dehydroacetic Acid, Potassium Sorbate, Phenoxyethanol, Acid Violet 43<\/div>\n<\/div>\n<div class=\"tab js-tab\">\n<h3 class=\"tab-title pdp-tabs_title js-tab-mobile-title\"><span>Livraison et stock<\/span><\/h3>\n<div class=\"tab-description pdp-tabs_description js-tab-description\">\n<div class=\"pdp-delivery_info\">\n<div class=\"content-asset\">Livraison et d\u00e9laisRetours et remboursements<\/div>\n<\/div>\n<\/div>\n<\/div>\n<\/div>\n<\/div>\n<\/div>\n","protected":false},"excerpt":{"rendered":"<p>Points cl\u00e9s Formule intens\u00e9ment nourrissante \u00e0 la vitamine E et au jojoba Aux prot\u00e9ines de&hellip;<\/p>\n","protected":false},"featured_media":21697,"comment_status":"open","ping_status":"closed","template":"","meta":[],"pwb-brand":[661],"product_cat":[617],"product_tag":[274,385,273],"class_list":{"0":"post-30894","1":"product","2":"type-product","3":"status-publish","4":"has-post-thumbnail","6":"pwb-brand-osmo","7":"product_cat-coiffure","8":"product_tag-coiffure","9":"product_tag-osmo","10":"product_tag-vegan","12":"first","13":"instock","14":"taxable","15":"shipping-taxable","16":"purchasable","17":"product-type-simple","18":"layout-style-3","19":"col-md-4 col-sm-4 col-xs-6","20":"col-lg-3","21":"product-style-default"},"aioseo_notices":[],"brands":[{"id":661,"name":"Osmo","slug":"osmo"}],"_links":{"self":[{"href":"https:\/\/cheveuxluxe.com\/index.php\/wp-json\/wp\/v2\/product\/30894","targetHints":{"allow":["GET"]}}],"collection":[{"href":"https:\/\/cheveuxluxe.com\/index.php\/wp-json\/wp\/v2\/product"}],"about":[{"href":"https:\/\/cheveuxluxe.com\/index.php\/wp-json\/wp\/v2\/types\/product"}],"replies":[{"embeddable":true,"href":"https:\/\/cheveuxluxe.com\/index.php\/wp-json\/wp\/v2\/comments?post=30894"}],"version-history":[{"count":0,"href":"https:\/\/cheveuxluxe.com\/index.php\/wp-json\/wp\/v2\/product\/30894\/revisions"}],"wp:featuredmedia":[{"embeddable":true,"href":"https:\/\/cheveuxluxe.com\/index.php\/wp-json\/wp\/v2\/media\/21697"}],"wp:attachment":[{"href":"https:\/\/cheveuxluxe.com\/index.php\/wp-json\/wp\/v2\/media?parent=30894"}],"wp:term":[{"taxonomy":"pwb-brand","embeddable":true,"href":"https:\/\/cheveuxluxe.com\/index.php\/wp-json\/wp\/v2\/pwb-brand?post=30894"},{"taxonomy":"product_cat","embeddable":true,"href":"https:\/\/cheveuxluxe.com\/index.php\/wp-json\/wp\/v2\/product_cat?post=30894"},{"taxonomy":"product_tag","embeddable":true,"href":"https:\/\/cheveuxluxe.com\/index.php\/wp-json\/wp\/v2\/product_tag?post=30894"}],"curies":[{"name":"wp","href":"https:\/\/api.w.org\/{rel}","templated":true}]}}