{"id":30949,"date":"2024-04-09T23:03:50","date_gmt":"2024-04-09T23:03:50","guid":{"rendered":"https:\/\/cheveuxluxe.com\/index.php\/product\/wella-professionals-wellaplex-salon-kit-3x500ml\/"},"modified":"2024-04-13T14:15:26","modified_gmt":"2024-04-13T14:15:26","slug":"wella-professionals-wellaplex-salon-kit-3x500ml","status":"publish","type":"product","link":"https:\/\/cheveuxluxe.com\/index.php\/product\/wella-professionals-wellaplex-salon-kit-3x500ml\/","title":{"rendered":"Wella Professionals WellaPlex Salon Kit 3x500ml"},"content":{"rendered":"<div class=\"product-content_bottom\">\n<div class=\"pdp-info\">\n<div class=\"pdp-tabs tab-container\">\n<div class=\"tab js-tab\">\n<h3 class=\"tab-title pdp-tabs_title js-tab-mobile-title open\"><span>Points cl\u00e9s<\/span><\/h3>\n<div class=\"tab-description pdp-tabs_description js-tab-description open\" itemprop=\"description\">\n<ul>\n<li>Reconstruit les ponts de la fibre capillaire pour des cheveux plus r\u00e9sistants<\/li>\n<li>pH unique pour une p\u00e9n\u00e9tration optimale des mol\u00e9cules \u00e9claircissantes et colorantes<\/li>\n<li>D\u00e9veloppement optimal de la coloration, pas de perte du pouvoir \u00e9claircissant<\/li>\n<li>Souplesse et brillance durable<\/li>\n<\/ul>\n<\/div>\n<\/div>\n<div class=\"tab js-tab\">\n<h3 class=\"tab-title pdp-tabs_title js-tab-mobile-title\"><span>Description<\/span><\/h3>\n<div class=\"tab-description pdp-tabs_description js-tab-description\" itemprop=\"description\">Wellaplex, gr\u00e2ce au syst\u00e8me OPTI pH qui reconstruit les ponts de la fibre capillaire, rend vos cheveux plus r\u00e9sistants.<br \/>Le syst\u00e8me OPTI pH permet une p\u00e9n\u00e9tration optimale des mol\u00e9cules de coloration et de d\u00e9coloration afin d\u2019offrir des r\u00e9sultats de coloration et de d\u00e9coloration parfaits. Le compl\u00e9ment id\u00e9al pour les produits de coloration et de d\u00e9coloration de Wella Professionals. Il n\u2019est pas n\u00e9cessaire de modifier la quantit\u00e9 d\u2019oxydant ou le temps de pause.<\/div>\n<\/div>\n<div class=\"tab js-tab\">\n<h3 class=\"tab-title pdp-tabs_title js-tab-mobile-title\"><span>Mode d&#8217;emploi<\/span><\/h3>\n<div class=\"tab-description pdp-tabs_description js-tab-description\">\u00c9claircissement et Coloration : Utiliser le Bond Maker N\u00ba 1 avec les produits d\u2019\u00e9claircissement ou de coloration, en suivant le mode d\u2019emploi. Une fois le temps de pause \u00e9coul\u00e9, rincer abondamment les cheveux. Ne pas faire de Shampooing. S\u00e9cher les cheveux avec une serviette puis appliquer le Bond Stabilizer N\u00ba 2. \u00c9tape 2 : Appliquer le Bond Stabilizer N\u00ba 2 (utiliser le double de la quantit\u00e9 du Bond Maker N\u00ba 1), des racines aux pointes et laisser agir 10 minutes. Rincer abondamment. Faire un Shampooing et un apr\u00e8s-Shampooing, puis coiffer comme d\u2019habitude. Si les cheveux sont tr\u00e8s ab\u00eem\u00e9s, laisser le Bond Stabilizer N\u00ba 2 agir plus longtemps (20 minutes maximum) avant de rincer. Note : Ajouter le Bond Maker N\u00ba 1 au produit \u00e9claircissant ou colorant n\u2019affectera le r\u00e9sultat ni le temps de pause. Nul besoin d\u2019augmenter le niveau d&rsquo;oxydant. Utiliser le m\u00eame niveau d&rsquo;oxydant que lorsque vous n\u2019utilisez pas WellaPlex. Coloration : Tous les produits colorants Wella Professionals. Pour 30 g ou 1\/2 tube de 30 g (60 g pour Special Blondes et Color Touch) ajouter 2 g de WellaPlex Bond Maker N\u00ba 1. M\u00e9langer les parts de Bond Maker N\u00ba 1 avec les produits \u00e9claircissants \/ colorants de Wella Professionals , toute la t\u00eate ou papillotes (Blondor, Magma by Blondor). M\u00e9langer 30 g de Blondor et 45 g* (le m\u00e9lange peut varier) d&rsquo;oxyant, avec 6 g WellaPlex. Techniques de coloration \/ \u00e9claircissement \u00e0 la main de Bond Maker N\u00ba 1 (Blondor Freelights, Magma by Blondor. Pour 30 g de Blondor Freelights\/Magma Powder et 45 g* d&rsquo;oxydant, ajouter 3 g de WellaPlex Bond Maker N\u00ba 1 * la quantit\u00e9 d&rsquo;oxydant peut varier avec les produits \u00e9claircissants. **Koleston Perfect Special Blonde et Color Touch. Service de soins ind\u00e9pendant : Vous pouvez utiliser WellaPlex comme soin ind\u00e9pendant en m\u00e9langeant le Bond Maker N\u00ba 1 \u00e0 de l\u2019eau. \u00c9tape 1 : M\u00e9langer le Bond Maker N\u00ba 1 \u00e0 de l\u2019eau, dans un flacon sans pulv\u00e9risateur (proportion de m\u00e9lange 1+6, voir ci-dessous)<\/div>\n<\/div>\n<div class=\"tab js-tab\">\n<h3 class=\"tab-title pdp-tabs_title js-tab-mobile-title\"><span>Ingr\u00e9dients<\/span><\/h3>\n<div class=\"tab-description pdp-tabs_description js-tab-description\">No.1 Bond Maker Water\/Aqua\/Eau, Malic Acid, Sodium Hydroxide, Propylene Glycol, Quaternium-80, Cetrimonium Chloride, Phenoxyethanol, Coceth-10, Isopropyl Alcohol, Sodium Bicarbonate, Butylene Glycol, Sodium Sulfite, PEG-35 Castor Oil, Sodium Carbonate, Ethylhexylglycerin, Disodium EDTA, TocopherolStep No. 2 Bond Stabilizer Water\/Aqua\/Eau, Cetyl Alcohol, Isopropyl Myristate, Malic Acid, Mineral Oil\/Paraffinum Liquidum, Ceteareth-25, Cetrimonium Chloride, Sodium Hydroxide, Phenoxyethanol, Isopropyl Alcohol, Coco-Glucoside, Glyceryl Oleate, Behentrimonium Chloride, Amodimethicone, Parfum\/Fragrance, Polyquaternium-37, Citric Acid, Ethylhexylglycerin, Guar Hydroxypropyltrimonium Chloride, Disodium EDTA, Propylene Glycol Dicaprylate\/Dicaprate, Hexyl Cinnamal, Trideceth-12, PPG-1 Trideceth-6, Benzyl Salicylate, Acrylates\/Stearyl Methacrylate Copolymer, Sodium Benzoate, Sorbitan Oleate, Tocopherol<\/div>\n<\/div>\n<div class=\"tab js-tab\">\n<h3 class=\"tab-title pdp-tabs_title js-tab-mobile-title\"><span>Livraison et stock<\/span><\/h3>\n<div class=\"tab-description pdp-tabs_description js-tab-description\">\n<div class=\"pdp-delivery_info\">\n<div class=\"content-asset\">Livraison et d\u00e9laisRetours et remboursements<\/div>\n<\/div>\n<\/div>\n<\/div>\n<div class=\"tab js-tab\">\n<h3 class=\"tab-title pdp-tabs_title js-tab-mobile-title\"><span>Pr\u00e9cautions d&#8217;emploi<\/span><\/h3>\n<div class=\"tab-description pdp-tabs_description js-tab-description\">AVERTISSEMENT : Lire attentivement et suivre scrupuleusement les consignes et instructions. Si pendant l\u2019application du produit, une \u00e9ruption cutan\u00e9e ou une douleur apparaissent, arr\u00eater l\u2019application et rincer les cheveux \u00e0 l\u2019eau ti\u00e8de, puis demander un avis m\u00e9dical. Peut provoquer une irritation cutan\u00e9e chez certaines personnes. Ce produit n\u2019est pas con\u00e7u pour une utilisation sur des personnes de moins de 16 ans. Ne pas utiliser ce produit en cas de rougeurs au visage, si le cuir chevelu est sensible, irrit\u00e9 ou ab\u00eem\u00e9, ou en cas de r\u00e9action apr\u00e8s l\u2019utilisation. \u00c9viter le contact avec les yeux. Provoque une s\u00e9v\u00e8re irritation des yeux. En cas de contact, rincer abondamment et consulter un m\u00e9decin. \u00c0 tenir hors de port\u00e9e des enfants.<\/div>\n<\/div>\n<\/div>\n<\/div>\n<\/div>\n","protected":false},"excerpt":{"rendered":"<p>Points cl\u00e9s Reconstruit les ponts de la fibre capillaire pour des cheveux plus r\u00e9sistants pH&hellip;<\/p>\n","protected":false},"featured_media":15660,"comment_status":"open","ping_status":"closed","template":"","meta":[],"pwb-brand":[648],"product_cat":[600],"product_tag":[144,127,323],"class_list":{"0":"post-30949","1":"product","2":"type-product","3":"status-publish","4":"has-post-thumbnail","6":"pwb-brand-wella-professionals","7":"product_cat-lissage-et-keratine","8":"product_tag-lissage-et-keratine","9":"product_tag-shampooing-et-coiffure","10":"product_tag-wella-professionals","12":"first","13":"instock","14":"taxable","15":"shipping-taxable","16":"purchasable","17":"product-type-simple","18":"layout-style-3","19":"col-md-4 col-sm-4 col-xs-6","20":"col-lg-3","21":"product-has-gallery","22":"product-style-default"},"aioseo_notices":[],"brands":[{"id":648,"name":"Wella Professionals","slug":"wella-professionals"}],"_links":{"self":[{"href":"https:\/\/cheveuxluxe.com\/index.php\/wp-json\/wp\/v2\/product\/30949","targetHints":{"allow":["GET"]}}],"collection":[{"href":"https:\/\/cheveuxluxe.com\/index.php\/wp-json\/wp\/v2\/product"}],"about":[{"href":"https:\/\/cheveuxluxe.com\/index.php\/wp-json\/wp\/v2\/types\/product"}],"replies":[{"embeddable":true,"href":"https:\/\/cheveuxluxe.com\/index.php\/wp-json\/wp\/v2\/comments?post=30949"}],"version-history":[{"count":0,"href":"https:\/\/cheveuxluxe.com\/index.php\/wp-json\/wp\/v2\/product\/30949\/revisions"}],"wp:featuredmedia":[{"embeddable":true,"href":"https:\/\/cheveuxluxe.com\/index.php\/wp-json\/wp\/v2\/media\/15660"}],"wp:attachment":[{"href":"https:\/\/cheveuxluxe.com\/index.php\/wp-json\/wp\/v2\/media?parent=30949"}],"wp:term":[{"taxonomy":"pwb-brand","embeddable":true,"href":"https:\/\/cheveuxluxe.com\/index.php\/wp-json\/wp\/v2\/pwb-brand?post=30949"},{"taxonomy":"product_cat","embeddable":true,"href":"https:\/\/cheveuxluxe.com\/index.php\/wp-json\/wp\/v2\/product_cat?post=30949"},{"taxonomy":"product_tag","embeddable":true,"href":"https:\/\/cheveuxluxe.com\/index.php\/wp-json\/wp\/v2\/product_tag?post=30949"}],"curies":[{"name":"wp","href":"https:\/\/api.w.org\/{rel}","templated":true}]}}