{"id":30994,"date":"2024-04-09T23:05:50","date_gmt":"2024-04-09T23:05:50","guid":{"rendered":"https:\/\/cheveuxluxe.com\/index.php\/product\/wunderbar-vegan-lacque-finish-it-500ml\/"},"modified":"2024-04-13T14:25:08","modified_gmt":"2024-04-13T14:25:08","slug":"wunderbar-vegan-lacque-finish-it-500ml","status":"publish","type":"product","link":"https:\/\/cheveuxluxe.com\/index.php\/product\/wunderbar-vegan-lacque-finish-it-500ml\/","title":{"rendered":"Wunderbar Vegan Lacque Finish-It 500ml"},"content":{"rendered":"<div class=\"product-content_bottom\">\n<div class=\"pdp-info\">\n<div class=\"pdp-tabs tab-container\">\n<div class=\"tab js-tab\">\n<h3 class=\"tab-title pdp-tabs_title js-tab-mobile-title open\"><span>Points cl\u00e9s<\/span><\/h3>\n<div class=\"tab-description pdp-tabs_description js-tab-description open\" itemprop=\"description\">\n<ul>\n<li>Un spray coiffant qui s\u00e8che rapidement et fixe les cheveux instantan\u00e9ment sans laisser de r\u00e9sidus<\/li>\n<li>Id\u00e9al pour le coiffage des cheveux longs et mi-longs, pour leur apporter de l\u2019\u00e9clat et une fixation longue dur\u00e9e<\/li>\n<li>Le Fix Complexe 48h avec r\u00e9sines \u00e0 effet m\u00e9moire permet de retravailler la coiffure<\/li>\n<li>Ce produit contient une formule adapt\u00e9e aux colorations\u00a0<\/li>\n<\/ul>\n<\/div>\n<\/div>\n<div class=\"tab js-tab\">\n<h3 class=\"tab-title pdp-tabs_title js-tab-mobile-title\"><span>Description<\/span><\/h3>\n<div class=\"tab-description pdp-tabs_description js-tab-description\" itemprop=\"description\">La Wunderbar Vegan Finish-It Hairspray est parfaite pour offrir une forte tenue aux cheveux longs. Ce spray cheveux v\u00e9gan \u00e0 s\u00e9chage rapide permet de styliser des coiffures express sans laisser de r\u00e9sidu. Elle comprend le Fix\u00a0Complex\u00a048h, une exclusivit\u00e9 Wunderbar enrichie en r\u00e9sines \u00e0 effet m\u00e9moire qui permet de retravailler les cheveux sans risque de les ab\u00eemer.<\/div>\n<\/div>\n<div class=\"tab js-tab\">\n<h3 class=\"tab-title pdp-tabs_title js-tab-mobile-title\"><span>Mode d&#8217;emploi<\/span><\/h3>\n<div class=\"tab-description pdp-tabs_description js-tab-description\">Pulv\u00e9riser sur les cheveux coiff\u00e9s, \u00e0 environ 30 cm de distance.<\/div>\n<\/div>\n<div class=\"tab js-tab\">\n<h3 class=\"tab-title pdp-tabs_title js-tab-mobile-title\"><span>Ingr\u00e9dients<\/span><\/h3>\n<div class=\"tab-description pdp-tabs_description js-tab-description\">ALCOHOL DENAT., BUTANE, ISOBUTANE, PROPANE, ACRYLATES COPOLYMER, PHENYL TRIMETHICONE, AMINOMETHYL PROPANOL, ARGANIA SPINOSA KERNEL OIL, VERBASCUM DENSIFLORUM FLOWER\/STEM EXTRACT, TRIETHYL CITRATE, AQUA (WATER\/EAU), GLYCERINz, POLYSORBATE 80, ETHYLHEXYL METHOXYCINNAMATE, CITRIC ACID, BENZYL ALCOHOL, SODIUM BENZOATE, POTASSIUM SORBATE, PARFUM (FRAGRANCE), HEXYL CINNAMAL, HYDROXYCITRONELLAL, LIMONENE, LINALOOL, BENZYL SALICYLATE, ALPHA ISOMETHYL IONONE<\/div>\n<\/div>\n<div class=\"tab js-tab\">\n<h3 class=\"tab-title pdp-tabs_title js-tab-mobile-title\"><span>Livraison et stock<\/span><\/h3>\n<div class=\"tab-description pdp-tabs_description js-tab-description\">\n<div class=\"pdp-delivery_info\">\n<div class=\"content-asset\">Livraison et d\u00e9laisRetours et remboursements<\/div>\n<\/div>\n<\/div>\n<\/div>\n<div class=\"tab js-tab\">\n<h3 class=\"tab-title pdp-tabs_title js-tab-mobile-title\"><span>Pr\u00e9cautions d&#8217;emploi<\/span><\/h3>\n<div class=\"tab-description pdp-tabs_description js-tab-description\">DANGER ! A\u00e9rosol extr\u00eamement inflammable. Contenant sous pression : peut exploser sous l\u2019effet de la chaleur. Tenir hors de port\u00e9e des enfants. Tenir \u00e0 l\u2019\u00e9cart de la chaleur, des surfaces chaudes, des \u00e9tincelles, des flammes et autres sources inflammables. Ne pas fumer. Ne pas pulv\u00e9riser sur des flammes ni toute autre source inflammable. Ne pas percer ni br\u00fbler, m\u00eame apr\u00e8s usage. \u00c9viter de respirer le produit pulv\u00e9ris\u00e9. Utiliser uniquement en ext\u00e9rieur ou dans un endroit bien a\u00e9r\u00e9. Tenir \u00e0 l\u2019abri du soleil. Ne pas exposer \u00e0 des temp\u00e9ratures sup\u00e9rieures \u00e0 50 \u00b0C\/122 \u00b0F.<\/div>\n<\/div>\n<\/div>\n<\/div>\n<\/div>\n","protected":false},"excerpt":{"rendered":"<p>Points cl\u00e9s Un spray coiffant qui s\u00e8che rapidement et fixe les cheveux instantan\u00e9ment sans laisser&hellip;<\/p>\n","protected":false},"featured_media":20446,"comment_status":"open","ping_status":"closed","template":"","meta":[],"pwb-brand":[655],"product_cat":[617],"product_tag":[274,273,352],"class_list":{"0":"post-30994","1":"product","2":"type-product","3":"status-publish","4":"has-post-thumbnail","6":"pwb-brand-wunderbar","7":"product_cat-coiffure","8":"product_tag-coiffure","9":"product_tag-vegan","10":"product_tag-wunderbar","12":"first","13":"instock","14":"taxable","15":"shipping-taxable","16":"purchasable","17":"product-type-simple","18":"layout-style-3","19":"col-md-4 col-sm-4 col-xs-6","20":"col-lg-3","21":"product-style-default"},"aioseo_notices":[],"brands":[{"id":655,"name":"Wunderbar","slug":"wunderbar"}],"_links":{"self":[{"href":"https:\/\/cheveuxluxe.com\/index.php\/wp-json\/wp\/v2\/product\/30994","targetHints":{"allow":["GET"]}}],"collection":[{"href":"https:\/\/cheveuxluxe.com\/index.php\/wp-json\/wp\/v2\/product"}],"about":[{"href":"https:\/\/cheveuxluxe.com\/index.php\/wp-json\/wp\/v2\/types\/product"}],"replies":[{"embeddable":true,"href":"https:\/\/cheveuxluxe.com\/index.php\/wp-json\/wp\/v2\/comments?post=30994"}],"version-history":[{"count":0,"href":"https:\/\/cheveuxluxe.com\/index.php\/wp-json\/wp\/v2\/product\/30994\/revisions"}],"wp:featuredmedia":[{"embeddable":true,"href":"https:\/\/cheveuxluxe.com\/index.php\/wp-json\/wp\/v2\/media\/20446"}],"wp:attachment":[{"href":"https:\/\/cheveuxluxe.com\/index.php\/wp-json\/wp\/v2\/media?parent=30994"}],"wp:term":[{"taxonomy":"pwb-brand","embeddable":true,"href":"https:\/\/cheveuxluxe.com\/index.php\/wp-json\/wp\/v2\/pwb-brand?post=30994"},{"taxonomy":"product_cat","embeddable":true,"href":"https:\/\/cheveuxluxe.com\/index.php\/wp-json\/wp\/v2\/product_cat?post=30994"},{"taxonomy":"product_tag","embeddable":true,"href":"https:\/\/cheveuxluxe.com\/index.php\/wp-json\/wp\/v2\/product_tag?post=30994"}],"curies":[{"name":"wp","href":"https:\/\/api.w.org\/{rel}","templated":true}]}}