{"id":31017,"date":"2024-04-09T23:07:13","date_gmt":"2024-04-09T23:07:13","guid":{"rendered":"https:\/\/cheveuxluxe.com\/index.php\/product\/sibel-bonnet-de-douche-bleu-clair\/"},"modified":"2024-04-13T14:23:09","modified_gmt":"2024-04-13T14:23:09","slug":"sibel-bonnet-de-douche-bleu-clair","status":"publish","type":"product","link":"https:\/\/cheveuxluxe.com\/index.php\/product\/sibel-bonnet-de-douche-bleu-clair\/","title":{"rendered":"Sibel Bonnet de Douche Bleu Clair"},"content":{"rendered":"<div class=\"product-content_bottom\">\n<div class=\"pdp-info\">\n<div class=\"pdp-tabs tab-container\">\n<div class=\"tab js-tab\">\n<h3 class=\"tab-title pdp-tabs_title js-tab-mobile-title open\"><span>Points cl\u00e9s<\/span><\/h3>\n<div class=\"tab-description pdp-tabs_description js-tab-description open\" itemprop=\"description\">\n<ul>\n<li> Protection cheveux<\/li>\n<li>Bonnet de douche<\/li>\n<li>Soin esth\u00e9tique<\/li>\n<li>Hygi\u00e8ne<\/li>\n<li>Charlotte plastique <\/li>\n<\/ul>\n<\/div>\n<\/div>\n<div class=\"tab js-tab\">\n<h3 class=\"tab-title pdp-tabs_title js-tab-mobile-title\"><span>Description<\/span><\/h3>\n<div class=\"tab-description pdp-tabs_description js-tab-description\" itemprop=\"description\">Utilisez lors des soins en cabine ou impliquant de l\u2019eau ce Bonnet de Douche Sibel pour prot\u00e9ger efficacement les cheveux de vos clients.Propos\u00e9 en taille unique, ce bonnet est parfaitement adapt\u00e9 \u00e0 toute votre client\u00e8le. Gr\u00e2ce \u00e0 son \u00e9lastique, il tient pendant tout le soin sans bouger.En plastique, il permet de maintenir au sec les cheveux de vos clients durant un hydromodelage aussi bien que pendant une s\u00e9ance de tanning. Votre cliente souhaite pr\u00e9server son brushing lors de sa s\u00e9ance de hammam ou de bain \u00e0 remous\u00a0? Proposez-lui ce bonnet de douche qui gardera ses cheveux au sec.Pour tous les soins se d\u00e9roulant en milieu humide, n\u2019h\u00e9sitez pas \u00e0 proposer ces Bonnets de Douche Bleu Clair Sibel, vos clients seront \u00e0 coup s\u00fbr satisfaits de cette petite attention.<\/div>\n<\/div>\n<div class=\"tab js-tab\">\n<h3 class=\"tab-title pdp-tabs_title js-tab-mobile-title\"><span>Mode d&#8217;emploi<\/span><\/h3>\n<div class=\"tab-description pdp-tabs_description js-tab-description\">Ramenez les cheveux longs sur l\u2019arri\u00e8re et rassemblez-les en chignon.Enfilez le Bonnet de Douche Sibel Bleu Clair en prenant bien la totalit\u00e9 des cheveux et en passant par-dessus les oreilles.Si le bleu ne colle pas \u00e0 l\u2019image de votre institut, optez pour les bonnets de douche Sibel roses ou pour d\u2019autres mod\u00e8les imprim\u00e9s.<\/div>\n<\/div>\n<div class=\"tab js-tab\">\n<h3 class=\"tab-title pdp-tabs_title js-tab-mobile-title\"><span>Livraison et stock<\/span><\/h3>\n<div class=\"tab-description pdp-tabs_description js-tab-description\">\n<div class=\"pdp-delivery_info\">\n<div class=\"content-asset\">Livraison et d\u00e9laisRetours et remboursements<\/div>\n<\/div>\n<\/div>\n<\/div>\n<\/div>\n<\/div>\n<\/div>\n","protected":false},"excerpt":{"rendered":"<p>Points cl\u00e9s Protection cheveux Bonnet de douche Soin esth\u00e9tique Hygi\u00e8ne Charlotte plastique Description Utilisez lors&hellip;<\/p>\n","protected":false},"featured_media":18021,"comment_status":"open","ping_status":"closed","template":"","meta":[],"pwb-brand":[652],"product_cat":[612],"product_tag":[613,127,342],"class_list":{"0":"post-31017","1":"product","2":"type-product","3":"status-publish","4":"has-post-thumbnail","6":"pwb-brand-sibel","7":"product_cat-essentiels-coiffure-pour-etudiants","8":"product_tag-essentiels-coiffure-pour-etudiants","9":"product_tag-shampooing-et-coiffure","10":"product_tag-sibel","12":"first","13":"instock","14":"taxable","15":"shipping-taxable","16":"purchasable","17":"product-type-simple","18":"layout-style-3","19":"col-md-4 col-sm-4 col-xs-6","20":"col-lg-3","21":"product-style-default"},"aioseo_notices":[],"brands":[{"id":652,"name":"Sibel","slug":"sibel"}],"_links":{"self":[{"href":"https:\/\/cheveuxluxe.com\/index.php\/wp-json\/wp\/v2\/product\/31017","targetHints":{"allow":["GET"]}}],"collection":[{"href":"https:\/\/cheveuxluxe.com\/index.php\/wp-json\/wp\/v2\/product"}],"about":[{"href":"https:\/\/cheveuxluxe.com\/index.php\/wp-json\/wp\/v2\/types\/product"}],"replies":[{"embeddable":true,"href":"https:\/\/cheveuxluxe.com\/index.php\/wp-json\/wp\/v2\/comments?post=31017"}],"version-history":[{"count":0,"href":"https:\/\/cheveuxluxe.com\/index.php\/wp-json\/wp\/v2\/product\/31017\/revisions"}],"wp:featuredmedia":[{"embeddable":true,"href":"https:\/\/cheveuxluxe.com\/index.php\/wp-json\/wp\/v2\/media\/18021"}],"wp:attachment":[{"href":"https:\/\/cheveuxluxe.com\/index.php\/wp-json\/wp\/v2\/media?parent=31017"}],"wp:term":[{"taxonomy":"pwb-brand","embeddable":true,"href":"https:\/\/cheveuxluxe.com\/index.php\/wp-json\/wp\/v2\/pwb-brand?post=31017"},{"taxonomy":"product_cat","embeddable":true,"href":"https:\/\/cheveuxluxe.com\/index.php\/wp-json\/wp\/v2\/product_cat?post=31017"},{"taxonomy":"product_tag","embeddable":true,"href":"https:\/\/cheveuxluxe.com\/index.php\/wp-json\/wp\/v2\/product_tag?post=31017"}],"curies":[{"name":"wp","href":"https:\/\/api.w.org\/{rel}","templated":true}]}}