{"id":32626,"date":"2024-04-14T12:21:50","date_gmt":"2024-04-14T12:21:50","guid":{"rendered":"https:\/\/cheveuxluxe.com\/?post_type=product&#038;p=32626"},"modified":"2024-04-14T12:23:54","modified_gmt":"2024-04-14T12:23:54","slug":"loreal-majicontrast-coloration-doxydation-permanente-50ml","status":"publish","type":"product","link":"https:\/\/cheveuxluxe.com\/index.php\/product\/loreal-majicontrast-coloration-doxydation-permanente-50ml\/","title":{"rendered":"L&rsquo;Or\u00e9al Majicontrast Coloration d&rsquo;oxydation permanente 50ml"},"content":{"rendered":"<div class=\"product-content_bottom\">\n<div class=\"pdp-info\">\n<div class=\"pdp-tabs tab-container\">\n<div class=\"tab js-tab\">\n<h3 class=\"tab-title pdp-tabs_title js-tab-mobile-title open\"><span>Points cl\u00e9s<\/span><\/h3>\n<div class=\"tab-description pdp-tabs_description js-tab-description open\" itemprop=\"description\">\n<ul>\n<li> Cheveux fonc\u00e9s<\/li>\n<li>Formule Hi.chroma<\/li>\n<li>Souplesse<\/li>\n<li>Durabilit\u00e9 <\/li>\n<\/ul>\n<\/div>\n<\/div>\n<div class=\"tab js-tab\">\n<h3 class=\"tab-title pdp-tabs_title js-tab-mobile-title\"><span>Description<\/span><\/h3>\n<div class=\"tab-description pdp-tabs_description js-tab-description\" itemprop=\"description\">Pour vos clientes \u00e0 la chevelure fonc\u00e9e, faites confiance \u00e0 Majicontrast?! Sa formule Hi.chroma gorge les cheveux de couleurs pour assurer une durabilit\u00e9 exceptionnelle, un \u00e9clat intense aux reflets naturels et une chevelure visiblement plus forte. D\u00e8s la premi\u00e8re pose, les couleurs sont puissantes, l\u2019effet de contraste fid\u00e8le \u00e0 vos attentes et la chevelure plus souple, facile \u00e0 coiffer. L\u2019actif Iog\u00e8ne G pr\u00e9sent dans ce produit agit en profondeur pour des cheveux \u00e9clatants de lumi\u00e8re, tout en cr\u00e9ant une barri\u00e8re contre les agressions ext\u00e9rieures. Une protection qui vous assure une couleur qui dure, shampooing apr\u00e8s shampooing?!Indispensable pour des balayages, des m\u00e8ches ou encore des voiles sur cheveux fonc\u00e9s et color\u00e9s, Majicontrast de L\u2019Or\u00e9al Professionnel\u00ae vous promet un r\u00e9sultat impeccable \u2014 trois nuances sont disponibles : rouge, rouge magenta et cuivr\u00e9.Cette coloration est recommand\u00e9e pour les clients ayant moins de 30 % de cheveux blancs.<\/div>\n<\/div>\n<div class=\"tab js-tab\">\n<h3 class=\"tab-title pdp-tabs_title js-tab-mobile-title\"><span>Mode d&#8217;emploi<\/span><\/h3>\n<div class=\"tab-description pdp-tabs_description js-tab-description\">Mixez Majicontrast avec la cr\u00e8me oxydante, en suivant les proportions adapt\u00e9es \u00e0 la couleur d\u00e9sir\u00e9e. Appliquez m\u00e8che par m\u00e8che, sur cheveux non lav\u00e9s secs.Temps de pause : 15 minutes avec chaleur, 35 minutes sans chaleur. Ce temps indicatif peut varier selon la technique choisie. Rincez abondamment jusqu\u2019\u00e0 ce que l\u2019eau soit claire, et effectuez un shampooing Pro-Classic Color. S\u00e9chez et coiffez.Pour une couleur qui dure, combinez avec un soin de la s\u00e9rie Expert Powerdose Color.<\/div>\n<\/div>\n<div class=\"tab js-tab\">\n<h3 class=\"tab-title pdp-tabs_title js-tab-mobile-title\"><span>Ingr\u00e9dients<\/span><\/h3>\n<div class=\"tab-description pdp-tabs_description js-tab-description\">Aqua , Water, Cetearyl Alcohol, Oleth-30, Hexadimethrine Chloride, Ammonium Hydroxide, Oleic Acid, Oleyl Alcohol, 2, 4-Diaminophenoxyethanol Hcl, P-Aminophenol, M-Aminophenol, Sodium Metabisulfite, Ethanolamine, 6-Hydroxyindole, Thioglycerin, 2, 5-Diamine, Ammonium Thiolactate, 2-Methyl-5-Hydroxyethylaminophenol, Pentasodium Pentetate Benzyl Alcohol, 2-Oleamido-1, 3-Octadecanediol, Resorcinol<\/div>\n<\/div>\n<div class=\"tab js-tab\">\n<h3 class=\"tab-title pdp-tabs_title js-tab-mobile-title\"><span>Livraison et stock<\/span><\/h3>\n<div class=\"tab-description pdp-tabs_description js-tab-description\">\n<div class=\"pdp-delivery_info\">\n<div class=\"content-asset\"><a class=\"pdp-delivery_link\" href=\"\/livraison-delais\/\">Livraison et d\u00e9lais<\/a><a class=\"pdp-delivery_link\" href=\"\/retours-remboursements\/\">Retours et remboursements<\/a><\/div>\n<\/div>\n<\/div>\n<\/div>\n<\/div>\n<\/div>\n<\/div>\n","protected":false},"excerpt":{"rendered":"<p>Points cl\u00e9s Cheveux fonc\u00e9s Formule Hi.chroma Souplesse Durabilit\u00e9 Description Pour vos clientes \u00e0 la chevelure&hellip;<\/p>\n","protected":false},"featured_media":32682,"comment_status":"open","ping_status":"closed","template":"","meta":[],"pwb-brand":[649],"product_cat":[316],"product_tag":[317,318,325],"class_list":{"0":"post-32626","1":"product","2":"type-product","3":"status-publish","4":"has-post-thumbnail","6":"pwb-brand-loreal-professionnel","7":"product_cat-coloration-permanente","8":"product_tag-coloration","9":"product_tag-coloration-permanente","10":"product_tag-loreal-professionnel","12":"first","13":"instock","14":"taxable","15":"shipping-taxable","16":"purchasable","17":"product-type-variable","18":"layout-style-3","19":"col-md-4 col-sm-4 col-xs-6","20":"col-lg-3","21":"product-has-gallery","22":"product-style-default"},"aioseo_notices":[],"brands":[{"id":649,"name":"L'Or\u00e9al Professionnel","slug":"loreal-professionnel"}],"_links":{"self":[{"href":"https:\/\/cheveuxluxe.com\/index.php\/wp-json\/wp\/v2\/product\/32626","targetHints":{"allow":["GET"]}}],"collection":[{"href":"https:\/\/cheveuxluxe.com\/index.php\/wp-json\/wp\/v2\/product"}],"about":[{"href":"https:\/\/cheveuxluxe.com\/index.php\/wp-json\/wp\/v2\/types\/product"}],"replies":[{"embeddable":true,"href":"https:\/\/cheveuxluxe.com\/index.php\/wp-json\/wp\/v2\/comments?post=32626"}],"version-history":[{"count":0,"href":"https:\/\/cheveuxluxe.com\/index.php\/wp-json\/wp\/v2\/product\/32626\/revisions"}],"wp:featuredmedia":[{"embeddable":true,"href":"https:\/\/cheveuxluxe.com\/index.php\/wp-json\/wp\/v2\/media\/32682"}],"wp:attachment":[{"href":"https:\/\/cheveuxluxe.com\/index.php\/wp-json\/wp\/v2\/media?parent=32626"}],"wp:term":[{"taxonomy":"pwb-brand","embeddable":true,"href":"https:\/\/cheveuxluxe.com\/index.php\/wp-json\/wp\/v2\/pwb-brand?post=32626"},{"taxonomy":"product_cat","embeddable":true,"href":"https:\/\/cheveuxluxe.com\/index.php\/wp-json\/wp\/v2\/product_cat?post=32626"},{"taxonomy":"product_tag","embeddable":true,"href":"https:\/\/cheveuxluxe.com\/index.php\/wp-json\/wp\/v2\/product_tag?post=32626"}],"curies":[{"name":"wp","href":"https:\/\/api.w.org\/{rel}","templated":true}]}}