{"id":33492,"date":"2024-04-14T12:59:16","date_gmt":"2024-04-14T12:59:16","guid":{"rendered":"https:\/\/cheveuxluxe.com\/?post_type=product&#038;p=33492"},"modified":"2024-04-14T13:04:33","modified_gmt":"2024-04-14T13:04:33","slug":"loreal-coloration-doxydation-majirouge-rubilane-dm5-50ml","status":"publish","type":"product","link":"https:\/\/cheveuxluxe.com\/index.php\/product\/loreal-coloration-doxydation-majirouge-rubilane-dm5-50ml\/","title":{"rendered":"L&rsquo;Or\u00e9al Coloration d&rsquo;oxydation Majirouge Rubilane DM5 50ml"},"content":{"rendered":"<div class=\"product-content_bottom\">\n<div class=\"pdp-info\">\n<div class=\"pdp-tabs tab-container\">\n<div class=\"tab js-tab\">\n<h3 class=\"tab-title pdp-tabs_title js-tab-mobile-title open\"><span>Points cl\u00e9s<\/span><\/h3>\n<div class=\"tab-description pdp-tabs_description js-tab-description open\" itemprop=\"description\">\n<ul>\n<li> Cr\u00e8me de coloration<\/li>\n<li>Coloration permanente<\/li>\n<li>Soins r\u00e9parateurs Ion\u00e8ne G+ et Incell<\/li>\n<li>Rouges cuivr\u00e9s intenses <\/li>\n<\/ul>\n<\/div>\n<\/div>\n<div class=\"tab js-tab\">\n<h3 class=\"tab-title pdp-tabs_title js-tab-mobile-title\"><span>Description<\/span><\/h3>\n<div class=\"tab-description pdp-tabs_description js-tab-description\" itemprop=\"description\">Majirouge Rubilane de L\u2019Or\u00e9al, c\u2019est la coloration d\u2019oxydation pour les femmes en qu\u00eate d\u2019une couleur longue dur\u00e9e dans les tons rouges. Couvrant jusqu\u2019\u00e0 100\u00a0% des cheveux blancs, cette cr\u00e8me de coloration permanente intensifie la couleur de nuances rouges cuivr\u00e9es profondes et raffin\u00e9es.Majirouge de L&rsquo;Or\u00e9al fait appel \u00e0 la double technologie Ion\u00e8ne G + Incell pour un traitement en profondeur et en surface ainsi qu\u2019une couleur tenace et brillante. S\u2019ajoutent \u00e0 ces soins les technologies Rubilane et DM5, pour un rouge cuivr\u00e9 intense et sophistiqu\u00e9.Elle peut \u00eatre utilis\u00e9e pour un \u00e9claircissement jusqu\u2019\u00e0 3 tons et s\u2019emploie exclusivement avec les oxydants 20 et 30 volumes de L\u2019Or\u00e9al.<\/div>\n<\/div>\n<div class=\"tab js-tab\">\n<h3 class=\"tab-title pdp-tabs_title js-tab-mobile-title\"><span>Mode d&#8217;emploi<\/span><\/h3>\n<div class=\"tab-description pdp-tabs_description js-tab-description\">M\u00e9langez 50\u00a0ml de Majirouge \u00e0 75\u00a0ml d\u2019oxydant 20 ou 30 volumes en fonction de l\u2019\u00e9claircissement souhait\u00e9.Appliquez sur cheveux secs et non lav\u00e9s, des racines jusqu\u2019aux pointes. Laissez poser 35 minutes.\u00c9mulsionnez doucement du bout des doigts, rincez abondamment, puis terminez par un shampooing sp\u00e9cifique pour cheveux color\u00e9s L\u2019Or\u00e9al.Portez des gants de la pr\u00e9paration au rin\u00e7age du produit.Pr\u00e9caution d\u2019emploi\u00a0: toute coloration peut \u00eatre \u00e0 l\u2019origine de r\u00e9actions allergiques. Effectuez un test d\u2019allergie cutan\u00e9e 48 heures avant l\u2019application de la cr\u00e8me de coloration.<\/div>\n<\/div>\n<div class=\"tab js-tab\">\n<h3 class=\"tab-title pdp-tabs_title js-tab-mobile-title\"><span>Ingr\u00e9dients<\/span><\/h3>\n<div class=\"tab-description pdp-tabs_description js-tab-description\">Aqua , Water, Cetearyl Alcohol, Oleth-30, Hexadimethrine Chloride, Ammonium Hydroxide, Oleic Acid, Oleyl Alcohol, 2, 4-Diaminophenoxyethanol Hcl, P-Aminophenol, M-Aminophenol, Sodium Metabisulfite, Ethanolamine, 6-Hydroxyindole, Thioglycerin, 2, 5-Diamine, Ammonium Thiolactate, 2-Methyl-5-Hydroxyethylaminophenol, Pentasodium Pentetate Benzyl Alcohol, 2-Oleamido-1, 3-Octadecanediol, Resorcinol<\/div>\n<\/div>\n<div class=\"tab js-tab\">\n<h3 class=\"tab-title pdp-tabs_title js-tab-mobile-title\"><span>Livraison et stock<\/span><\/h3>\n<div class=\"tab-description pdp-tabs_description js-tab-description\">\n<div class=\"pdp-delivery_info\">\n<div class=\"content-asset\"><a class=\"pdp-delivery_link\" href=\"\/livraison-delais\/\">Livraison et d\u00e9lais<\/a><a class=\"pdp-delivery_link\" href=\"\/retours-remboursements\/\">Retours et remboursements<\/a><\/div>\n<\/div>\n<\/div>\n<\/div>\n<\/div>\n<\/div>\n<\/div>\n","protected":false},"excerpt":{"rendered":"<p>Points cl\u00e9s Cr\u00e8me de coloration Coloration permanente Soins r\u00e9parateurs Ion\u00e8ne G+ et Incell Rouges cuivr\u00e9s&hellip;<\/p>\n","protected":false},"featured_media":33551,"comment_status":"open","ping_status":"closed","template":"","meta":[],"pwb-brand":[649],"product_cat":[316],"product_tag":[317,318,325],"class_list":{"0":"post-33492","1":"product","2":"type-product","3":"status-publish","4":"has-post-thumbnail","6":"pwb-brand-loreal-professionnel","7":"product_cat-coloration-permanente","8":"product_tag-coloration","9":"product_tag-coloration-permanente","10":"product_tag-loreal-professionnel","12":"first","13":"instock","14":"taxable","15":"shipping-taxable","16":"purchasable","17":"product-type-variable","18":"layout-style-3","19":"col-md-4 col-sm-4 col-xs-6","20":"col-lg-3","21":"product-has-gallery","22":"product-style-default"},"aioseo_notices":[],"brands":[{"id":649,"name":"L'Or\u00e9al Professionnel","slug":"loreal-professionnel"}],"_links":{"self":[{"href":"https:\/\/cheveuxluxe.com\/index.php\/wp-json\/wp\/v2\/product\/33492","targetHints":{"allow":["GET"]}}],"collection":[{"href":"https:\/\/cheveuxluxe.com\/index.php\/wp-json\/wp\/v2\/product"}],"about":[{"href":"https:\/\/cheveuxluxe.com\/index.php\/wp-json\/wp\/v2\/types\/product"}],"replies":[{"embeddable":true,"href":"https:\/\/cheveuxluxe.com\/index.php\/wp-json\/wp\/v2\/comments?post=33492"}],"version-history":[{"count":0,"href":"https:\/\/cheveuxluxe.com\/index.php\/wp-json\/wp\/v2\/product\/33492\/revisions"}],"wp:featuredmedia":[{"embeddable":true,"href":"https:\/\/cheveuxluxe.com\/index.php\/wp-json\/wp\/v2\/media\/33551"}],"wp:attachment":[{"href":"https:\/\/cheveuxluxe.com\/index.php\/wp-json\/wp\/v2\/media?parent=33492"}],"wp:term":[{"taxonomy":"pwb-brand","embeddable":true,"href":"https:\/\/cheveuxluxe.com\/index.php\/wp-json\/wp\/v2\/pwb-brand?post=33492"},{"taxonomy":"product_cat","embeddable":true,"href":"https:\/\/cheveuxluxe.com\/index.php\/wp-json\/wp\/v2\/product_cat?post=33492"},{"taxonomy":"product_tag","embeddable":true,"href":"https:\/\/cheveuxluxe.com\/index.php\/wp-json\/wp\/v2\/product_tag?post=33492"}],"curies":[{"name":"wp","href":"https:\/\/api.w.org\/{rel}","templated":true}]}}