{"id":33778,"date":"2024-04-14T13:11:26","date_gmt":"2024-04-14T13:11:26","guid":{"rendered":"https:\/\/cheveuxluxe.com\/?post_type=product&#038;p=33778"},"modified":"2024-04-14T13:16:42","modified_gmt":"2024-04-14T13:16:42","slug":"redken-color-gel-lacquers-coloration-permanente-60ml","status":"publish","type":"product","link":"https:\/\/cheveuxluxe.com\/index.php\/product\/redken-color-gel-lacquers-coloration-permanente-60ml\/","title":{"rendered":"Redken Color Gel Lacquers Coloration Permanente 60ml"},"content":{"rendered":"<div class=\"product-content_bottom\">\n<div class=\"pdp-info\">\n<div class=\"pdp-tabs tab-container\">\n<div class=\"tab js-tab\">\n<h3 class=\"tab-title pdp-tabs_title js-tab-mobile-title open\"><span>Points cl\u00e9s<\/span><\/h3>\n<div class=\"tab-description pdp-tabs_description js-tab-description open\" itemprop=\"description\">\n<ul>\n<li>Cheveux blancs couvert \u00e0 100%<\/li>\n<li>Brillance incroyable<\/li>\n<li>Coloration Vibrante<\/li>\n<li>Faible en amoniaque<\/li>\n<\/ul>\n<\/div>\n<\/div>\n<div class=\"tab js-tab\">\n<h3 class=\"tab-title pdp-tabs_title js-tab-mobile-title\"><span>Description<\/span><\/h3>\n<div class=\"tab-description pdp-tabs_description js-tab-description\" itemprop=\"description\">\n<p>Gel de coloration permanente r\u00e9invent\u00e9.\u00a0Pour une\u00a0couleur intense,\u00a0une brillance extr\u00eame et une excellente couverture des cheveux blancs. Maintenant avec Golor Gels Lacquers et Shades EQ\u00a0, vous avez la parfaite combinaison pour une couverture allant jusqu\u2019\u00e0 100% et une retouche\u00a0facile en zones 2 et 3.<\/p>\n<p>Redken sait qu&rsquo;il ne faut jamais prendre de risques en couleur!<\/p>\n<p><strong>Attributs cl\u00e9s:<\/strong><\/p>\n<ul>\n<li>Faiblement concentr\u00e9e en ammoniaque.<\/li>\n<li>Couverture parfaite des cheveux blancs (select dye system).<\/li>\n<li>50 nuances r\u00e9parties en 13 familles + clear.<\/li>\n<li>Des r\u00e9sultats vibrants et satur\u00e9s avec une brillance miroir.<\/li>\n<li>M\u00e9lange: 1 1.<\/li>\n<\/ul>\n<p>Pour consulter le nuancier,\u00a0<a href=\"https:\/\/www.pro-duo.fr\/on\/demandware.static\/-\/Sites-ProDuo_Retail_FR-Library\/default\/dwf980435f\/pdf\/410508%20Redken%20A5%20Booklet%20Colour%20Gels%20Chart.pdf\">cliquez ici<\/a>.<\/p>\n<p>\u00a0<\/p>\n<\/div>\n<\/div>\n<div class=\"tab js-tab\">\n<h3 class=\"tab-title pdp-tabs_title js-tab-mobile-title\"><span>Mode d&#8217;emploi<\/span><\/h3>\n<div class=\"tab-description pdp-tabs_description js-tab-description\">INTENSIFIE OU NEUTRALISE LES NUANCES NATURELLES DES CHEVEUX<br \/>COUVERTURE NATURELLE JUSQU&rsquo;\u00c0 100% DES CHEVEUX BLANCS<br \/>COLORATION VIBRANTE SATUR\u00c9E DE PIGMENTS<br \/>LARGE VARI\u00c9T\u00c9 DE NUANCES POUR DES R\u00c9SULTATS CR\u00c9ATIFS ILLIMIT\u00c9S<br \/>CON\u00c7U POUR S&rsquo;ASSOCIER PARFAITEMENT AVEC SHADES EQ<\/div>\n<\/div>\n<div class=\"tab js-tab\">\n<h3 class=\"tab-title pdp-tabs_title js-tab-mobile-title\"><span>Ingr\u00e9dients<\/span><\/h3>\n<div class=\"tab-description pdp-tabs_description js-tab-description\">AQUA\/WATER, ALCOHOL DENAT., PEG-4 RAPESEEDAMIDE, GLYCERYL LAURYL ETHER , DECETH- 3 , PROPYLENE GLYCOL , ETHANOLAMINE , LAURETH-5 CARBOXYLIC ACID, DIPROPYLENE GLYCOL, HEXYLENE GLYCOL, AMMONIUM HYDROXIDE, POLOXAMER 338, OLEYL ALCOHOL, TOLUENE-2,5 DIAMINE, PARFUM\/FRAGRANCE, RESORCINOL, PERSEA GRATISSIMA OIL\/ AVOCADO OIL, AMMONIUM THIOLACTATE, ERYTHORBIC ACID, 2-METHYLRESORCINOL, EDTA, m-AMINOPHENOL, WHEAT AMINO ACIDS, SODIUM CHLORIDE, 2,4-DIAMINOPHENOXYETHANOL HCL,THIOGLYCERIN, N,N-BIS5(2-HYDROXYETHYL)-p-PHENYLENEDIAMINE SULFATE, BHT,PHENOXYETHANOL, DISODIUM EDTA, POTASSIUM SORBATE (D232007\/1)<\/div>\n<\/div>\n<div class=\"tab js-tab\">\n<h3 class=\"tab-title pdp-tabs_title js-tab-mobile-title\"><span>Livraison et stock<\/span><\/h3>\n<div class=\"tab-description pdp-tabs_description js-tab-description\">\n<div class=\"pdp-delivery_info\">\n<div class=\"content-asset\"><a class=\"pdp-delivery_link\" href=\"\/livraison-delais\/\">Livraison et d\u00e9lais<\/a><a class=\"pdp-delivery_link\" href=\"\/retours-remboursements\/\">Retours et remboursements<\/a><\/div>\n<\/div>\n<\/div>\n<\/div>\n<\/div>\n<\/div>\n<\/div>\n","protected":false},"excerpt":{"rendered":"<p>Points cl\u00e9s Cheveux blancs couvert \u00e0 100% Brillance incroyable Coloration Vibrante Faible en amoniaque Description&hellip;<\/p>\n","protected":false},"featured_media":33831,"comment_status":"open","ping_status":"closed","template":"","meta":[],"pwb-brand":[647],"product_cat":[316],"product_tag":[317,318,321],"class_list":{"0":"post-33778","1":"product","2":"type-product","3":"status-publish","4":"has-post-thumbnail","6":"pwb-brand-redken","7":"product_cat-coloration-permanente","8":"product_tag-coloration","9":"product_tag-coloration-permanente","10":"product_tag-redken","12":"first","13":"instock","14":"taxable","15":"shipping-taxable","16":"purchasable","17":"product-type-variable","18":"layout-style-3","19":"col-md-4 col-sm-4 col-xs-6","20":"col-lg-3","21":"product-has-gallery","22":"product-style-default"},"aioseo_notices":[],"brands":[{"id":647,"name":"Redken","slug":"redken"}],"_links":{"self":[{"href":"https:\/\/cheveuxluxe.com\/index.php\/wp-json\/wp\/v2\/product\/33778","targetHints":{"allow":["GET"]}}],"collection":[{"href":"https:\/\/cheveuxluxe.com\/index.php\/wp-json\/wp\/v2\/product"}],"about":[{"href":"https:\/\/cheveuxluxe.com\/index.php\/wp-json\/wp\/v2\/types\/product"}],"replies":[{"embeddable":true,"href":"https:\/\/cheveuxluxe.com\/index.php\/wp-json\/wp\/v2\/comments?post=33778"}],"version-history":[{"count":0,"href":"https:\/\/cheveuxluxe.com\/index.php\/wp-json\/wp\/v2\/product\/33778\/revisions"}],"wp:featuredmedia":[{"embeddable":true,"href":"https:\/\/cheveuxluxe.com\/index.php\/wp-json\/wp\/v2\/media\/33831"}],"wp:attachment":[{"href":"https:\/\/cheveuxluxe.com\/index.php\/wp-json\/wp\/v2\/media?parent=33778"}],"wp:term":[{"taxonomy":"pwb-brand","embeddable":true,"href":"https:\/\/cheveuxluxe.com\/index.php\/wp-json\/wp\/v2\/pwb-brand?post=33778"},{"taxonomy":"product_cat","embeddable":true,"href":"https:\/\/cheveuxluxe.com\/index.php\/wp-json\/wp\/v2\/product_cat?post=33778"},{"taxonomy":"product_tag","embeddable":true,"href":"https:\/\/cheveuxluxe.com\/index.php\/wp-json\/wp\/v2\/product_tag?post=33778"}],"curies":[{"name":"wp","href":"https:\/\/api.w.org\/{rel}","templated":true}]}}