{"id":34293,"date":"2024-04-14T13:31:10","date_gmt":"2024-04-14T13:31:10","guid":{"rendered":"https:\/\/cheveuxluxe.com\/?post_type=product&#038;p=34293"},"modified":"2024-04-14T13:34:06","modified_gmt":"2024-04-14T13:34:06","slug":"paul-mitchell-the-color-10-coloration-permanente-90ml","status":"publish","type":"product","link":"https:\/\/cheveuxluxe.com\/index.php\/product\/paul-mitchell-the-color-10-coloration-permanente-90ml\/","title":{"rendered":"Paul Mitchell The Color 10 Coloration Permanente 90ml"},"content":{"rendered":"<div class=\"product-content_bottom\">\n<div class=\"pdp-info\">\n<div class=\"pdp-tabs tab-container\">\n<div class=\"tab js-tab\">\n<h3 class=\"tab-title pdp-tabs_title js-tab-mobile-title open\"><span>Points cl\u00e9s<\/span><\/h3>\n<div class=\"tab-description pdp-tabs_description js-tab-description open\" itemprop=\"description\">\n<ul>\n<li>Venez \u00e0 bout des cheveux blancs en seulement dix minutes avec Paul Mitchell\u00ae The Color\u00a010 et obtenez jusqu\u2019\u00e0 100\u00a0% de couverture<\/li>\n<li>Formul\u00e9 avec la plus faible quantit\u00e9 d\u2019ammoniac possible.<\/li>\n<li>Nuances enti\u00e8rement interm\u00e9langeables pour plus de polyvalence et offres personnalis\u00e9es pour les clients ou clientes.<\/li>\n<li>Con\u00e7u pour une association facile avec la couleur de fond et les tons att\u00e9nu\u00e9s qui s\u2019harmonisent bien avec la coloration permanente de Paul Mitchell\u00ae et d\u2019autres marques.<\/li>\n<li>Technologie Chromaluxe et colorants oxydants de pointe pour des cheveux brillants et d\u2019apparence plus saine et une couleur naturelle<\/li>\n<li>Formul\u00e9 \u00e0 base de cire d\u2019abeille d\u2019origine durable pour des cheveux d\u2019apparence plus saine et hydrat\u00e9s.<\/li>\n<\/ul>\n<\/div>\n<\/div>\n<div class=\"tab js-tab\">\n<h3 class=\"tab-title pdp-tabs_title js-tab-mobile-title\"><span>Description<\/span><\/h3>\n<div class=\"tab-description pdp-tabs_description js-tab-description\" itemprop=\"description\">Paul Mitchell The Color 10 &#8211; Couleur Cr\u00e8me Permanente<\/p>\n<p>ATTENTION: Les colorants capillaires peuvent provoquer des r\u00e9actions allergiques s\u00e9v\u00e8res. Lire et suivre les instructions. Ce produit n\u2019est pas destin\u00e9 \u00e0 \u00eatre utilis\u00e9 sur les personnes de moins de 16 ans. Les tatouages temporaires noirs \u00e0 base de henn\u00e9 peuvent augmenter le risque d\u2019allergie. Ne vous colorez pas le cheveux si: vous pr\u00e9sentez une \u00e9ruption cutan\u00e9e sur le visage ou si votre cuir chevelu est sensible, irrit\u00e9e ou abim\u00e9; vous avez d\u00e9j\u00e0 fait une r\u00e9action apr\u00e8s avoir color\u00e9 vos cheveux ; vous avez fait par le pass\u00e9 une r\u00e9action \u00e0 un tatouage temporaire noir \u00e0 base de henn\u00e9. Ne pas employer pour la coloration des cils et des sourcils.<\/p>\n<p>Danger de c\u00e9cit\u00e9. Porter des gants appropri\u00e9s\/ad\u00e9quats. \u00c9vitez tout contact avec les yeux. Rincer imm\u00e9diatement les yeux si le produit entre en contact avec ceux-ci. Rincer bien les cheveux apr\u00e8s application. Un test d\u2019allergie pr\u00e9liminaire, doit \u00eatre effectu\u00e9 48 heures avant chaque utilisation du produit, m\u00eame pour les clients qui ont d\u00e9j\u00e0 utilis\u00e9 des produits colorants auparavant. Tenir hors de port\u00e9e des enfants.<\/p>\n<p>INSTRUCTIONS D\u2019UTILISATION ET DE SECURITE, PRECAUTIONS ET TEST D\u2019ALLERGIE: Lisez et suivez les instructions imprim\u00e9es sur et \u00e0 l\u2019int\u00e9rieur de l\u2019emballage.<\/p><\/div>\n<\/div>\n<div class=\"tab js-tab\">\n<h3 class=\"tab-title pdp-tabs_title js-tab-mobile-title\"><span>Mode d&#8217;emploi<\/span><\/h3>\n<div class=\"tab-description pdp-tabs_description js-tab-description\">M\u00e9langez Paul Mitchell\u00ae The Color 10 (rapport 1:1.5) avec Paul Mitchell\u00ae 20 volume Cream Developer (cr\u00e8me oxydante). Appliquez sur cheveux secs. Traitement pendant 10 minutes; jusqu\u2019\u00e0 20 minutes pour une couverture suppl\u00e9mentaire. Rincez. Lavez avec le shampooing Color Protect\u00ae Post Color Shampoo, puis appliquez l\u2019apr\u00e8s-shampooing.<\/div>\n<\/div>\n<div class=\"tab js-tab\">\n<h3 class=\"tab-title pdp-tabs_title js-tab-mobile-title\"><span>Ingr\u00e9dients<\/span><\/h3>\n<div class=\"tab-description pdp-tabs_description js-tab-description\">Aqua (Water, Eau), Cetearyl Alcohol, Ceteareth-20, Stearyl Alcohol, p-Phenylenediamine, Oleic Acid, Propanediol, Resorcinol, Ethanolamine, Ammonium Hydroxide, Dioleyl Phosphate, Sodium Cocoyl Isethionate, 2,4-Diaminophenoxyethanol HCl, Beeswax (Cire d\u2019Abeille, Cera Alba), m-Aminophenol, Stearalkonium Chloride, 2-Amino-4- Hydroxyethylaminoanisole Sulfate, Oleth-5 Phosphate, Erythorbic Acid, Sodium Sulfite, PPG-12-PEG-50 Lanolin, Tetrasodium EDTA, Alcohol, Limonene, Dimethyl Stearamine, Sodium Sulfate, Parfum (Fragrance).<\/div>\n<\/div>\n<div class=\"tab js-tab\">\n<h3 class=\"tab-title pdp-tabs_title js-tab-mobile-title\"><span>Livraison et stock<\/span><\/h3>\n<div class=\"tab-description pdp-tabs_description js-tab-description\">\n<div class=\"pdp-delivery_info\">\n<div class=\"content-asset\"><a class=\"pdp-delivery_link\" href=\"\/livraison-delais\/\">Livraison et d\u00e9lais<\/a><a class=\"pdp-delivery_link\" href=\"\/retours-remboursements\/\">Retours et remboursements<\/a><\/div>\n<\/div>\n<\/div>\n<\/div>\n<div class=\"tab js-tab\">\n<h3 class=\"tab-title pdp-tabs_title js-tab-mobile-title\"><span>Pr\u00e9cautions d&#8217;emploi<\/span><\/h3>\n<div class=\"tab-description pdp-tabs_description js-tab-description\">USAGE R\u00c9SERV\u00c9 AUX PROFESSIONNELS. REVENTE INTERDITE AU GRAND PUBLIC.<\/div>\n<\/div>\n<\/div>\n<\/div>\n<\/div>\n","protected":false},"excerpt":{"rendered":"<p>Points cl\u00e9s Venez \u00e0 bout des cheveux blancs en seulement dix minutes avec Paul Mitchell\u00ae&hellip;<\/p>\n","protected":false},"featured_media":34338,"comment_status":"open","ping_status":"closed","template":"","meta":[],"pwb-brand":[660],"product_cat":[316],"product_tag":[317,318,373],"class_list":{"0":"post-34293","1":"product","2":"type-product","3":"status-publish","4":"has-post-thumbnail","6":"pwb-brand-paul-mitchell","7":"product_cat-coloration-permanente","8":"product_tag-coloration","9":"product_tag-coloration-permanente","10":"product_tag-paul-mitchell","12":"first","13":"instock","14":"taxable","15":"shipping-taxable","16":"purchasable","17":"product-type-variable","18":"layout-style-3","19":"col-md-4 col-sm-4 col-xs-6","20":"col-lg-3","21":"product-has-gallery","22":"product-style-default"},"aioseo_notices":[],"brands":[{"id":660,"name":"Paul Mitchell","slug":"paul-mitchell"}],"_links":{"self":[{"href":"https:\/\/cheveuxluxe.com\/index.php\/wp-json\/wp\/v2\/product\/34293","targetHints":{"allow":["GET"]}}],"collection":[{"href":"https:\/\/cheveuxluxe.com\/index.php\/wp-json\/wp\/v2\/product"}],"about":[{"href":"https:\/\/cheveuxluxe.com\/index.php\/wp-json\/wp\/v2\/types\/product"}],"replies":[{"embeddable":true,"href":"https:\/\/cheveuxluxe.com\/index.php\/wp-json\/wp\/v2\/comments?post=34293"}],"version-history":[{"count":0,"href":"https:\/\/cheveuxluxe.com\/index.php\/wp-json\/wp\/v2\/product\/34293\/revisions"}],"wp:featuredmedia":[{"embeddable":true,"href":"https:\/\/cheveuxluxe.com\/index.php\/wp-json\/wp\/v2\/media\/34338"}],"wp:attachment":[{"href":"https:\/\/cheveuxluxe.com\/index.php\/wp-json\/wp\/v2\/media?parent=34293"}],"wp:term":[{"taxonomy":"pwb-brand","embeddable":true,"href":"https:\/\/cheveuxluxe.com\/index.php\/wp-json\/wp\/v2\/pwb-brand?post=34293"},{"taxonomy":"product_cat","embeddable":true,"href":"https:\/\/cheveuxluxe.com\/index.php\/wp-json\/wp\/v2\/product_cat?post=34293"},{"taxonomy":"product_tag","embeddable":true,"href":"https:\/\/cheveuxluxe.com\/index.php\/wp-json\/wp\/v2\/product_tag?post=34293"}],"curies":[{"name":"wp","href":"https:\/\/api.w.org\/{rel}","templated":true}]}}