{"id":35558,"date":"2024-04-14T14:08:11","date_gmt":"2024-04-14T14:08:11","guid":{"rendered":"https:\/\/cheveuxluxe.com\/?post_type=product&#038;p=35558"},"modified":"2024-04-14T14:10:04","modified_gmt":"2024-04-14T14:10:04","slug":"lealuo-galaxy-paint-150ml","status":"publish","type":"product","link":"https:\/\/cheveuxluxe.com\/index.php\/product\/lealuo-galaxy-paint-150ml\/","title":{"rendered":"LeaLuo Galaxy Paint 150ml"},"content":{"rendered":"<div class=\"product-content_bottom\">\n<div class=\"pdp-info\">\n<div class=\"pdp-tabs tab-container\">\n<div class=\"tab js-tab\">\n<h3 class=\"tab-title pdp-tabs_title js-tab-mobile-title open\"><span>Points cl\u00e9s<\/span><\/h3>\n<div class=\"tab-description pdp-tabs_description js-tab-description open\" itemprop=\"description\">\n<ul>\n<li>Masques capillaires semi-permanents<\/li>\n<li>Une coloration intense qui dure environ 15 shampooings<\/li>\n<li>Ingr\u00e9dients 100 % vegan<\/li>\n<li>Production su\u00e9doise<\/li>\n<li>Respectueux du bien-\u00eatre animal<\/li>\n<\/ul>\n<\/div>\n<\/div>\n<div class=\"tab js-tab\">\n<h3 class=\"tab-title pdp-tabs_title js-tab-mobile-title\"><span>Description<\/span><\/h3>\n<div class=\"tab-description pdp-tabs_description js-tab-description\" itemprop=\"description\">Un concentr\u00e9 de vitalit\u00e9 pour votre routine sous la douche. Un masque capillaire semi-permanent qui apportera une couleur intense \u00e0 vos cheveux et durera plusieurs shampooings. Les ingr\u00e9dients incluent de l\u2019herbe du tigre (\u00e9galement connue comme \u00ab\u00a0\u00e9lixir de vie miraculeux\u00a0\u00bb). Offrez une v\u00e9ritable cure d\u2019hydratation \u00e0 vos cheveux\u00a0! Cette gamme de produits se d\u00e9cline en de nombreux parfums exquis. Choisissez votre pr\u00e9f\u00e9r\u00e9.<\/p>\n<ul>\n<li>Parfum floral de jacinthe des bois et de jasmin<br \/>Parfum frais de menthe et de citron<br \/>Parfum frais de zeste de citron vert et de bois de santal<br \/>Parfum r\u00e9confortant de bergamote p\u00e9tillante et de bois de c\u00e8dre<br \/>Parfum d\u00e9licieux de fraises et de pommes rouges<br \/>Parfum rafra\u00eechissant de past\u00e8que et de muguet<br \/>Parfum apaisant de cardamome et de pamplemousse rose<br \/>Parfum vivifiant de citron et de gingembre<br \/>Parfum r\u00e9confortant de mandarine rouge et de bois<\/li>\n<\/ul>\n<\/div>\n<\/div>\n<div class=\"tab js-tab\">\n<h3 class=\"tab-title pdp-tabs_title js-tab-mobile-title\"><span>Mode d&#8217;emploi<\/span><\/h3>\n<div class=\"tab-description pdp-tabs_description js-tab-description\">Lavez vos cheveux deux fois avec le shampooing et rincez-les. Appliquez le masque sur les cheveux essor\u00e9s (ou s\u00e9ch\u00e9s pour plus d\u2019effet). R\u00e9partissez le masque avec un peigne ou avec les doigts. Laissez poser 3 \u00e0 10\u00a0minutes selon l\u2019intensit\u00e9 de traitement recherch\u00e9e. Rincez les cheveux avant d\u2019appliquer l\u2019apr\u00e8s-shampooing<\/div>\n<\/div>\n<div class=\"tab js-tab\">\n<h3 class=\"tab-title pdp-tabs_title js-tab-mobile-title\"><span>Ingr\u00e9dients<\/span><\/h3>\n<div class=\"tab-description pdp-tabs_description js-tab-description\">Aqua\/Water\/Eau, Cetearyl Alcohol, Behentrimonium Chloride, Isoamyl Laurate, Centella Asiatica Leaf Extract, Cannabis Sativa Seed Oil, Prunus Persica (Peach) Flower Extract, Olea Europaea (Olive) Fruit Extract, Citrus Paradisi (Grapefruit) Fruit Extract, Coco-Caprylate\/Caprate, PPG-3 Benzyl Ether Myristate, Cetyl Alcohol, Glycerin, Helianthus Annuus (Sunflower) Seed Oil, Guar Hydroxypropyltrimonium Chloride, Caprylyl Glycol, Amodimethicone\/Morpholinomethyl Silsesquioxane Copolymer, Trideceth-5, Lactic Acid, Butylene Glycol, Sodium Benzoate, Pentaerythrityl Tetra-Di-T-Butyl Hydroxyhydrocinnamate, Citric Acid, Sodium Metabisulfite, Citral, Hexyl Cinnamal, Limonene, Phenoxyethanol, Parfum\/Fragrance, Basic Yellow 87<\/div>\n<\/div>\n<div class=\"tab js-tab\">\n<h3 class=\"tab-title pdp-tabs_title js-tab-mobile-title\"><span>Livraison et stock<\/span><\/h3>\n<div class=\"tab-description pdp-tabs_description js-tab-description\">\n<div class=\"pdp-delivery_info\">\n<div class=\"content-asset\"><a class=\"pdp-delivery_link\" href=\"\/livraison-delais\/\">Livraison et d\u00e9lais<\/a><a class=\"pdp-delivery_link\" href=\"\/retours-remboursements\/\">Retours et remboursements<\/a><\/div>\n<\/div>\n<\/div>\n<\/div>\n<\/div>\n<\/div>\n<\/div>\n","protected":false},"excerpt":{"rendered":"<p>Points cl\u00e9s Masques capillaires semi-permanents Une coloration intense qui dure environ 15 shampooings Ingr\u00e9dients 100&hellip;<\/p>\n","protected":false},"featured_media":35582,"comment_status":"open","ping_status":"closed","template":"","meta":[],"pwb-brand":[],"product_cat":[320],"product_tag":[317,230],"class_list":{"0":"post-35558","1":"product","2":"type-product","3":"status-publish","4":"has-post-thumbnail","6":"product_cat-coloration-semi-permanente","7":"product_tag-coloration","8":"product_tag-coloration-semi-permanente","10":"first","11":"instock","12":"taxable","13":"shipping-taxable","14":"purchasable","15":"product-type-variable","16":"layout-style-3","17":"col-md-4 col-sm-4 col-xs-6","18":"col-lg-3","19":"product-has-gallery","20":"product-style-default"},"aioseo_notices":[],"brands":[],"_links":{"self":[{"href":"https:\/\/cheveuxluxe.com\/index.php\/wp-json\/wp\/v2\/product\/35558","targetHints":{"allow":["GET"]}}],"collection":[{"href":"https:\/\/cheveuxluxe.com\/index.php\/wp-json\/wp\/v2\/product"}],"about":[{"href":"https:\/\/cheveuxluxe.com\/index.php\/wp-json\/wp\/v2\/types\/product"}],"replies":[{"embeddable":true,"href":"https:\/\/cheveuxluxe.com\/index.php\/wp-json\/wp\/v2\/comments?post=35558"}],"version-history":[{"count":0,"href":"https:\/\/cheveuxluxe.com\/index.php\/wp-json\/wp\/v2\/product\/35558\/revisions"}],"wp:featuredmedia":[{"embeddable":true,"href":"https:\/\/cheveuxluxe.com\/index.php\/wp-json\/wp\/v2\/media\/35582"}],"wp:attachment":[{"href":"https:\/\/cheveuxluxe.com\/index.php\/wp-json\/wp\/v2\/media?parent=35558"}],"wp:term":[{"taxonomy":"pwb-brand","embeddable":true,"href":"https:\/\/cheveuxluxe.com\/index.php\/wp-json\/wp\/v2\/pwb-brand?post=35558"},{"taxonomy":"product_cat","embeddable":true,"href":"https:\/\/cheveuxluxe.com\/index.php\/wp-json\/wp\/v2\/product_cat?post=35558"},{"taxonomy":"product_tag","embeddable":true,"href":"https:\/\/cheveuxluxe.com\/index.php\/wp-json\/wp\/v2\/product_tag?post=35558"}],"curies":[{"name":"wp","href":"https:\/\/api.w.org\/{rel}","templated":true}]}}