{"id":35579,"date":"2024-04-14T14:08:37","date_gmt":"2024-04-14T14:08:37","guid":{"rendered":"https:\/\/cheveuxluxe.com\/?post_type=product&#038;p=35579"},"modified":"2024-04-14T14:10:54","modified_gmt":"2024-04-14T14:10:54","slug":"wella-professionals-color-touch-sunlight-coloration-semi-permanente-60ml","status":"publish","type":"product","link":"https:\/\/cheveuxluxe.com\/index.php\/product\/wella-professionals-color-touch-sunlight-coloration-semi-permanente-60ml\/","title":{"rendered":"Wella Professionals Color Touch Sunlight Coloration semi-permanente 60ml"},"content":{"rendered":"<div class=\"product-content_bottom\">\n<div class=\"pdp-info\">\n<div class=\"pdp-tabs tab-container\">\n<div class=\"tab js-tab\">\n<h3 class=\"tab-title pdp-tabs_title js-tab-mobile-title open\"><span>Points cl\u00e9s<\/span><\/h3>\n<div class=\"tab-description pdp-tabs_description js-tab-description open\" itemprop=\"description\">\n<ul>\n<li> Sans ammoniaque<\/li>\n<li>Brillance extr\u00eame<\/li>\n<li>Couvre les premiers cheveux gris<\/li>\n<li>Effet retour de vacances<\/li>\n<li>K\u00e9ratine et cire naturelle <\/li>\n<\/ul>\n<\/div>\n<\/div>\n<div class=\"tab js-tab\">\n<h3 class=\"tab-title pdp-tabs_title js-tab-mobile-title\"><span>Description<\/span><\/h3>\n<div class=\"tab-description pdp-tabs_description js-tab-description\" itemprop=\"description\">L\u2019automne s\u2019installe et les cong\u00e9s sont d\u00e9j\u00e0 loin\u2026 Prolongez l\u2019effet retour de vacances gr\u00e2ce \u00e0 la couleur semi-permanente Color Touch Sunlights de Wella. Cette gamme de produits s\u2019adresse tout particuli\u00e8rement aux clientes qui aiment changer de teinture r\u00e9guli\u00e8rement. La version Sunlights permet d\u2019obtenir jusqu\u2019\u00e0 sept nuances d\u2019\u00e9claircissement naturel, comme si les cheveux \u00e9taient encore l\u00e9g\u00e8rement patin\u00e9s par le soleil.La formule sans ammoniaque de la coloration semi-permanente n\u2019agresse pas la fibre capillaire. Les cheveux ne sont pas sensibilis\u00e9s par le traitement et conservent leur douceur et leur souplesse. La teinture est \u00e9galement enrichie en k\u00e9ratine et en cire naturelle, qui offrent une hydratation en profondeur de la chevelure.La coloration semi-permanente se r\u00e9v\u00e8le \u00e9galement id\u00e9ale pour dissimuler les premiers cheveux gris.<\/div>\n<\/div>\n<div class=\"tab js-tab\">\n<h3 class=\"tab-title pdp-tabs_title js-tab-mobile-title\"><span>Mode d&#8217;emploi<\/span><\/h3>\n<div class=\"tab-description pdp-tabs_description js-tab-description\">\u2013\u00a0M\u00e9langez la couleur semi-permanente Color Touch Sunlights de Wella avec l\u2019\u00e9mulsion Color Touch 4\u00a0% selon les proportions suivantes\u00a0: 30\u00a0g de cr\u00e8me et 60\u00a0g d\u2019\u00e9mulsion.\u2013\u00a0Appliquez au pinceau des racines aux pointes et laissez poser de 15 \u00e0 20 minutes.\u2013\u00a0Rincez abondamment.<\/div>\n<\/div>\n<div class=\"tab js-tab\">\n<h3 class=\"tab-title pdp-tabs_title js-tab-mobile-title\"><span>Ingr\u00e9dients<\/span><\/h3>\n<div class=\"tab-description pdp-tabs_description js-tab-description\">Enth\u00e4lt, Contient, Contiene, Bevat, Contains, Indeholder, Inneh\u00e5ller, Inneholder, , Sis\u00e4lt\u00e4\u00e4 1 = Phenylendiamine (Toluylendiamine), Ph\u00e9nyl\u00e8nediamines, (Tolu\u00e8nediamines), fenilendiammine (diamminotolueni), Fenyleendiamine (diaminotolueen), , Phenylenediamines (Toluenediamines), Fenylendiaminer (Toluendiaminer), , Phenylendiaminer (Toluendiaminer), Fenyleenidiamiineja (Tolueenidiamiineja), 2 = Resorcin, R\u00e9sorcine, Resorcina, Resorcinol, Resorsinolia, 3 = Phenylendiamin, , Ph\u00e9nyl\u00e8nediamines, Diamminobenzeni, Fenyleendiamine, Phenylenediamines, , Fenylendiaminer, Phenylendiaminer, Fenyleenidiamiineja, 4 = Ammoniak, Ammoniaque, , Ammoniaca, Ammonia, Ammoniakk, Ammoniakkia<\/div>\n<\/div>\n<div class=\"tab js-tab\">\n<h3 class=\"tab-title pdp-tabs_title js-tab-mobile-title\"><span>Livraison et stock<\/span><\/h3>\n<div class=\"tab-description pdp-tabs_description js-tab-description\">\n<div class=\"pdp-delivery_info\">\n<div class=\"content-asset\"><a class=\"pdp-delivery_link\" href=\"\/livraison-delais\/\">Livraison et d\u00e9lais<\/a><a class=\"pdp-delivery_link\" href=\"\/retours-remboursements\/\">Retours et remboursements<\/a><\/div>\n<\/div>\n<\/div>\n<\/div>\n<\/div>\n<\/div>\n<\/div>\n","protected":false},"excerpt":{"rendered":"<p>Points cl\u00e9s Sans ammoniaque Brillance extr\u00eame Couvre les premiers cheveux gris Effet retour de vacances&hellip;<\/p>\n","protected":false},"featured_media":20311,"comment_status":"open","ping_status":"closed","template":"","meta":[],"pwb-brand":[648],"product_cat":[320],"product_tag":[317,230,323],"class_list":{"0":"post-35579","1":"product","2":"type-product","3":"status-publish","4":"has-post-thumbnail","6":"pwb-brand-wella-professionals","7":"product_cat-coloration-semi-permanente","8":"product_tag-coloration","9":"product_tag-coloration-semi-permanente","10":"product_tag-wella-professionals","12":"first","13":"instock","14":"taxable","15":"shipping-taxable","16":"purchasable","17":"product-type-variable","18":"layout-style-3","19":"col-md-4 col-sm-4 col-xs-6","20":"col-lg-3","21":"product-has-gallery","22":"product-style-default"},"aioseo_notices":[],"brands":[{"id":648,"name":"Wella Professionals","slug":"wella-professionals"}],"_links":{"self":[{"href":"https:\/\/cheveuxluxe.com\/index.php\/wp-json\/wp\/v2\/product\/35579","targetHints":{"allow":["GET"]}}],"collection":[{"href":"https:\/\/cheveuxluxe.com\/index.php\/wp-json\/wp\/v2\/product"}],"about":[{"href":"https:\/\/cheveuxluxe.com\/index.php\/wp-json\/wp\/v2\/types\/product"}],"replies":[{"embeddable":true,"href":"https:\/\/cheveuxluxe.com\/index.php\/wp-json\/wp\/v2\/comments?post=35579"}],"version-history":[{"count":0,"href":"https:\/\/cheveuxluxe.com\/index.php\/wp-json\/wp\/v2\/product\/35579\/revisions"}],"wp:featuredmedia":[{"embeddable":true,"href":"https:\/\/cheveuxluxe.com\/index.php\/wp-json\/wp\/v2\/media\/20311"}],"wp:attachment":[{"href":"https:\/\/cheveuxluxe.com\/index.php\/wp-json\/wp\/v2\/media?parent=35579"}],"wp:term":[{"taxonomy":"pwb-brand","embeddable":true,"href":"https:\/\/cheveuxluxe.com\/index.php\/wp-json\/wp\/v2\/pwb-brand?post=35579"},{"taxonomy":"product_cat","embeddable":true,"href":"https:\/\/cheveuxluxe.com\/index.php\/wp-json\/wp\/v2\/product_cat?post=35579"},{"taxonomy":"product_tag","embeddable":true,"href":"https:\/\/cheveuxluxe.com\/index.php\/wp-json\/wp\/v2\/product_tag?post=35579"}],"curies":[{"name":"wp","href":"https:\/\/api.w.org\/{rel}","templated":true}]}}