{"id":35926,"date":"2024-04-14T14:17:11","date_gmt":"2024-04-14T14:17:11","guid":{"rendered":"https:\/\/cheveuxluxe.com\/?post_type=product&#038;p=35926"},"modified":"2024-04-14T14:18:53","modified_gmt":"2024-04-14T14:18:53","slug":"paul-mitchell-clean-beauty-color-depositing-treatment-150ml","status":"publish","type":"product","link":"https:\/\/cheveuxluxe.com\/index.php\/product\/paul-mitchell-clean-beauty-color-depositing-treatment-150ml\/","title":{"rendered":"Paul Mitchell Clean Beauty Color Depositing Treatment 150ml"},"content":{"rendered":"<div class=\"product-content_bottom\">\n<div class=\"pdp-info\">\n<div class=\"pdp-tabs tab-container\">\n<div class=\"tab js-tab\">\n<h3 class=\"tab-title pdp-tabs_title js-tab-mobile-title open\"><span>Points cl\u00e9s<\/span><\/h3>\n<div class=\"tab-description pdp-tabs_description js-tab-description open\" itemprop=\"description\">\n<ul>\n<li>Id\u00e9al pour toutes les couleurs de cheveux<\/li>\n<li>L&rsquo;huile de bourrache aide \u00e0 adoucir et \u00e0 nourrir chaque m\u00e8che.<\/li>\n<li>V\u00e9g\u00e9talien, sans cruaut\u00e9, sans sulfate et sans parab\u00e8ne<\/li>\n<li>96% &#8211; 97% d\u2019origine naturelle<\/li>\n<li>Ce traitement conditionnant et d\u00e9posant la couleur rehausse l&rsquo;\u00e9clat entre les visites au salon<\/li>\n<li>Infus\u00e9 d&rsquo;extrait de grenade riche en antioxydants pour aider \u00e0 pr\u00e9venir l&rsquo;affadissement de la couleur d\u00fb \u00e0 l&rsquo;exposition \u00e0 l&rsquo;environnement et aux dommages caus\u00e9s par les radicaux libres<\/li>\n<li>Am\u00e9liore l\u2019\u00e9clat entre les services de coloration capillaire professionnels tout en adoucissant et en nourrissant chaque m\u00e8che<\/li>\n<\/ul>\n<\/div>\n<\/div>\n<div class=\"tab js-tab\">\n<h3 class=\"tab-title pdp-tabs_title js-tab-mobile-title\"><span>Description<\/span><\/h3>\n<div class=\"tab-description pdp-tabs_description js-tab-description\" itemprop=\"description\">\n<p>Paul Mitchell\u00ae Clean Beauty s&rsquo;inscrit dans le cadre d&rsquo;un engagement en faveur d&rsquo;un avenir plus durable. En combinant des formules propres, des plantes organiques et un emballage innovant en bio-plastique, Paul Mitchell\u00ae Clean Beauty offre des solutions naturelles qui sont bonnes pour les cheveux et bonnes pour la plan\u00e8te. Fabriqu\u00e9es \u00e0 la main \u00e0 partir d&rsquo;ingr\u00e9dients d&rsquo;origine naturelle de la plus haute qualit\u00e9, les formules v\u00e9g\u00e9taliennes et sans cruaut\u00e9 contiennent les ingr\u00e9dients propres que vous voulez, sans ceux que vous ne voulez pas.<\/p>\n<p>Donnez un coup de pouce \u00e0 la couleur avec la collection Paul Mitchell de traitements de d\u00e9p\u00f4t de couleur infus\u00e9s d&rsquo;extrait de grenade et d&rsquo;huile de bourrache pour prot\u00e9ger et nourrir chaque m\u00e8che. Avec cinq teintes \u00e9clatantes : Cayenne, Cannelle, Vanille, Cacao et Truffe, ainsi qu&rsquo;un Traitement brillant rehausseur de brillance, il y a une option pour chaque couleur de cheveux.<\/p>\n<p><u><strong>Principaux avantages :<\/strong><\/u><\/p>\n<ul>\n<li>Id\u00e9al pour rafra\u00eechir et prot\u00e9ger la couleur<\/li>\n<li>Fabriqu\u00e9 avec des ingr\u00e9dients d&rsquo;origine naturelle \u00e0 97%*<\/li>\n<li>Vegan, sans cruaut\u00e9, sans sulfate, sans parab\u00e8ne<\/li>\n<li>Fabriqu\u00e9 \u00e0 partir de 100% d&rsquo;\u00e9nergie propre<\/li>\n<li>Emballage en aluminium recycl\u00e9 \u00e0 95 % apr\u00e8s consommation**\u00a0<\/li>\n<\/ul>\n<p>*Bas\u00e9 sur la norme ISO 16128. **Exclut les capuchons et les bo\u00eetiers. V\u00e9rifiez vos exigences locales pour les directives de recyclage.<\/p>\n<\/div>\n<\/div>\n<div class=\"tab js-tab\">\n<h3 class=\"tab-title pdp-tabs_title js-tab-mobile-title\"><span>Mode d&#8217;emploi<\/span><\/h3>\n<div class=\"tab-description pdp-tabs_description js-tab-description\">Le produit peut provoquer des taches sur les mains, veuillez utiliser des gants. Appliquer sur cheveux propres et humides. Laisser agir 4 \u00e0 10 minutes, selon les r\u00e9sultats souhait\u00e9s. Rincez abondamment \u00e0 l\u2019eau ti\u00e8de.<\/div>\n<\/div>\n<div class=\"tab js-tab\">\n<h3 class=\"tab-title pdp-tabs_title js-tab-mobile-title\"><span>Ingr\u00e9dients<\/span><\/h3>\n<div class=\"tab-description pdp-tabs_description js-tab-description\">Aqua (Water, Eau), Behenamidropropyl Dimethylamine, Cetearyl Alcohol, Hydroxypropyl Starch Phosphate, Cetyl Alcohol, Distearoylethyl Hydroxyethylmonium Methosulfate, Betaine, Caprylic\/Capric Triglyceride, Borago Officinalis Seed Oil, Punica Granatum Pericarp Extract, Cota Tinctoria Flower\/ Leaf\/Stem Extract, Helichrysum Italicum Extract, Linum Usitatissimum (Linseed) Seed Extract, Verbascum Densiflorum Flower\/Stem Extract, Isoamyl Laurate, Decyl Glucoside, Glyceryl Oleate, Propanediol, Glycerin, Guar Hydroxypropyltrimonium Chloride, Lactic Acid, Tocopheryl Acetate, Sodium PCA, Dicaprylyl Ether, Benzoic Acid, Lecithin, 1,2-Hexanediol, Citric Acid, Sorbic Acid, Phenoxyethanol, Phenethyl Alcohol, Dehydroacetic Acid, Parfum (Fragrance), Benzyl Alcohol, Hydroxycitronellal, Benzyl Benzoate<\/div>\n<\/div>\n<div class=\"tab js-tab\">\n<h3 class=\"tab-title pdp-tabs_title js-tab-mobile-title\"><span>Livraison et stock<\/span><\/h3>\n<div class=\"tab-description pdp-tabs_description js-tab-description\">\n<div class=\"pdp-delivery_info\">\n<div class=\"content-asset\"><a class=\"pdp-delivery_link\" href=\"\/livraison-delais\/\">Livraison et d\u00e9lais<\/a><a class=\"pdp-delivery_link\" href=\"\/retours-remboursements\/\">Retours et remboursements<\/a><\/div>\n<\/div>\n<\/div>\n<\/div>\n<div class=\"tab js-tab\">\n<h3 class=\"tab-title pdp-tabs_title js-tab-mobile-title\"><span>Pr\u00e9cautions d&#8217;emploi<\/span><\/h3>\n<div class=\"tab-description pdp-tabs_description js-tab-description\">\u00c9viter le contact avec les yeux. En cas d\u2019effet ind\u00e9sirable, arr\u00eatez d\u2019utiliser le produit. Informez votre m\u00e9decin si votre \u00e9tat persiste. En cas de contact avec les yeux ou d\u2019effet ind\u00e9sirable, rincer \u00e0 l\u2019eau froide. Tenir hors de port\u00e9e des enfants.<\/div>\n<\/div>\n<\/div>\n<\/div>\n<\/div>\n","protected":false},"excerpt":{"rendered":"<p>Points cl\u00e9s Id\u00e9al pour toutes les couleurs de cheveux L&rsquo;huile de bourrache aide \u00e0 adoucir&hellip;<\/p>\n","protected":false},"featured_media":35951,"comment_status":"open","ping_status":"closed","template":"","meta":[],"pwb-brand":[660],"product_cat":[343],"product_tag":[317,226,373],"class_list":{"0":"post-35926","1":"product","2":"type-product","3":"status-publish","4":"has-post-thumbnail","6":"pwb-brand-paul-mitchell","7":"product_cat-coloration-temporaire-coloration-9","8":"product_tag-coloration","9":"product_tag-coloration-temporaire","10":"product_tag-paul-mitchell","12":"first","13":"instock","14":"taxable","15":"shipping-taxable","16":"purchasable","17":"product-type-variable","18":"layout-style-3","19":"col-md-4 col-sm-4 col-xs-6","20":"col-lg-3","21":"product-has-gallery","22":"product-style-default"},"aioseo_notices":[],"brands":[{"id":660,"name":"Paul Mitchell","slug":"paul-mitchell"}],"_links":{"self":[{"href":"https:\/\/cheveuxluxe.com\/index.php\/wp-json\/wp\/v2\/product\/35926","targetHints":{"allow":["GET"]}}],"collection":[{"href":"https:\/\/cheveuxluxe.com\/index.php\/wp-json\/wp\/v2\/product"}],"about":[{"href":"https:\/\/cheveuxluxe.com\/index.php\/wp-json\/wp\/v2\/types\/product"}],"replies":[{"embeddable":true,"href":"https:\/\/cheveuxluxe.com\/index.php\/wp-json\/wp\/v2\/comments?post=35926"}],"version-history":[{"count":0,"href":"https:\/\/cheveuxluxe.com\/index.php\/wp-json\/wp\/v2\/product\/35926\/revisions"}],"wp:featuredmedia":[{"embeddable":true,"href":"https:\/\/cheveuxluxe.com\/index.php\/wp-json\/wp\/v2\/media\/35951"}],"wp:attachment":[{"href":"https:\/\/cheveuxluxe.com\/index.php\/wp-json\/wp\/v2\/media?parent=35926"}],"wp:term":[{"taxonomy":"pwb-brand","embeddable":true,"href":"https:\/\/cheveuxluxe.com\/index.php\/wp-json\/wp\/v2\/pwb-brand?post=35926"},{"taxonomy":"product_cat","embeddable":true,"href":"https:\/\/cheveuxluxe.com\/index.php\/wp-json\/wp\/v2\/product_cat?post=35926"},{"taxonomy":"product_tag","embeddable":true,"href":"https:\/\/cheveuxluxe.com\/index.php\/wp-json\/wp\/v2\/product_tag?post=35926"}],"curies":[{"name":"wp","href":"https:\/\/api.w.org\/{rel}","templated":true}]}}