{"id":35946,"date":"2024-04-14T14:18:07","date_gmt":"2024-04-14T14:18:07","guid":{"rendered":"https:\/\/cheveuxluxe.com\/?post_type=product&#038;p=35946"},"modified":"2024-04-14T14:20:05","modified_gmt":"2024-04-14T14:20:05","slug":"paul-mitchell-clean-beauty-color-depositing-treatment-150ml-2","status":"publish","type":"product","link":"https:\/\/cheveuxluxe.com\/index.php\/product\/paul-mitchell-clean-beauty-color-depositing-treatment-150ml-2\/","title":{"rendered":"Paul Mitchell Clean Beauty Color Depositing Treatment 150ml"},"content":{"rendered":"<div class=\"product-content_bottom\">\n<div class=\"pdp-info\">\n<div class=\"pdp-tabs tab-container\">\n<div class=\"tab js-tab\">\n<h3 class=\"tab-title pdp-tabs_title js-tab-mobile-title open\"><span>Points cl\u00e9s<\/span><\/h3>\n<div class=\"tab-description pdp-tabs_description js-tab-description open\" itemprop=\"description\">\n<ul>\n<li>Ajoutez du pourpre \u00e0 votre look.<\/li>\n<li>Infus\u00e9 d\u2019extrait de grenade riche en antioxydants, connu pour aider \u00e0 pr\u00e9venir la d\u00e9coloration due \u00e0 l\u2019exposition environnementale et aux dommages caus\u00e9s par les radicaux libres.<\/li>\n<li>L\u2019huile de bourrache aide \u00e0 adoucir et \u00e0 nourrir chaque m\u00e8che.<\/li>\n<\/ul>\n<\/div>\n<\/div>\n<div class=\"tab js-tab\">\n<h3 class=\"tab-title pdp-tabs_title js-tab-mobile-title\"><span>Mode d&#8217;emploi<\/span><\/h3>\n<div class=\"tab-description pdp-tabs_description js-tab-description\">Appliquer sur cheveux propres et humides. Laisser agir 4 \u00e0 10 minutes, selon les r\u00e9sultats souhait\u00e9s. Rincez abondamment \u00e0 l\u2019eau ti\u00e8de.<\/div>\n<\/div>\n<div class=\"tab js-tab\">\n<h3 class=\"tab-title pdp-tabs_title js-tab-mobile-title\"><span>Ingr\u00e9dients<\/span><\/h3>\n<div class=\"tab-description pdp-tabs_description js-tab-description\">Aqua (Water, Eau), Cetearyl Alcohol, Behenamidropropyl Dimethylamine, Cetyl Alcohol, Hydroxypropyl Starch Phosphate, Distearoylethyl Hydroxyethylmonium Methosulfate, Betaine, Caprylic\/Capric Triglyceride, Borago Officinalis Seed Oil, Punica Granatum Pericarp Extract, Cota Tinctoria Flower\/ Leaf\/Stem Extract, Helichrysum Italicum Extract, Linum Usitatissimum (Linseed) Seed Extract, Verbascum Densiflorum Flower\/Stem Extract, Isoamyl Laurate, Decyl Glucoside, Glyceryl Oleate, Propanediol, Glycerin, Guar Hydroxypropyltrimonium Chloride, Lactic Acid, Tocopheryl Acetate, Sodium PCA, Dicaprylyl Ether, Benzoic Acid, Lecithin, 1,2-Hexanediol, Citric Acid, Sorbic Acid, Phenoxyethanol, Phenethyl Alcohol, Dehydroacetic Acid, Basic Violet 2, Basic Blue 99, HC Blue No. 15, Parfum (Fragrance), Benzyl Alcohol, Hydroxycitronellal, Benzyl Benzoate<\/div>\n<\/div>\n<div class=\"tab js-tab\">\n<h3 class=\"tab-title pdp-tabs_title js-tab-mobile-title\"><span>Livraison et stock<\/span><\/h3>\n<div class=\"tab-description pdp-tabs_description js-tab-description\">\n<div class=\"pdp-delivery_info\">\n<div class=\"content-asset\"><a class=\"pdp-delivery_link\" href=\"\/livraison-delais\/\">Livraison et d\u00e9lais<\/a><a class=\"pdp-delivery_link\" href=\"\/retours-remboursements\/\">Retours et remboursements<\/a><\/div>\n<\/div>\n<\/div>\n<\/div>\n<div class=\"tab js-tab\">\n<h3 class=\"tab-title pdp-tabs_title js-tab-mobile-title\"><span>Pr\u00e9cautions d&#8217;emploi<\/span><\/h3>\n<div class=\"tab-description pdp-tabs_description js-tab-description\">Le produit peut provoquer des taches sur les mains, veuillez utiliser des gants.<\/div>\n<\/div>\n<\/div>\n<\/div>\n<\/div>\n","protected":false},"excerpt":{"rendered":"<p>Points cl\u00e9s Ajoutez du pourpre \u00e0 votre look. Infus\u00e9 d\u2019extrait de grenade riche en antioxydants,&hellip;<\/p>\n","protected":false},"featured_media":35980,"comment_status":"open","ping_status":"closed","template":"","meta":[],"pwb-brand":[660],"product_cat":[343],"product_tag":[317,226,373],"class_list":{"0":"post-35946","1":"product","2":"type-product","3":"status-publish","4":"has-post-thumbnail","6":"pwb-brand-paul-mitchell","7":"product_cat-coloration-temporaire-coloration-9","8":"product_tag-coloration","9":"product_tag-coloration-temporaire","10":"product_tag-paul-mitchell","12":"first","13":"instock","14":"taxable","15":"shipping-taxable","16":"purchasable","17":"product-type-variable","18":"layout-style-3","19":"col-md-4 col-sm-4 col-xs-6","20":"col-lg-3","21":"product-has-gallery","22":"product-style-default"},"aioseo_notices":[],"brands":[{"id":660,"name":"Paul Mitchell","slug":"paul-mitchell"}],"_links":{"self":[{"href":"https:\/\/cheveuxluxe.com\/index.php\/wp-json\/wp\/v2\/product\/35946","targetHints":{"allow":["GET"]}}],"collection":[{"href":"https:\/\/cheveuxluxe.com\/index.php\/wp-json\/wp\/v2\/product"}],"about":[{"href":"https:\/\/cheveuxluxe.com\/index.php\/wp-json\/wp\/v2\/types\/product"}],"replies":[{"embeddable":true,"href":"https:\/\/cheveuxluxe.com\/index.php\/wp-json\/wp\/v2\/comments?post=35946"}],"version-history":[{"count":0,"href":"https:\/\/cheveuxluxe.com\/index.php\/wp-json\/wp\/v2\/product\/35946\/revisions"}],"wp:featuredmedia":[{"embeddable":true,"href":"https:\/\/cheveuxluxe.com\/index.php\/wp-json\/wp\/v2\/media\/35980"}],"wp:attachment":[{"href":"https:\/\/cheveuxluxe.com\/index.php\/wp-json\/wp\/v2\/media?parent=35946"}],"wp:term":[{"taxonomy":"pwb-brand","embeddable":true,"href":"https:\/\/cheveuxluxe.com\/index.php\/wp-json\/wp\/v2\/pwb-brand?post=35946"},{"taxonomy":"product_cat","embeddable":true,"href":"https:\/\/cheveuxluxe.com\/index.php\/wp-json\/wp\/v2\/product_cat?post=35946"},{"taxonomy":"product_tag","embeddable":true,"href":"https:\/\/cheveuxluxe.com\/index.php\/wp-json\/wp\/v2\/product_tag?post=35946"}],"curies":[{"name":"wp","href":"https:\/\/api.w.org\/{rel}","templated":true}]}}