{"id":35954,"date":"2024-04-14T14:18:32","date_gmt":"2024-04-14T14:18:32","guid":{"rendered":"https:\/\/cheveuxluxe.com\/?post_type=product&#038;p=35954"},"modified":"2024-04-14T14:20:52","modified_gmt":"2024-04-14T14:20:52","slug":"indola-professional-color-style-mousse-200ml","status":"publish","type":"product","link":"https:\/\/cheveuxluxe.com\/index.php\/product\/indola-professional-color-style-mousse-200ml\/","title":{"rendered":"Indola Professional Color Style Mousse 200ml"},"content":{"rendered":"<div class=\"product-content_bottom\">\n<div class=\"pdp-info\">\n<div class=\"pdp-tabs tab-container\">\n<div class=\"tab js-tab\">\n<h3 class=\"tab-title pdp-tabs_title js-tab-mobile-title open\"><span>Points cl\u00e9s<\/span><\/h3>\n<div class=\"tab-description pdp-tabs_description js-tab-description open\" itemprop=\"description\">\n<ul>\n<li>Transformez vos cheveux instantanement et facilement, le tout sans engagement. <\/li>\n<li>La formule non collante procure un effet volume \u00e0 la tenue douce et naturelle.<\/li>\n<li>Prot\u00e8ge les cheveux contre les dommages caus\u00e9s par la chaleur du s\u00e8che-cheveux et les laisse nourris.<\/li>\n<li>Peut \u00eatre utilis\u00e9 comme teinture instantan\u00e9e sans rin\u00e7age pour des r\u00e9sultats de coloration pastel ou audacieux<\/li>\n<li> Ouvre des opportunit\u00e9s de services polyvalents en salon, du rafra\u00eechissement des couleurs \u00e0 la neutralisation<\/li>\n<\/ul>\n<\/div>\n<\/div>\n<div class=\"tab js-tab\">\n<h3 class=\"tab-title pdp-tabs_title js-tab-mobile-title\"><span>Description<\/span><\/h3>\n<div class=\"tab-description pdp-tabs_description js-tab-description\" itemprop=\"description\">Osez colorer et coiffer en une seule \u00e9tape avec Indola Color Style Mousse &#8211; une mousse coiffante v\u00e9gane* avec ou sans rin\u00e7age unique, qui associe une tenue douce et naturelle \u00e0 une coloration temporaire, vous permettant d&rsquo;obtenir des services de coloration polyvalents avec un fini brillant et volumineux. Les cheveux sont prot\u00e9g\u00e9s des dommages caus\u00e9s par le s\u00e8che-cheveux et sont plus nourris et revitalis\u00e9s.<\/div>\n<\/div>\n<div class=\"tab js-tab\">\n<h3 class=\"tab-title pdp-tabs_title js-tab-mobile-title\"><span>Mode d&#8217;emploi<\/span><\/h3>\n<div class=\"tab-description pdp-tabs_description js-tab-description\">Pr\u00e9paration: Appliquer le shampooing et s\u00e9cher les cheveux avec une serviette. Porter des gants appropri\u00e9s. Bien agiter COLOR STYLE MOUSSE et le tenir \u00e0 l&rsquo;envers pendant la distribution.<br \/>Sans rin\u00e7age : Utiliser comme produit sans rin\u00e7age pour des cheveux volumineux avec une tenue l\u00e9g\u00e8re. Appliquer sur les cheveux et r\u00e9partir uniform\u00e9ment. S\u00e9cher au s\u00e8che-cheveux pour obtenir la coiffure souhait\u00e9e.<br \/>Avec rin\u00e7age : Utiliser comme produit avec rin\u00e7age pour \u00e9liminer tout effet de tenue. Appliquer une quantit\u00e9 suffisante de produit en fonction de la longueur et de la densit\u00e9 des cheveux. R\u00e9partir uniform\u00e9ment \u00e0 l&rsquo;aide d&rsquo;un peigne. Laisser agir pendant 10 minutes. Rincer \u00e0 l&rsquo;eau ti\u00e8de.<\/div>\n<\/div>\n<div class=\"tab js-tab\">\n<h3 class=\"tab-title pdp-tabs_title js-tab-mobile-title\"><span>Ingr\u00e9dients<\/span><\/h3>\n<div class=\"tab-description pdp-tabs_description js-tab-description\">Aqua (Water, Eau), Butane, Propane, Propylene Glycol, VP\/VA Copolymer, Acid Violet 43, PEG-40 Hydrogenated Castor Oil, Polyquaternium-4, Sodium Benzoate, Basic Brown 17, Polyquaternium-11, Cetrimonium Chloride, Glycerin, Panthenol, Niacinamide, Parfum (Fragrance), N,N&rsquo;-Bis(2-Hydroxyethyl)-2-Nitro-p-Phenylenediamine, Sodium Chloride, Acid Black 1, Sucrose, HC Yellow No. 2, Sodium Sulfate, Polyquaternium-16, Sodium Methyl Sulphate, Linalool, Phenoxyethanol, Citric Acid, Lactic Acid<\/div>\n<\/div>\n<div class=\"tab js-tab\">\n<h3 class=\"tab-title pdp-tabs_title js-tab-mobile-title\"><span>Livraison et stock<\/span><\/h3>\n<div class=\"tab-description pdp-tabs_description js-tab-description\">\n<div class=\"pdp-delivery_info\">\n<div class=\"content-asset\"><a class=\"pdp-delivery_link\" href=\"\/livraison-delais\/\">Livraison et d\u00e9lais<\/a><a class=\"pdp-delivery_link\" href=\"\/retours-remboursements\/\">Retours et remboursements<\/a><\/div>\n<\/div>\n<\/div>\n<\/div>\n<div class=\"tab js-tab\">\n<h3 class=\"tab-title pdp-tabs_title js-tab-mobile-title\"><span>Pr\u00e9cautions d&#8217;emploi<\/span><\/h3>\n<div class=\"tab-description pdp-tabs_description js-tab-description\">Pour un usage professionnel uniquement. Les colorants capillaires peuvent provoquer de graves r\u00e9actions allergiques. Lire et suivre les instructions. Ce produit n&rsquo;est pas destin\u00e9 \u00e0 \u00eatre utilis\u00e9 sur des personnes de moins de 16 ans. Les tatouages temporaires au henn\u00e9 noir peuvent augmenter le risque d&rsquo;allergie. Ne colorez pas vos cheveux si vous avez une \u00e9ruption cutan\u00e9e sur le visage ou un cuir chevelu sensible, irrit\u00e9 et ab\u00eem\u00e9, si vous avez d\u00e9j\u00e0 eu une r\u00e9action apr\u00e8s avoir color\u00e9 vos cheveux ou si vous avez d\u00e9j\u00e0 eu une r\u00e9action \u00e0 un tatouage temporaire au \u00ab\u00a0henn\u00e9 noir\u00a0\u00bb dans le pass\u00e9. Ne pas utiliser pour teindre les cils ou les sourcils. \u00c9viter tout contact avec les yeux. Rincer imm\u00e9diatement si le produit entre en contact avec les yeux. Porter des gants appropri\u00e9s. Tenir hors de port\u00e9e des enfants. A\u00e9rosol extr\u00eamement inflammable. R\u00e9cipient sous pression, peut \u00e9clater s&rsquo;il est chauff\u00e9. Tenir \u00e0 l&rsquo;\u00e9cart de la chaleur, des surfaces chaudes, des \u00e9tincelles, des flammes nues et autres sources d&rsquo;inflammation. Ne pas vaporiser sur une flamme nue ou une autre source d&rsquo;inflammation. Ne pas fumer. Ne pas percer ou br\u00fbler, m\u00eame apr\u00e8s utilisation. Prot\u00e9ger de la lumi\u00e8re du soleil. Ne pas exposer \u00e0 des temp\u00e9ratures sup\u00e9rieures \u00e0 50\u00b0C\/122\u00b0F. Tenir hors de port\u00e9e des enfants. Utiliser dans des endroits bien ventil\u00e9s. Une mauvaise utilisation intentionnelle par concentration et inhalation du contenu peut \u00eatre nocive, voire mortelle. Ne d\u00e9poser dans le syst\u00e8me de recyclage que lorsqu&rsquo;il est enti\u00e8rement vid\u00e9 (collecte de recyclage).<\/div>\n<\/div>\n<\/div>\n<\/div>\n<\/div>\n","protected":false},"excerpt":{"rendered":"<p>Points cl\u00e9s Transformez vos cheveux instantanement et facilement, le tout sans engagement. La formule non&hellip;<\/p>\n","protected":false},"featured_media":35993,"comment_status":"open","ping_status":"closed","template":"","meta":[],"pwb-brand":[2464],"product_cat":[343],"product_tag":[317,226,2450],"class_list":{"0":"post-35954","1":"product","2":"type-product","3":"status-publish","4":"has-post-thumbnail","6":"pwb-brand-indola","7":"product_cat-coloration-temporaire-coloration-9","8":"product_tag-coloration","9":"product_tag-coloration-temporaire","10":"product_tag-indola","12":"first","13":"instock","14":"taxable","15":"shipping-taxable","16":"purchasable","17":"product-type-variable","18":"layout-style-3","19":"col-md-4 col-sm-4 col-xs-6","20":"col-lg-3","21":"product-has-gallery","22":"product-style-default"},"aioseo_notices":[],"brands":[{"id":2464,"name":"Indola","slug":"indola"}],"_links":{"self":[{"href":"https:\/\/cheveuxluxe.com\/index.php\/wp-json\/wp\/v2\/product\/35954","targetHints":{"allow":["GET"]}}],"collection":[{"href":"https:\/\/cheveuxluxe.com\/index.php\/wp-json\/wp\/v2\/product"}],"about":[{"href":"https:\/\/cheveuxluxe.com\/index.php\/wp-json\/wp\/v2\/types\/product"}],"replies":[{"embeddable":true,"href":"https:\/\/cheveuxluxe.com\/index.php\/wp-json\/wp\/v2\/comments?post=35954"}],"version-history":[{"count":0,"href":"https:\/\/cheveuxluxe.com\/index.php\/wp-json\/wp\/v2\/product\/35954\/revisions"}],"wp:featuredmedia":[{"embeddable":true,"href":"https:\/\/cheveuxluxe.com\/index.php\/wp-json\/wp\/v2\/media\/35993"}],"wp:attachment":[{"href":"https:\/\/cheveuxluxe.com\/index.php\/wp-json\/wp\/v2\/media?parent=35954"}],"wp:term":[{"taxonomy":"pwb-brand","embeddable":true,"href":"https:\/\/cheveuxluxe.com\/index.php\/wp-json\/wp\/v2\/pwb-brand?post=35954"},{"taxonomy":"product_cat","embeddable":true,"href":"https:\/\/cheveuxluxe.com\/index.php\/wp-json\/wp\/v2\/product_cat?post=35954"},{"taxonomy":"product_tag","embeddable":true,"href":"https:\/\/cheveuxluxe.com\/index.php\/wp-json\/wp\/v2\/product_tag?post=35954"}],"curies":[{"name":"wp","href":"https:\/\/api.w.org\/{rel}","templated":true}]}}